{"id":13039,"date":"2017-03-15T11:27:23","date_gmt":"2017-03-15T11:27:23","guid":{"rendered":"http:\/\/www.ehu.eus\/HEB\/?page_id=13039"},"modified":"2025-02-17T14:25:54","modified_gmt":"2025-02-17T14:25:54","slug":"publications-2016","status":"publish","type":"page","link":"https:\/\/www.ehu.eus\/HEB\/publications-2016\/","title":{"rendered":"2016"},"content":{"rendered":"<p><\/p>\n<p style=\"text-align: center;\"><strong><a title=\"PUBLICACIONES 2024\" href=\"http:\/\/www.ehu.eus\/HEB\/publications\">2025<\/a>\u00a0 \u00a0 \u00a0\u00a0<a title=\"PUBLICACIONES 2024\" href=\"https:\/\/www.ehu.eus\/HEB\/publications-2024\">2024<\/a> \u00a0 \u00a0 \u00a0\u00a0<a title=\"2023 ARGITALPENAK\" href=\"http:\/\/www.ehu.eus\/HEB\/publications-2023\">2023<\/a>\u00a0 \u00a0 \u00a0 <a title=\"PUBLICATIONS 2022\" href=\"http:\/\/www.ehu.eus\/HEB\/publications\">2022<\/a>\u00a0 \u00a0 \u00a0 \u00a0\u00a0<a title=\"PUBLICATIONS 2021\" href=\"http:\/\/www.ehu.es\/HEB\/publications\/publications-2021\">2021<\/a>\u00a0 \u00a0 \u00a0 \u00a0 <a title=\"PUBLICATIONS 2020\" href=\"http:\/\/www.ehu.eus\/HEB\/publications-2020\/\">2020<\/a>\u00a0\u00a0\u00a0 \u00a0 \u00a0 <a title=\"PUBLICATIONS 2019\" href=\"http:\/\/www.ehu.eus\/HEB\/publications-2019\/\">2019<\/a>\u00a0 \u00a0 \u00a0 \u00a0\u00a0<a title=\"PUBLICATIONS 2018\" href=\"http:\/\/www.ehu.eus\/HEB\/publications-2018\/\">2018<\/a>\u00a0 \u00a0 \u00a0 \u00a0\u00a0<a title=\"PUBLICATIONS 2017\" href=\"http:\/\/www.ehu.es\/HEB\/publications-2017\/\">2017<\/a>\u00a0 \u00a0 \u00a0 \u00a0\u00a0<a title=\"PUBLICATIONS 2015\" href=\"http:\/\/www.ehu.es\/HEB\/publications-2015\/\">2015<\/a> \u00a0\u00a0 \u00a0 \u00a0 <a title=\"PUBLICATIONS 2014\" href=\"http:\/\/www.ehu.eus\/HEB\/publications-2014\/\">2014<\/a>\u00a0 \u00a0 \u00a0 \u00a0\u00a0<a title=\"PUBLICATIONS 2013\" href=\"http:\/\/www.ehu.eus\/HEB\/publications-2013\/\">2013<\/a>\u00a0 \u00a0 \u00a0 \u00a0 <a title=\"PUBLICATIONS 2002-2010\" href=\"http:\/\/www.ehu.es\/HEB\/publications\/publications-2002-2012\">2002-2012<\/a>\u00a0 \u00a0 \u00a0 \u00a0\u00a0<a title=\"CORPORA\" href=\"http:\/\/www.ehu.es\/HEB\/?page_id=1678\">CORPORA<\/a><\/strong><\/p>\n<p>&nbsp;<\/p>\n<p style=\"text-align: justify;\">D\u00edaz, B.; Erdocia, K.; de Menezes, RF.; Mueller, JL.; Sebastian-Galles, N. &amp; Laka, I. (2016). <a href=\"http:\/\/journal.frontiersin.org\/article\/10.3389\/fpsyg.2016.00133\/full\" target=\"_blank\" rel=\"noopener noreferrer\">Electrophysiological correlates of second-language syntactic processes are related to native and second language distance regardless of age of acquisition<\/a>. <i>Front. Psychol.<\/i> <b>7<\/b>:133. doi: 10.3389\/fpsyg.2016.00133<\/p>\n<p style=\"text-align: justify;\">L\u00e1zaro, M., Acha, J., de la Rosa, S., Garc\u00eda, S., &amp; Sainz, J. (2016). <a href=\"http:\/\/link.springer.com\/article\/10.1007\/s11145-016-9668-2\" target=\"_blank\" rel=\"noopener noreferrer\">Exploring the derivative suffix frequency effect in Spanish speaking children.<\/a> <em>Reading and Writing<\/em>. DOI: 10.1007\/s11145-016-9668-2, pp. 1-23.<\/p>\n<p style=\"text-align: justify;\">L\u00e1zaro, M., Acha, J., Illera, V., &amp; Sainz, J. (2016). Written type and token frequency measures of fifty Spanish derivational morphemes.\u00a0<em>Spanish Journal of Psychology<\/em>, 19, E75.<\/p>\n<p style=\"text-align: justify;\">Zawiszewski, A., Santesteban, M. and Laka, I. (2016) <a href=\"http:\/\/www.ehu.eus\/HEB\/wp-content\/uploads\/2012\/05\/2015_Zawiszewski_Santesteban_Laka_Phi_uncorrected_proof.pdf\" target=\"_blank\" rel=\"noopener noreferrer\">Phi-features reloaded: An ERP study on person and number agreement processing.<\/a><em> Applied Psycholinguistics<\/em>, <em>37(3),<\/em> pp. 601-626. DOI: <a href=\"http:\/\/journals.cambridge.org\/action\/displayAbstract?fromPage=online&amp;aid=9699757&amp;fileId=S014271641500017X\" target=\"_blank\" rel=\"noopener noreferrer\">10.1017\/S014271641500017<\/a><\/p>\n<p style=\"text-align: justify;\">Egusquiza, N.; Navarrete, E.; Zawiszewski, A.<b> <\/b>(2016).<b> <\/b><a href=\"http:\/\/www.ehu.eus\/HEB\/wp-content\/uploads\/2012\/05\/2014_JPsychRes_ENZ.pdf\" target=\"_blank\" rel=\"noopener noreferrer\">Antecedent frequency effects on anaphoric pronoun resolution: Evidence from Spanish.<\/a> <em>Journal of Psycholinguistic Research, <\/em>45, <span class=\"ArticleCitation_Pages\">pp. 71-84<\/span><em>.<\/em> doi: 10.1007\/s10936-014-9325-3.<\/p>\n<table border=\"0\" width=\"672\" cellspacing=\"0\" cellpadding=\"0\">\n<tbody>\n<tr>\n<td valign=\"top\" width=\"26\"><a href=\"http:\/\/www.ehu.eus\/HEB\/wp-content\/uploads\/2012\/05\/lfab_13_hb.png\"><img loading=\"lazy\" decoding=\"async\" class=\"alignnone size-medium wp-image-12640\" src=\"http:\/\/www.ehu.eus\/HEB\/wp-content\/uploads\/2012\/05\/lfab_13_hb-225x300.png\" alt=\"lfab_13_hb\" width=\"225\" height=\"300\" \/><\/a><\/td>\n<td valign=\"top\" width=\"810\">Fern\u00e1ndez, B. &amp; Ortiz de Urbina, J. (Eds.)(2016) <a href=\"https:\/\/benjamins.com\/#catalog\/books\/lfab.13\/main\" target=\"_blank\" rel=\"noopener noreferrer\"><em>Microparameters in the Grammar of Basque.<\/em><\/a> John Benjamins. ISBN: <span class=\"bkisbn\"> 9789027208309<\/span>. Pages: 288.<\/td>\n<\/tr>\n<\/tbody>\n<\/table>\n<table border=\"0\" width=\"672\" cellspacing=\"0\" cellpadding=\"0\">\n<tbody>\n<tr>\n<td valign=\"top\" width=\"26\"><img loading=\"lazy\" decoding=\"async\" class=\"alignnone size-medium\" src=\"http:\/\/www.ehu.eus\/HEB\/wp-content\/uploads\/2012\/05\/COVER-FINAL_1024x1024.jpg\" width=\"600\" height=\"960\" \/><\/td>\n<td valign=\"top\" width=\"810\">Salaburu, P. (2016) <em><a href=\"http:\/\/basquebooks.myshopify.com\/collections\/frontpage\/products\/writing-word-the-unique-case-of-the-standardization-of-basque\" target=\"_blank\" rel=\"noopener noreferrer\">Writing Words: The Unique Case of the Standardization of Basque<\/a><\/em>. The Center for Basque Studies, University of Reno, Nevada. ISBN: 978-1877802362. Pages: 146.<\/td>\n<\/tr>\n<\/tbody>\n<\/table>\n<table border=\"0\" width=\"672\" cellspacing=\"0\" cellpadding=\"0\">\n<tbody>\n<tr>\n<td valign=\"top\" width=\"26\"><img loading=\"lazy\" decoding=\"async\" class=\"alignnone size-medium\" src=\"http:\/\/www.ehu.eus\/HEB\/wp-content\/uploads\/2012\/05\/azala.jpg\" width=\"1890\" height=\"2480\" \/><\/td>\n<td valign=\"top\" width=\"810\">Fern\u00e1ndez, B. (2016) <a href=\"http:\/\/www.ehu.eus\/HEB\/wp-content\/uploads\/2012\/05\/Basc-per-a-catalanoparlants-coberta1.pdf\" target=\"_blank\" rel=\"noopener noreferrer\"><em>Basc per a catalanoparlants (O de com dues lleng\u00fces tan diferents s\u2019assemblen tant) [tradu\u00eft i adaptat al catal\u00e0 per Anna Pineda]<\/em>.<\/a> Argentona (Barcelona): Voliana Edicions. ISBN: 978-84-944848-7-2. <i>(Reviewed in\u00a0<\/i><em><a href=\"http:\/\/www.ehu.eus\/HEB\/wp-content\/uploads\/2018\/Luj%c3%a1n%20Cazalilla%20Daniel%202018%20Basc%20per.pdf\" target=\"_blank\" rel=\"noopener noreferrer\">Estudis Rom\u00e0nics [Institut d\u2019Estudis Catalans], Vol. 40 (2018), p. 440-445,<\/a>\u00a0by Daniel Luj\u00e1n) (Reviewed\u00a0<span lang=\"EN-US\">in\u00a0<\/span><a href=\"http:\/\/www.ehu.eus\/HEB\/wp-content\/uploads\/2018\/04\/Galarraga.pdf\" target=\"_blank\" rel=\"noopener noreferrer\"><span lang=\"EN-US\">Caplletra\u00a0<\/span><span lang=\"EN-US\">63, Tardor 2017, p. 279-284,<\/span><\/a><span lang=\"EN-US\">\u00a0<\/span>by Aritz Galarraga Lopetegi)<br \/>\n<\/em><\/td>\n<\/tr>\n<\/tbody>\n<\/table>\n<table border=\"0\" width=\"672\" cellspacing=\"0\" cellpadding=\"0\">\n<tbody>\n<tr>\n<td valign=\"top\" width=\"26\"><a href=\"http:\/\/www.ehu.eus\/HEB\/wp-content\/uploads\/2017\/03\/portada1197.jpg\"><img loading=\"lazy\" decoding=\"async\" class=\"alignnone wp-image-13126 size-full\" src=\"http:\/\/www.ehu.eus\/HEB\/wp-content\/uploads\/2017\/03\/portada1197.jpg\" width=\"249\" height=\"400\" srcset=\"https:\/\/www.ehu.eus\/HEB\/wp-content\/uploads\/2017\/03\/portada1197.jpg 249w, https:\/\/www.ehu.eus\/HEB\/wp-content\/uploads\/2017\/03\/portada1197-187x300.jpg 187w\" sizes=\"(max-width: 249px) 100vw, 249px\" \/><\/a><\/td>\n<td valign=\"top\" width=\"810\">Fern\u00e1ndez, B. (2016)\u00a0<a href=\"http:\/\/www.erein.eus\/liburua\/euskera-para-castellanohablantes\/es\" target=\"_blank\" rel=\"noopener noreferrer\"><em>Euskera para castellanohablantes (O de c\u00f3mo dos lenguas tan distintas se parecen tanto)<\/em><\/a>. Donostia: Erein. ISBN: 978-84-9109-149-3. <em>(Reviewed by <a href=\"https:\/\/www.ehu.eus\/HEB\/wp-content\/uploads\/2021\/10\/RESE%c3%91AEUSKERAPARA.pdf\" target=\"_blank\" rel=\"noopener noreferrer\">Juan Carlos Moreno Cabrera<\/a>)<\/em><\/td>\n<\/tr>\n<\/tbody>\n<\/table>\n<table border=\"0\" width=\"672\" cellspacing=\"0\" cellpadding=\"0\">\n<tbody>\n<tr>\n<td valign=\"top\" width=\"26\"><a href=\"http:\/\/www.ehu.eus\/HEB\/wp-content\/uploads\/2016\/03\/azalak.cfm_.jpg\" rel=\"attachment wp-att-12400\"><img loading=\"lazy\" decoding=\"async\" class=\"alignnone size-full wp-image-12400\" src=\"http:\/\/www.ehu.eus\/HEB\/wp-content\/uploads\/2016\/03\/azalak.cfm_.jpg\" alt=\"azalak.cfm\" width=\"200\" height=\"281\" \/><\/a><\/td>\n<td valign=\"top\" width=\"810\">Errea J., Salaburu, P. (Eds.) (2016) <i><a href=\"http:\/\/www.elkar.eus\/es\/liburu_fitxa\/aita-deitzen-zen-gizona-a-man-called-aita\/errea-paris-joan-\/-salaburu-pello-ed.\/9788476819333\" target=\"_blank\" rel=\"noopener noreferrer\">Aita deitzen zen gizona (A man called Aita)<\/a> <\/i>. Iru\u00f1ea: Pamiela. ISBN: 978-84-7681-933-3, 126 or.<\/td>\n<\/tr>\n<\/tbody>\n<\/table>\n<p style=\"text-align: justify;\">Berro, A. (2016) <a href=\"https:\/\/benjamins.com\/#catalog\/books\/lfab.13\/main\" target=\"_blank\" rel=\"noopener noreferrer\">On the relation between ergativity, stativity and the verbal configuration of Basque.<\/a> In Beatriz Fern\u00e1ndez &amp; Jon Ortiz de Urbina (ed.) <em>Microparameters in the grammar of Basque<\/em>. Amsterdam\/Philadelphia: John Benjamins, pp. 37-66.<\/p>\n<p style=\"text-align: justify;\">Fern\u00e1ndez, B. &amp; Ortiz de Urbina, J. (2016) <a href=\"https:\/\/benjamins.com\/#catalog\/books\/lfab.13\/main\" target=\"_blank\" rel=\"noopener noreferrer\">Microparameters in the grammar of Basque: looking back and moving forward<\/a>. In Beatriz Fern\u00e1ndez &amp; Jon Ortiz de Urbina (ed.) <em>Microparameters in the grammar of Basque<\/em>. Amsterdam\/Philadelphia, pp. 1-14.<\/p>\n<p style=\"text-align: justify;\">Fern\u00e1ndez, B. &amp; Rezac, M. (2016) <a href=\"https:\/\/benjamins.com\/#catalog\/books\/lfab.13\/main\" target=\"_blank\" rel=\"noopener noreferrer\">Differential Object Marking in Basque varieties<\/a>. In Beatriz Fern\u00e1ndez &amp; Jon Ortiz de Urbina (ed.) <em>Microparameters in the Grammar of Basque<\/em>. Amsterdam\/Philadelphia: John Benjamins, pp. 93-138.<\/p>\n<p style=\"text-align: justify;\">Ortiz de Urbina, J. &amp; Fern\u00e1ndez, B. (2016) <a href=\"https:\/\/benjamins.com\/#catalog\/books\/lfab.13\/main\" target=\"_blank\" rel=\"noopener noreferrer\">Datives in Basque bivalent unergatives.<\/a> In Beatriz Fern\u00e1ndez &amp; Jon Ortiz de Urbina (ed.) <em>Microparameters in the Grammar of Basque.<\/em> Amsterdam: John Benjamins, pp.67-92.<\/p>\n<p style=\"text-align: justify;\">Santesteban, M., &amp; Costa, A. (2016). Are cognate words \u201cspecial\u201d? On the role of cognate words in language switching performance. In J. W. Schwieter (Ed.) <a href=\"https:\/\/benjamins.com\/#catalog\/books\/bpa.2\/main\" target=\"_blank\" rel=\"noopener noreferrer\" data-saferedirecturl=\"https:\/\/www.google.com\/url?hl=es&amp;q=https:\/\/benjamins.com\/%23catalog\/books\/bpa.2\/main&amp;source=gmail&amp;ust=1465641788223000&amp;usg=AFQjCNEdILybDPrmEj2gabSwqSsYUqodsw\"><i>Cognitive control and consequences of multilingualism<\/i><\/a>. Ontario, Canada: John Benjamins. ISBN: 9789027243720, pp. 99-128.<\/p>\n<p style=\"text-align: justify;\">Lindemann, D. (2016) <a href=\"https:\/\/www.degruyter.com\/view\/books\/9783110420784\/9783110420784-006\/9783110420784-006.xml\">Lexicograf\u00eda computacional para una combinaci\u00f3n de reducidos recursos existentes: El caso de euskera-alem\u00e1n<\/a>.<i> <\/i>In M. J. Dom\u00ednguez &amp; S. Kutscher (eds.): <i>Interacci\u00f3n entre gram\u00e1tica, did\u00e1ctica y lexicograf\u00eda. Estudios contrastivos y multicontrastivos<\/i>, de Gruyter, 71-84<\/p>\n<p style=\"text-align: justify;\">Acha, J. (2016). Hacia un modelo multidimensional del trastorno espec\u00edfico del lenguaje y la dislexia: D\u00e9ficits compartidos y espec\u00edficos.\u00a0<em>Revista de Investigaci\u00f3n en Logopedia,2, 107-141.<\/em><\/p>\n<p style=\"text-align: justify;\">Azkoaga, J.; Erdozia, K. (2016) <a href=\"http:\/\/www.ehu.eus\/HEB\/wp-content\/uploads\/2012\/05\/Azkoaga-Erdozia2016.pdf\" target=\"_blank\" rel=\"noopener noreferrer\">Euskal perpausen hurrenkeren prozesamendua kasusistemaren argitan.<\/a> <em>Uztaro<\/em> 7, pp. 23-47.<\/p>\n<p align=\"justify\">Etxebarria, M. (2016) Biling\u00fcismo y din\u00e1mica de las lenguas en contacto. In Mar\u00eda Trillos &amp; Yamileth Mar\u00eda Betancour (ed.)\u00a0<em>Contacto de lenguas en contextos multiculturales<\/em>. Barranquilla (Colombia): Universidad del Atl\u00e1ntico\/CELIKUD\/ Ministerio de Educaci\u00f3n de Colombia, pp.125-138.<\/p>\n<p align=\"justify\">Lindemann, D., &amp; San Vicente, I. (2016) <a href=\"http:\/\/euralex2016.tsu.ge\/publication2016.pdf\">Bilingual Dictionary Drafting: Connecting Basque Word Senses to Multilingual Equivalents<\/a>. In <i>Proceedings of EURALEX 2016<\/i>. Tbilisi: Tbilisi State University, 898-905<\/p>\n<p>&nbsp;<\/p>","protected":false},"excerpt":{"rendered":"<p>2025\u00a0 \u00a0 \u00a0\u00a02024 \u00a0 \u00a0 \u00a0\u00a02023\u00a0 \u00a0 \u00a0 2022\u00a0 \u00a0 \u00a0 \u00a0\u00a02021\u00a0 \u00a0 \u00a0 \u00a0 2020\u00a0\u00a0\u00a0 \u00a0 \u00a0 2019\u00a0 \u00a0 \u00a0 \u00a0\u00a02018\u00a0 \u00a0 \u00a0 \u00a0\u00a02017\u00a0 \u00a0 \u00a0 \u00a0\u00a02015 \u00a0\u00a0 \u00a0 \u00a0 2014\u00a0 \u00a0 \u00a0 \u00a0\u00a02013\u00a0 \u00a0 \u00a0 \u00a0 2002-2012\u00a0 \u00a0 &hellip; <a href=\"https:\/\/www.ehu.eus\/HEB\/publications-2016\/\">Continue reading <span class=\"meta-nav\">&rarr;<\/span><\/a><\/p>\n","protected":false},"author":2,"featured_media":0,"parent":0,"menu_order":0,"comment_status":"closed","ping_status":"closed","template":"","meta":{"footnotes":""},"_links":{"self":[{"href":"https:\/\/www.ehu.eus\/HEB\/wp-json\/wp\/v2\/pages\/13039"}],"collection":[{"href":"https:\/\/www.ehu.eus\/HEB\/wp-json\/wp\/v2\/pages"}],"about":[{"href":"https:\/\/www.ehu.eus\/HEB\/wp-json\/wp\/v2\/types\/page"}],"author":[{"embeddable":true,"href":"https:\/\/www.ehu.eus\/HEB\/wp-json\/wp\/v2\/users\/2"}],"replies":[{"embeddable":true,"href":"https:\/\/www.ehu.eus\/HEB\/wp-json\/wp\/v2\/comments?post=13039"}],"version-history":[{"count":39,"href":"https:\/\/www.ehu.eus\/HEB\/wp-json\/wp\/v2\/pages\/13039\/revisions"}],"predecessor-version":[{"id":17322,"href":"https:\/\/www.ehu.eus\/HEB\/wp-json\/wp\/v2\/pages\/13039\/revisions\/17322"}],"wp:attachment":[{"href":"https:\/\/www.ehu.eus\/HEB\/wp-json\/wp\/v2\/media?parent=13039"}],"curies":[{"name":"wp","href":"https:\/\/api.w.org\/{rel}","templated":true}]}}