{"id":16613,"date":"2024-03-26T14:08:37","date_gmt":"2024-03-26T14:08:37","guid":{"rendered":"https:\/\/www.ehu.eus\/HEB\/?page_id=16613"},"modified":"2024-03-26T14:08:37","modified_gmt":"2024-03-26T14:08:37","slug":"conferences-2022","status":"publish","type":"page","link":"https:\/\/www.ehu.eus\/HEB\/conferences-2022\/","title":{"rendered":"CONFERENCES 2022"},"content":{"rendered":"<p><\/p>\n<p style=\"text-align: justify;\">Arantzeta, M. (2022). Single-language anomia treatment in bilingual speakers with aphasia: A systematic review and a meta-analysis.\u00a0Poster presented at:\u00a060<sup>th<\/sup>\u00a0Annual Meeting of the Academy of Aphasia, Philadelphia, USA. October 23-25, 2022.<\/p>\n<p style=\"text-align: justify;\">Arantzeta, M. (2022). Tratamiento de la anomia en pacientes biling\u00fces con afasia: \u00bfQu\u00e9 lengua mejora m\u00e1s? Revisi\u00f3n sistem\u00e1tica y meta-an\u00e1lisis de la eficacia del tratamiento. Oral communication presented at:\u00a0\u00a0LXXIV Reuni\u00f3n Anual de la Sociedad Espa\u00f1ola de Neurolog\u00eda, Sevilla. November 15-19, 2022.<\/p>\n<p style=\"text-align: justify;\">G\u00f3mez-Vidal, B., Arantzeta, M., &amp; Laka, I. (2022). Fixations reveal preference: A VWP study of thematic role processing in Spanish. Comunicaci\u00f3n oral en The <em>Attentive Listener in the Visual World 2022 (AttLis 2022)<\/em>, Storrs, CT, Estados Unidos. October, 27\u201328, 2022.<\/p>\n<p style=\"text-align: justify;\">Lorenzoni A., Santesteban M., Peressotti F., Baus C., &amp; Navarrete E. (2022). The power of language as a social cue. <em>XXX Congresso Associazione Italiana di Psicologia<\/em>, Padova, Italia. September, 27-30, 2022.<\/p>\n<p style=\"text-align: justify;\">G\u00f3mez-Vidal, B., Arantzeta, M., &amp; Laka, I. Animate agents resemble inanimate patients: The effect of prototypicality in thematic role processing. Comunicaci\u00f3n oral en\u00a0<em>Crosslinguistic Perspectives on Processing and Learning Workshop 2022 (X-PPL 2022)<\/em>, Z\u00farich, Suiza. September, 12\u201313, 2022.<\/p>\n<p style=\"text-align: justify;\">de la Cruz-Pav\u00eda, I. Origen y evoluci\u00f3n del lenguaje humano: Hip\u00f3tesis y avances. Invited talk given at<em> the Summer Course\u00a0<em>Evoluci\u00f3n: del Homo Sapiens al Homo Avataris<\/em>, organised by the Public University of Navarra UPNA and Jakiunde in <\/em>Uju\u00e9, Spain. July 31, 2022.<\/p>\n<p style=\"text-align: justify;\">Sebastian Sauppe, Arrate Isasi-Isasmendi, Caroline Andrews, \u00c5shild N\u00e6ss, Moritz M. Daum, Monique Flecken, Itziar Laka, Martin Meyer, and Balthasar Bickel. <a href=\"https:\/\/sfb1252.uni-koeln.de\/sites\/sfb_1252\/user_upload\/ICPL3\/Abstracts_ICPL3\/Prominence-Conference-3_Sauppe_et._al..pdf\" target=\"_blank\" rel=\"noopener\">The prominence of agents in event cognition and language processing: Reviewing the cross-linguistic evidence for a malleable preference<\/a>. <a href=\"https:\/\/sfb1252.uni-koeln.de\/icpl-iii-2022\" target=\"_blank\" rel=\"noopener\"><em>3rd International Conference Prominence in Language<\/em><\/a>. Universit\u00e4t zu K\u00f6ln, Germany. June 1-3, 2022.<\/p>\n<p style=\"text-align: justify;\">Sanahuja, N. y Erdozia, K. (2022). <em>The facilitatory role of cognates in second language syntax learning <\/em>[Comunicaci\u00f3n oral]. International APPE-SEPEX Meeting, Universidade do Algarve. May 5 \u2013 7, 2022.<\/p>\n<p style=\"text-align: justify;\">Santesteban, M., Hatzidaki, A., &amp; Navarrete, E. (2022). Se mi parli in italiano, I deactivate my English: Speakers\u2019 linguistic identity affects codeswitching. Comunicaci\u00f3n oral presentada en el <em>Workshop on Language, Culture and Acculturation<\/em>, Madrid, Espa\u00f1a. May 2-3, 2022.<\/p>\n<p style=\"text-align: justify;\">Cano-S\u00e1nchez, V. (2022). El procesamiento del lenguaje en el envejecimiento saludable[conferencia divulgativa]. Aulas de la Experiencia, Universidad del Pa\u00eds Vasco, Gipuzkoa, April 6, 2022.<\/p>\n<p style=\"text-align: justify;\">Azkarate, Miren. <a href=\"https:\/\/eizie.eus\/eu\/jarduerak\/eizie_ikastaroak\/2022\/euskararen-gramatikaren-ezaugarriak-eta-berritasunak-itzultzaileentzako-gako-batzuk-saioa-irunean\" target=\"_blank\" rel=\"noopener\">Euskararen Gramatikaren ezaugarriak eta berritasunak: itzultzaileentzako gako batzuk<\/a>. <em>EIZIEketa Euskaltzaindiak antolatu dute saioa, elkarlanean<\/em>. Iru\u00f1a, Euskaltzaindiaren egoitza. April 7, 2022.<\/p>\n<p style=\"text-align: justify;\">Azkarate, Miren. <a href=\"https:\/\/cmuchaminade.com\/event\/jornadas-republicanas-pluralidad-linguistica\/\" target=\"_blank\" rel=\"noopener\">Coloquio: &#8220;Diversidad y pluralidad ling\u00fc\u00edstica&#8221;<\/a>. XIII <em>Jornadas Republicanas CMU Chaminade<\/em>. Madrid. April 5, 2022.<\/p>\n<p style=\"text-align: justify;\">Azkarate, Miren. <a href=\"https:\/\/eizie.eus\/eu\/jarduerak\/eizie_ikastaroak\/2022\/euskararen-gramatikaren-ezaugarriak-eta-berritasunak-itzultzaileentzako-gako-batzuk-saioa-bilbon\" target=\"_blank\" rel=\"noopener\">Euskararen Gramatikaren ezaugarriak eta berritasunak: itzultzaileentzako gako batzuk.<\/a> <em>EIZIEketa Euskaltzaindiak antolatu dute saioa, elkarlanean<\/em>. Bilbo, Euskaltzaindiaren egoitza. March 29, 2022.<\/p>\n<p style=\"text-align: justify;\">de la Cruz-Pav\u00eda, I. <em><a href=\"https:\/\/www.youtube.com\/watch?v=tFylpxDk9n8\" target=\"_blank\" rel=\"noreferrer noopener\" data-saferedirecturl=\"https:\/\/www.google.com\/url?q=https:\/\/www.youtube.com\/watch?v%3DtFylpxDk9n8&amp;source=gmail&amp;ust=1710925155428000&amp;usg=AOvVaw0swGtr5K4K7rd3NUEKcQpe\">The\u00a0similar\u00a0but\u00a0<wbr \/>different\u00a0paths to acquiring one or more languages<\/a><\/em>. Invited talk given at<em>Bilingualism Series organised by the Instituto Cervantes Manchester-Leeds and the University of Manchester.<\/em>\u00a0UK. March 16, 2022.<\/p>\n<p style=\"text-align: justify;\">Azkarate, Miren. <a href=\"https:\/\/eizie.eus\/eu\/agenda\/euskararen-gramatikaren-ezaugarriak-eta-berritasunak-itzultzaileentzako-gako-batzuk-saioa-donostian\" target=\"_blank\" rel=\"noopener\">Euskararen Gramatikaren ezaugarriak eta berritasunak: itzultzaileentzako gako batzuk<\/a>. <em>EIZIEketa Euskaltzaindiak antolatu dute saioa, elkarlanean<\/em>. Donostia, Euskaltzaindiaren egoitza. March 15, 2022.<\/p>\n<p><\/p>","protected":false},"excerpt":{"rendered":"<p>Arantzeta, M. (2022). Single-language anomia treatment in bilingual speakers with aphasia: A systematic review and a meta-analysis.\u00a0Poster presented at:\u00a060th\u00a0Annual Meeting of the Academy of Aphasia, Philadelphia, USA. October 23-25, 2022. Arantzeta, M. (2022). Tratamiento de la anomia en pacientes biling\u00fces &hellip; <a href=\"https:\/\/www.ehu.eus\/HEB\/conferences-2022\/\">Continue reading <span class=\"meta-nav\">&rarr;<\/span><\/a><\/p>\n","protected":false},"author":2,"featured_media":0,"parent":0,"menu_order":0,"comment_status":"closed","ping_status":"closed","template":"","meta":{"footnotes":""},"_links":{"self":[{"href":"https:\/\/www.ehu.eus\/HEB\/wp-json\/wp\/v2\/pages\/16613"}],"collection":[{"href":"https:\/\/www.ehu.eus\/HEB\/wp-json\/wp\/v2\/pages"}],"about":[{"href":"https:\/\/www.ehu.eus\/HEB\/wp-json\/wp\/v2\/types\/page"}],"author":[{"embeddable":true,"href":"https:\/\/www.ehu.eus\/HEB\/wp-json\/wp\/v2\/users\/2"}],"replies":[{"embeddable":true,"href":"https:\/\/www.ehu.eus\/HEB\/wp-json\/wp\/v2\/comments?post=16613"}],"version-history":[{"count":1,"href":"https:\/\/www.ehu.eus\/HEB\/wp-json\/wp\/v2\/pages\/16613\/revisions"}],"predecessor-version":[{"id":16614,"href":"https:\/\/www.ehu.eus\/HEB\/wp-json\/wp\/v2\/pages\/16613\/revisions\/16614"}],"wp:attachment":[{"href":"https:\/\/www.ehu.eus\/HEB\/wp-json\/wp\/v2\/media?parent=16613"}],"curies":[{"name":"wp","href":"https:\/\/api.w.org\/{rel}","templated":true}]}}

<p></p>
<p style="text-align: justify;">Arantzeta, M. (2022). Single-language anomia treatment in bilingual speakers with aphasia: A systematic review and a meta-analysis. Poster presented at: 60<sup>th</sup> Annual Meeting of the Academy of Aphasia, Philadelphia, USA. October 23-25, 2022.</p>
<p style="text-align: justify;">Arantzeta, M. (2022). Tratamiento de la anomia en pacientes bilingües con afasia: ¿Qué lengua mejora más? Revisión sistemática y meta-análisis de la eficacia del tratamiento. Oral communication presented at:  LXXIV Reunión Anual de la Sociedad Española de Neurología, Sevilla. November 15-19, 2022.</p>
<p style="text-align: justify;">Gómez-Vidal, B., Arantzeta, M., &amp; Laka, I. (2022). Fixations reveal preference: A VWP study of thematic role processing in Spanish. Comunicación oral en The <em>Attentive Listener in the Visual World 2022 (AttLis 2022)</em>, Storrs, CT, Estados Unidos. October, 27–28, 2022.</p>
<p style="text-align: justify;">Lorenzoni A., Santesteban M., Peressotti F., Baus C., &amp; Navarrete E. (2022). The power of language as a social cue. <em>XXX Congresso Associazione Italiana di Psicologia</em>, Padova, Italia. September, 27-30, 2022.</p>
<p style="text-align: justify;">Gómez-Vidal, B., Arantzeta, M., &amp; Laka, I. Animate agents resemble inanimate patients: The effect of prototypicality in thematic role processing. Comunicación oral en <em>Crosslinguistic Perspectives on Processing and Learning Workshop 2022 (X-PPL 2022)</em>, Zúrich, Suiza. September, 12–13, 2022.</p>
<p style="text-align: justify;">de la Cruz-Pavía, I. Origen y evolución del lenguaje humano: Hipótesis y avances. Invited talk given at<em> the Summer Course <em>Evolución: del Homo Sapiens al Homo Avataris</em>, organised by the Public University of Navarra UPNA and Jakiunde in </em>Ujué, Spain. July 31, 2022.</p>
<p style="text-align: justify;">Sebastian Sauppe, Arrate Isasi-Isasmendi, Caroline Andrews, Åshild Næss, Moritz M. Daum, Monique Flecken, Itziar Laka, Martin Meyer, and Balthasar Bickel. <a href="https://sfb1252.uni-koeln.de/sites/sfb_1252/user_upload/ICPL3/Abstracts_ICPL3/Prominence-Conference-3_Sauppe_et._al..pdf" target="_blank" rel="noopener">The prominence of agents in event cognition and language processing: Reviewing the cross-linguistic evidence for a malleable preference</a>. <a href="https://sfb1252.uni-koeln.de/icpl-iii-2022" target="_blank" rel="noopener"><em>3rd International Conference Prominence in Language</em></a>. Universität zu Köln, Germany. June 1-3, 2022.</p>
<p style="text-align: justify;">Sanahuja, N. y Erdozia, K. (2022). <em>The facilitatory role of cognates in second language syntax learning </em>[Comunicación oral]. International APPE-SEPEX Meeting, Universidade do Algarve. May 5 – 7, 2022.</p>
<p style="text-align: justify;">Santesteban, M., Hatzidaki, A., &amp; Navarrete, E. (2022). Se mi parli in italiano, I deactivate my English: Speakers’ linguistic identity affects codeswitching. Comunicación oral presentada en el <em>Workshop on Language, Culture and Acculturation</em>, Madrid, España. May 2-3, 2022.</p>
<p style="text-align: justify;">Cano-Sánchez, V. (2022). El procesamiento del lenguaje en el envejecimiento saludable[conferencia divulgativa]. Aulas de la Experiencia, Universidad del País Vasco, Gipuzkoa, April 6, 2022.</p>
<p style="text-align: justify;">Azkarate, Miren. <a href="https://eizie.eus/eu/jarduerak/eizie_ikastaroak/2022/euskararen-gramatikaren-ezaugarriak-eta-berritasunak-itzultzaileentzako-gako-batzuk-saioa-irunean" target="_blank" rel="noopener">Euskararen Gramatikaren ezaugarriak eta berritasunak: itzultzaileentzako gako batzuk</a>. <em>EIZIEketa Euskaltzaindiak antolatu dute saioa, elkarlanean</em>. Iruña, Euskaltzaindiaren egoitza. April 7, 2022.</p>
<p style="text-align: justify;">Azkarate, Miren. <a href="https://cmuchaminade.com/event/jornadas-republicanas-pluralidad-linguistica/" target="_blank" rel="noopener">Coloquio: &#8220;Diversidad y pluralidad lingüística&#8221;</a>. XIII <em>Jornadas Republicanas CMU Chaminade</em>. Madrid. April 5, 2022.</p>
<p style="text-align: justify;">Azkarate, Miren. <a href="https://eizie.eus/eu/jarduerak/eizie_ikastaroak/2022/euskararen-gramatikaren-ezaugarriak-eta-berritasunak-itzultzaileentzako-gako-batzuk-saioa-bilbon" target="_blank" rel="noopener">Euskararen Gramatikaren ezaugarriak eta berritasunak: itzultzaileentzako gako batzuk.</a> <em>EIZIEketa Euskaltzaindiak antolatu dute saioa, elkarlanean</em>. Bilbo, Euskaltzaindiaren egoitza. March 29, 2022.</p>
<p style="text-align: justify;">de la Cruz-Pavía, I. <em><a href="https://www.youtube.com/watch?v=tFylpxDk9n8" target="_blank" rel="noreferrer noopener" data-saferedirecturl="https://www.google.com/url?q=https://www.youtube.com/watch?v%3DtFylpxDk9n8&amp;source=gmail&amp;ust=1710925155428000&amp;usg=AOvVaw0swGtr5K4K7rd3NUEKcQpe">The similar but <wbr />different paths to acquiring one or more languages</a></em>. Invited talk given at<em>Bilingualism Series organised by the Instituto Cervantes Manchester-Leeds and the University of Manchester.</em> UK. March 16, 2022.</p>
<p style="text-align: justify;">Azkarate, Miren. <a href="https://eizie.eus/eu/agenda/euskararen-gramatikaren-ezaugarriak-eta-berritasunak-itzultzaileentzako-gako-batzuk-saioa-donostian" target="_blank" rel="noopener">Euskararen Gramatikaren ezaugarriak eta berritasunak: itzultzaileentzako gako batzuk</a>. <em>EIZIEketa Euskaltzaindiak antolatu dute saioa, elkarlanean</em>. Donostia, Euskaltzaindiaren egoitza. March 15, 2022.</p>
<p></p>

<p>Arantzeta, M. (2022). Single-language anomia treatment in bilingual speakers with aphasia: A systematic review and a meta-analysis. Poster presented at: 60th Annual Meeting of the Academy of Aphasia, Philadelphia, USA. October 23-25, 2022. Arantzeta, M. (2022). Tratamiento de la anomia en pacientes bilingües &hellip; <a href="https://www.ehu.eus/HEB/conferences-2022/">Continue reading <span class="meta-nav">&rarr;</span></a></p>
