{"id":17311,"date":"2025-02-17T14:10:38","date_gmt":"2025-02-17T14:10:38","guid":{"rendered":"https:\/\/www.ehu.eus\/HEB\/?page_id=17311"},"modified":"2026-03-13T12:31:14","modified_gmt":"2026-03-13T12:31:14","slug":"publications-2024","status":"publish","type":"page","link":"https:\/\/www.ehu.eus\/HEB\/publications-2024\/","title":{"rendered":"2024"},"content":{"rendered":"<p><\/p>\n<p style=\"text-align: center;\"><strong><a title=\"PUBLICATIONS 2024\" href=\"http:\/\/www.ehu.eus\/HEB\/publications\">2025<\/a>\u00a0 \u00a0 \u00a0 <a title=\"PUBLICATIONS 2023\" href=\"http:\/\/www.ehu.eus\/HEB\/publications-2023\">2023<\/a>\u00a0 \u00a0 \u00a0\u00a0<a title=\"PUBLICATIONS 2022\" href=\"http:\/\/www.ehu.eus\/HEB\/publications-2022\">2022<\/a>\u00a0 \u00a0 \u00a0\u00a0<a title=\"PUBLICATIONS 2021\" href=\"http:\/\/www.ehu.eus\/HEB\/publications-2021\">2021<\/a>\u00a0 \u00a0 \u00a0 <a title=\"PUBLICATIONS 2020\" href=\"http:\/\/www.ehu.eus\/HEB\/publications-2020\">2020<\/a>\u00a0 \u00a0 \u00a0 <a title=\"PUBLICATIONS 2019\" href=\"http:\/\/www.ehu.eus\/HEB\/publications-2019\">2019<\/a>\u00a0 \u00a0 \u00a0 <a title=\"PUBLICATIONS 2018\" href=\"http:\/\/www.ehu.eus\/HEB\/publications-2018\/\">2018<\/a>\u00a0 \u00a0 \u00a0 <a title=\"PUBLICATIONS 2017\" href=\"http:\/\/www.ehu.eus\/HEB\/publications-2017\/\">2017<\/a>\u00a0 \u00a0 \u00a0 <a title=\"PUBLICATIONS 2016\" href=\"http:\/\/www.ehu.es\/HEB\/publications-2016\/\">2016<\/a>\u00a0 \u00a0 \u00a0 <a title=\"PUBLICATIONS 2015\" href=\"http:\/\/www.ehu.es\/HEB\/publications-2015\/\">2015<\/a>\u00a0 \u00a0 \u00a0 <a title=\"PUBLICATIONS 2014\" href=\"http:\/\/www.ehu.eus\/HEB\/publications-2014\/\">2014<\/a>\u00a0 \u00a0 \u00a0 <a title=\"PUBLICATIONS 2013\" href=\"http:\/\/www.ehu.eus\/HEB\/publications-2013\/\">2013<\/a>\u00a0 \u00a0 \u00a0\u00a0<a title=\"PUBLICATIONS 2002-2010\" href=\"http:\/\/www.ehu.es\/HEB\/publications\/publications-2002-2012\">2002-2012<\/a>\u00a0 \u00a0 \u00a0 <a title=\"CORPORA\" href=\"http:\/\/www.ehu.es\/HEB\/?page_id=1678\">CORPORA<\/a><\/strong><\/p>\n<p>&nbsp;<\/p>\n<p style=\"text-align: justify;\">Zimnukhova, S., Santesteban, M., &amp; Zawiszewski, A. (2024). Subject relative clause preference in Basque: ERP evidence.\u00a0<i>Brain and Language, 258<\/i>, 105475.\u00a0<a href=\"https:\/\/doi.org\/10.1016\/j.bandl.2024.105475\" target=\"_blank\" rel=\"noopener\" data-saferedirecturl=\"https:\/\/www.google.com\/url?q=https:\/\/doi.org\/10.1016\/j.bandl.2024.105475&amp;source=gmail&amp;ust=1728373656736000&amp;usg=AOvVaw1E_0oj7FAHv9O4AN2Rn0Xs\">https:\/\/doi.org\/10.<wbr \/>1016\/j.bandl.2024.105475<\/a><\/p>\n<p style=\"text-align: justify;\">*de la Cruz-Pav\u00eda, I., *Hegde, M., Cabrera, L. &amp; Nazzi, T. (2024). <a href=\"https:\/\/onlinelibrary.wiley.com\/doi\/10.1111\/desc.13533\" target=\"_blank\" rel=\"noopener\">Infants\u2019 abilities to segment word forms from spectrally degraded speech in the first year of life.<\/a> <em>Developmental Science<\/em>. *mismo grado de contribuci\u00f3n<\/p>\n<p style=\"text-align: justify;\">Sanahuja, N., &amp; Erdocia, K. (2024). The impact of cognate vocabulary on explicit L2 rule learning.\u00a0<i>Language Teaching Research<\/i>, 0(0).\u00a0<a href=\"https:\/\/doi.org\/10.1177\/13621688241254617\" target=\"_blank\" rel=\"noopener\" data-saferedirecturl=\"https:\/\/www.google.com\/url?q=https:\/\/doi.org\/10.1177\/13621688241254617&amp;source=gmail&amp;ust=1719384669991000&amp;usg=AOvVaw1oHtu-lQQQNy8ceUa6RV1p\">https:\/\/doi.org\/10.1177\/<wbr \/>13621688241254<\/a><\/p>\n<p style=\"text-align: justify;\">Hatzidaki, A., &amp; Santesteban, M. (2024). Emotion effects survive non-standard orthographic representations. <i>Cognition and Emotion<\/i>,\u00a0<i>39<\/i>(7), 1568\u20131575.\u00a0<a href=\"https:\/\/doi.org\/10.1080\/02699931.2024.2362381\" target=\"_blank\" rel=\"noopener\" data-saferedirecturl=\"https:\/\/www.google.com\/url?q=https:\/\/doi.org\/10.1080\/02699931.2024.2362381&amp;source=gmail&amp;ust=1773491108290000&amp;usg=AOvVaw3_cpOKB6YWhX4lp7Wcms1B\">https:\/\/doi.org\/10.1080\/<wbr \/>02699931.2024.2362381<\/a><\/p>\n<p style=\"text-align: justify;\">Isasi-Isasmendi, A.; Sauppe, S.; Andrews, C.; Laka, I,; Meyer, M. &amp;Bickel, B. (2024) <a href=\"https:\/\/www.tandfonline.com\/doi\/full\/10.1080\/23273798.2023.2250023\" target=\"_blank\" rel=\"noopener\">Incremental sentence processing is guided by a preference for agents: EEG evidence from Basque.<\/a> Language, Cognition and Neuroscience, 39:1, p. 76-97.<\/p>\n<p style=\"text-align: justify;\">Du\u00f1abeitia, J.A., Ferr\u00e9, P., Fraga, I., &amp; Santesteban, M. (2024). Editorial: Community series: Spanish Psycholinguistics.\u00a0<em>Frontiers in Psychology<\/em>, 15:1375105. doi:\u00a0<a href=\"https:\/\/doi.org\/10.3389\/fpsyg.2024.1375105\">10.3389\/fpsyg.2024.1375105<\/a><\/p>\n<p style=\"text-align: justify;\">Goikoetxea, J.; San Martin, I.; Arantzeta, M. (2024). <a href=\"https:\/\/www.frontiersin.org\/journals\/language-sciences\/articles\/10.3389\/flang.2024.1458887\/full?utm_source=F-NTF&amp;utm_medium=EMLX&amp;utm_campaign=PRD_FEOPS_20170000_ARTICLE\" target=\"_blank\" rel=\"noopener\">Bridging Natural Language Processing and psycholinguistics: computationally grounded semantic similarity datasets for Basque and Spanish<\/a>. <em>Frontiers in Language Sciences<\/em>, DOI: https:\/\/doi.org\/10.3389\/flang.2024.1458887.<\/p>\n<p style=\"text-align: justify;\">Fern\u00e1ndez Fern\u00e1ndez, B., Berro Urrizelki, A., &amp; Su\u00efls Subir\u00e0, J. (2024). <a href=\"https:\/\/doi.org\/10.6018\/ER.577581\" target=\"_blank\" rel=\"noopener\">Las construcciones impersonales de sujeto suprimido del gasc\u00f3n<\/a>.\u00a0<i>Estudios Rom\u00e1nicos<\/i>,\u00a0<i>33<\/i>.<\/p>\n<p style=\"text-align: justify;\">Fern\u00e1ndez, B.; Berro, A. &amp; P\u00e9rez, M. (2024) <a href=\"https:\/\/ojs.uv.es\/index.php\/caplletra\/article\/view\/28209\/24198\" target=\"_blank\" rel=\"noopener\">Connexions bascocatalanes: les impersonals de subjecte suprimit<\/a>. <i>Caplletra 76, pp. 93-117.<\/i><\/p>\n<p style=\"text-align: justify;\">Bilbao, K.; Berro, A. &amp; Fern\u00e1ndez, B. (2024) <a href=\"https:\/\/aldizkariak.ueu.eus\/index.php\/uztaro\/article\/view\/5067\" target=\"_blank\" rel=\"noopener\">Bihurkari eta elkarkari iragangaitzak inpertsonal eta inkoatiboekiko konparazioan<\/a>. Uztaro, 129. UEU. 43-68. DOI: https:\/\/doi.org\/10.26876\/uztaro.129.2024.5067.<\/p>\n<p><\/p>","protected":false},"excerpt":{"rendered":"<p>2025\u00a0 \u00a0 \u00a0 2023\u00a0 \u00a0 \u00a0\u00a02022\u00a0 \u00a0 \u00a0\u00a02021\u00a0 \u00a0 \u00a0 2020\u00a0 \u00a0 \u00a0 2019\u00a0 \u00a0 \u00a0 2018\u00a0 \u00a0 \u00a0 2017\u00a0 \u00a0 \u00a0 2016\u00a0 \u00a0 \u00a0 2015\u00a0 \u00a0 \u00a0 2014\u00a0 \u00a0 \u00a0 2013\u00a0 \u00a0 \u00a0\u00a02002-2012\u00a0 \u00a0 \u00a0 CORPORA &nbsp; Zimnukhova, S., &hellip; <a href=\"https:\/\/www.ehu.eus\/HEB\/publications-2024\/\">Continue reading <span class=\"meta-nav\">&rarr;<\/span><\/a><\/p>\n","protected":false},"author":2,"featured_media":0,"parent":0,"menu_order":0,"comment_status":"closed","ping_status":"closed","template":"","meta":{"footnotes":""},"_links":{"self":[{"href":"https:\/\/www.ehu.eus\/HEB\/wp-json\/wp\/v2\/pages\/17311"}],"collection":[{"href":"https:\/\/www.ehu.eus\/HEB\/wp-json\/wp\/v2\/pages"}],"about":[{"href":"https:\/\/www.ehu.eus\/HEB\/wp-json\/wp\/v2\/types\/page"}],"author":[{"embeddable":true,"href":"https:\/\/www.ehu.eus\/HEB\/wp-json\/wp\/v2\/users\/2"}],"replies":[{"embeddable":true,"href":"https:\/\/www.ehu.eus\/HEB\/wp-json\/wp\/v2\/comments?post=17311"}],"version-history":[{"count":6,"href":"https:\/\/www.ehu.eus\/HEB\/wp-json\/wp\/v2\/pages\/17311\/revisions"}],"predecessor-version":[{"id":17885,"href":"https:\/\/www.ehu.eus\/HEB\/wp-json\/wp\/v2\/pages\/17311\/revisions\/17885"}],"wp:attachment":[{"href":"https:\/\/www.ehu.eus\/HEB\/wp-json\/wp\/v2\/media?parent=17311"}],"curies":[{"name":"wp","href":"https:\/\/api.w.org\/{rel}","templated":true}]}}