{"id":18367,"date":"2020-03-03T23:05:42","date_gmt":"2020-03-03T23:05:42","guid":{"rendered":"https:\/\/www.ehu.eus\/HEB\/jurgen-etxeberria\/"},"modified":"2020-03-03T23:05:42","modified_gmt":"2020-03-03T23:05:42","slug":"jurgen-etxeberria","status":"publish","type":"page","link":"https:\/\/www.ehu.eus\/HEB\/jurgen-etxeberria\/?lang=es","title":{"rendered":"J\u00dcRGEN ETXEBERRIA"},"content":{"rendered":"<p style=\"text-align: center;\"><a href=\"http:\/\/www.ehu.eus\/HEB\/wp-content\/uploads\/2020\/03\/jurgen.jpg\"><img loading=\"lazy\" decoding=\"async\" class=\"alignnone size-full wp-image-14796\" src=\"http:\/\/www.ehu.eus\/HEB\/wp-content\/uploads\/2020\/03\/jurgen.jpg\" alt=\"\" width=\"258\" height=\"229\" \/><\/a><\/p>\n<p style=\"text-align: center;\">Centro de Investigaci\u00f3n Micaela Portilla Ikergunea, Oficina 3.2<br \/>\nCalle Justo V\u00e9lez de Elorriaga, 1<br \/>\n01006 Vitoria-Gasteiz<\/p>\n<p style=\"text-align: center;\"><a href=\"mailto:jetxeberria014@ikasle.ehu.eus\">jetxeberria014@ikasle.ehu.eus<\/a><br \/>\nTel\u00e9fono: +34 945 014 452<br \/>\nFax: +34 945 013 200<\/p>\n<p><strong>Formaci\u00f3n<\/strong><\/p>\n<p style=\"text-align: justify;\">Estoy cursando el Grado de Estudios Vascos en la UPV\/EHU (2016-actualmente). Entre mis aficiones, destacar\u00eda la afici\u00f3n por viajar y conocer nuevos idiomas, y fu\u00e9 precisamente esta afici\u00f3n la que me condujo a decantarme por este grado. Este curso acad\u00e9mico, gracias a la Beca Ikasiker de colaboraci\u00f3n, estoy colaborando con el grupo de investigaci\u00f3n <em>La Mente Biling\u00fce<\/em> dirigido por Itziar Laka. Mediante esta beca estoy analizando la naturaleza de las adposiciones junto a la profesora Beatriz Fern\u00e1ndez.<\/p>\n<p><strong>L\u00edneas de investigaci\u00f3n<\/strong><\/p>\n<p>Teor\u00eda sint\u00e1ctica, adposiciones, adverbios, ablativo, adlativo, inesivo.<\/p>\n<p><strong>Idiomas <\/strong><\/p>\n<p>Euskera (lengua materna), castellano (lengua materna), ingl\u00e9s (B2), franc\u00e9s (B2), ruso (conocimiento b\u00e1sico).<\/p>\n<p><strong>Becas<\/strong><\/p>\n<p>Beca Ikasiker de colaboraci\u00f3n (2019-2020)<\/p>\n<p>Organismo: Departamento de Educaci\u00f3n, Pol\u00edtica Ling\u00fc\u00edstica y Cultura del Gobierno Vasco (GV\/EJ)<\/p>\n<p><strong>\u00a0<\/strong><\/p>\n","protected":false},"excerpt":{"rendered":"<p>Centro de Investigaci\u00f3n Micaela Portilla Ikergunea, Oficina 3.2 Calle Justo V\u00e9lez de Elorriaga, 1 01006 Vitoria-Gasteiz jetxeberria014@ikasle.ehu.eus Tel\u00e9fono: +34 945 014 452 Fax: +34 945 013 200 Formaci\u00f3n Estoy cursando &#8230;<\/p>\n","protected":false},"author":2,"featured_media":0,"parent":0,"menu_order":0,"comment_status":"closed","ping_status":"closed","template":"","meta":{"footnotes":""},"class_list":["post-18367","page","type-page","status-publish","hentry"],"_links":{"self":[{"href":"https:\/\/www.ehu.eus\/HEB\/wp-json\/wp\/v2\/pages\/18367","targetHints":{"allow":["GET"]}}],"collection":[{"href":"https:\/\/www.ehu.eus\/HEB\/wp-json\/wp\/v2\/pages"}],"about":[{"href":"https:\/\/www.ehu.eus\/HEB\/wp-json\/wp\/v2\/types\/page"}],"author":[{"embeddable":true,"href":"https:\/\/www.ehu.eus\/HEB\/wp-json\/wp\/v2\/users\/2"}],"replies":[{"embeddable":true,"href":"https:\/\/www.ehu.eus\/HEB\/wp-json\/wp\/v2\/comments?post=18367"}],"version-history":[{"count":0,"href":"https:\/\/www.ehu.eus\/HEB\/wp-json\/wp\/v2\/pages\/18367\/revisions"}],"wp:attachment":[{"href":"https:\/\/www.ehu.eus\/HEB\/wp-json\/wp\/v2\/media?parent=18367"}],"curies":[{"name":"wp","href":"https:\/\/api.w.org\/{rel}","templated":true}]}}

JÜRGEN ETXEBERRIA

<p style="text-align: center;"><a href="http://www.ehu.eus/HEB/wp-content/uploads/2020/03/jurgen.jpg"><img loading="lazy" decoding="async" class="alignnone size-full wp-image-14796" src="http://www.ehu.eus/HEB/wp-content/uploads/2020/03/jurgen.jpg" alt="" width="258" height="229" /></a></p>
<p style="text-align: center;">Centro de Investigación Micaela Portilla Ikergunea, Oficina 3.2<br />
Calle Justo Vélez de Elorriaga, 1<br />
01006 Vitoria-Gasteiz</p>
<p style="text-align: center;"><a href="mailto:jetxeberria014@ikasle.ehu.eus">jetxeberria014@ikasle.ehu.eus</a><br />
Teléfono: +34 945 014 452<br />
Fax: +34 945 013 200</p>
<p><strong>Formación</strong></p>
<p style="text-align: justify;">Estoy cursando el Grado de Estudios Vascos en la UPV/EHU (2016-actualmente). Entre mis aficiones, destacaría la afición por viajar y conocer nuevos idiomas, y fué precisamente esta afición la que me condujo a decantarme por este grado. Este curso académico, gracias a la Beca Ikasiker de colaboración, estoy colaborando con el grupo de investigación <em>La Mente Bilingüe</em> dirigido por Itziar Laka. Mediante esta beca estoy analizando la naturaleza de las adposiciones junto a la profesora Beatriz Fernández.</p>
<p><strong>Líneas de investigación</strong></p>
<p>Teoría sintáctica, adposiciones, adverbios, ablativo, adlativo, inesivo.</p>
<p><strong>Idiomas </strong></p>
<p>Euskera (lengua materna), castellano (lengua materna), inglés (B2), francés (B2), ruso (conocimiento básico).</p>
<p><strong>Becas</strong></p>
<p>Beca Ikasiker de colaboración (2019-2020)</p>
<p>Organismo: Departamento de Educación, Política Lingüística y Cultura del Gobierno Vasco (GV/EJ)</p>
<p><strong> </strong></p>

<p>Centro de Investigación Micaela Portilla Ikergunea, Oficina 3.2 Calle Justo Vélez de Elorriaga, 1 01006 Vitoria-Gasteiz jetxeberria014@ikasle.ehu.eus Teléfono: +34 945 014 452 Fax: +34 945 013 200 Formación Estoy cursando &#8230;</p>
