{"id":348,"date":"2012-05-04T17:41:34","date_gmt":"2012-05-04T17:41:34","guid":{"rendered":"http:\/\/www.ehu.eus\/HEB\/?page_id=348"},"modified":"2017-07-03T11:03:45","modified_gmt":"2017-07-03T11:03:45","slug":"idoia_ros","status":"publish","type":"page","link":"https:\/\/www.ehu.eus\/HEB\/idoia_ros\/","title":{"rendered":"IDOIA ROS"},"content":{"rendered":"<p><\/p>\n<p align=\"center\"><strong>\u00a0<a href=\"http:\/\/www.ehu.es\/HEB\/wp-content\/uploads\/2012\/02\/idoia2.jpg\"><img loading=\"lazy\" decoding=\"async\" src=\"http:\/\/www.ehu.es\/HEB\/wp-content\/uploads\/2012\/02\/idoia2-300x200.jpg\" alt=\"\" width=\"300\" height=\"200\" \/><\/a><\/strong><\/p>\n<p style=\"text-align: center\">University of the Basque Country<br \/>\nDept. of Linguistics and Basque Studies<br \/>\nCentro de Investigaci\u00f3n Micaela Portilla Ikergunea<br \/>\nJusto V\u00e9lez de Elorriaga , 1<br \/>\n01006 Vitoria-Gasteiz<br \/>\nBasque Country (Spain)<br \/>\nemail: <a href=\"mailto:idoia.ros@gmail.com\">idoia.ros@gmail.com<\/a><br \/>\nPhone: +34 945 014 452<br \/>\nFax: +34 945 013 200<\/p>\n<p><strong>Research interests <\/strong><\/p>\n<p style=\"text-align: justify\">Sentence Production; Dependency Length Minimization; Efficient Communication<\/p>\n<p style=\"text-align: justify\"><strong>Education<\/strong><\/p>\n<p style=\"text-align: justify\">(present) Ph.D. Candidate. Department of Basque and Linguistic Studies. University of the Basque Country (UPV\/EHU)<\/p>\n<p style=\"text-align: justify\">2015. Ph.D. visiting student at the Department of Brain and Cognitive Sciences, University of Rochester.<\/p>\n<p style=\"text-align: justify\">2014. ESCOP Summer School. Basque Center on Cognition, Brain and Language. Donostia\/San Sebati\u00e1n (Spain)<\/p>\n<p style=\"text-align: justify\">2013. \u00a0Bilingual Minds, Bilingual Machines Summer School. The Cognition Institute. Plymouth University (UK)<\/p>\n<p style=\"text-align: justify\">2012. Masters of Arts in Linguistics. Department of Basque and Linguistic Studies. University of the Basque Country (UPV\/EHU)<\/p>\n<p style=\"text-align: justify\">2006. Bachelor of Arts in Linguistics. Department of Linguistics. Universidad Aut\u00f3noma de Madrid (UAM)<\/p>\n<p style=\"text-align: justify\"><b>Grants and Awards<\/b><\/p>\n<p style=\"text-align: justify\">2016. Travel award for EXAL+.<\/p>\n<p style=\"text-align: justify\">2015. Grant for a short-term predoctoral research visit to the University of Rochester. Spanish Ministry of Economy and Competitiveness<\/p>\n<p style=\"text-align: justify\">2014. ESCOP award for <em>ESCOP Summer School<\/em>.<\/p>\n<p style=\"text-align: justify\">2014. Predoctoral research grant from the Spanish Ministry of Economy and Competitiveness. Department of Linguistics and Basque Studies. The Bilingual Mind research group. University of the Basque Country UPV\/EHU)<\/p>\n<p style=\"text-align: justify\">2013. Tuition waiver from the Cognition Institute (Plymouth University) for the <em>Bilingual Minds, Bilingual Machines Summer School<\/em>.<\/p>\n<p style=\"text-align: justify\">2013 \u2013 \u00a02014. Predoctoral research grant from the University of the Basque Country (EHU\/UPV).\u00a0Department of Linguistics and Basque Studies. The Bilingual Mind research group.<\/p>\n<p style=\"text-align: justify\">2006. A-III Grant from the Spanish Agency for International Cooperation.<\/p>\n<p style=\"text-align: justify\"><strong>Presentations at conferences<\/strong><\/p>\n<p style=\"text-align: justify\">(2017) Ros, I., Egusquiza, N. &amp; Laka, I. Attraction effects in Basque: Comprehension data. Talk at <i>Experimental Psycholinguistics Conference.<\/i>\u00a0UNED, Mah\u00f3n-Ma\u00f3, Menorca, Spain. June 27-30.<\/p>\n<p style=\"text-align: justify\">(2017) Ros, I., Zawiszewski, A.,\u00a0\u00a0Santesteban, M. &amp; Itziar Laka. The impact of language specific distributional patterns on the bias for short dependencies: Cross-linguistic evidence from Basque, Polish and Spanish. Talk at <i>Linguistic diversity meets the brain: Future directions on language sciences<\/i>. University of Z\u00fcrich, May 14-17.<\/p>\n<p style=\"text-align: justify\">(2017) Ros, I., Egusquiza, N. &amp; Laka, I. Facilitatory effects in grammatical and ungrammatical sentences in Basque: a novel case\u00a0of agreement attraction. Poster presented at <em>the 30th Annual CUNY Conference on Human Sentence Processing<\/em>. MIT, Cambridge, Massachusetts. March 30-April, 1.<\/p>\n<p style=\"text-align: justify\">(2017) Ros, I., Santesteban, M., &amp; Laka, I. The effect of memory demands on dependency length minimization. Poster presented at <em>the 30th Annual CUNY Conference on Human Sentence Processing<\/em>. MIT, Cambridge, Massachusetts. March 30-April, 1.<\/p>\n<p style=\"text-align: justify\"><span style=\"color: #000000\">(2016) Ros, I., Egusquiza, N. &amp; Laka, I. Agreement attraction effects in Basque production and judgement acceptability data. Talk presented at <em>Experimental Approaches to Arabic and Other Understudied Languages (EXAL+).<\/em> NYU Abu Dhabi (EAU). January 16-17. <\/span><\/p>\n<p style=\"text-align: justify\">(2014) Ros, I., Santesteban, M., Fukumura, K. &amp; Laka, I. On the impact of phrasal length on native and non-native sentence production: Evidence from Basque and Spanish. Poster presented at the <i>20th Architectures and Mechanisms for Language Processing Conference<\/i> (AMLaP). University of Edinburgh, UK. September 6 \u2013 8.<\/p>\n<p style=\"text-align: justify\">(2014) Ros, I.,\u00a0Santesteban, M., Fukumura, K. &amp; Laka, I. On the impact of NP-length on sentence word order: Evidence from Basque native and non-native speakers. Poster presented at the\u00a0<em>International Workshop on Language Production<\/em>. Universit\u00e9 de G\u00e8neve, Switzerland. July, 16-18.<\/p>\n<p style=\"text-align: justify\">(2014) Ros, I., Santesteban, M., Fukumura, K. &amp; Laka, I.\u00a0VO-OV yield imperfect mirror images: on the impact of length on word order.\u00a0Poster presented at the\u00a0<em>27th Annual CUNY Conference on Human Sentence Processing<\/em>. Columbus, Ohio State University. March, 13-15.<\/p>\n<p style=\"text-align: justify\">(2013)\u00a0Ros, I., Laka, I., Fukumura, K. &amp; Santesteban, M. Appearances are deceiving: opposite effects of one processing system<em>.<\/em>\u00a0Poster presented at\u00a0<em>Bilingual Minds, Bilingual Machines<\/em>\u00a0Summer School. Cognition Institute. Plymouth University (UK). June 24-28.<\/p>\n<p style=\"text-align: justify\">(2012) Ros, I., Laka, I., Fukumura, K. &amp; Santesteban, M. Processing constraints on word order<em>.<\/em>\u00a0Talk at the\u00a0<em>V Brainglot Workshop<\/em>. Universidad de Barcelona, Barcelona, Spain. November 22-23.<\/p>\n<p style=\"text-align: justify\">(2012) Ros, I., Laka, I., Fukumura, K. &amp; Santesteban, M.. Aiming at shorter dependencies: Agreeing to Long-before-Short preferences. Poster presented at the\u00a0<em>Cognitive Modules &amp; Interfaces Workshop<\/em>. University of Trieste, Italy. September 18-19.<\/p>\n<p style=\"text-align: justify\">(2012) Ros, I., Laka, I., Fukumura, K. &amp; Santesteban, M. Long-before-short in Head-final Languages that Agree. Poster presented at\u00a0<em>Architectures and Mechanisms for Language Processing Conference<\/em>\u00a0(AMLaP). Riva di Garda, University of Trento, Italy. September 6-8.<\/p>\n<p style=\"text-align: justify\">(2012) Ros, I., Laka, I., Fukumura, K. &amp; Santesteban, M.\u00a0Processing pressures on word order: long-before-short preference in Basque. Poster presented at the\u00a0<em>Workshop on Language Production<\/em>. NYU, New York, USA. July 18-20.<\/p>\n<div style=\"text-align: justify\">\n<div>\n<div>\n<div>\n<div>\n<div>\n<div>\n<div>\n<div>\n<p><b>Publications<\/b><\/p>\n<p>Ros, I.; Santesteban, M.; Fukumura, K.; Laka, I. (2015). <a href=\"http:\/\/www.tandfonline.com\/doi\/full\/10.1080\/23273798.2014.994009#.VLYo9Xv_u5J\" target=\"_blank\" rel=\"noopener noreferrer\">Aiming at shorter dependencies: the role of agreement morphology.<\/a> <em>Language, Cognition and Neuroscience. <\/em>DOI: 10.1080\/23273798.2014.994009.<em><br \/>\n<\/em><\/p>\n<p>Ros, I. &amp; Alc\u00e1ntara, M. (2007). \u201cUso de corpus de habla espont\u00e1nea en la ense\u00f1anza de la cortes\u00eda en espa\u00f1ol\u201d. In Nicol\u00e1s Mart\u00ednez, C. (ed.), Ricerche sul Corpus del parlato romanzo C-ORAL-ROM. Studi linguistici e applicazioni didattiche per l\u2019insegnamento di L2, Firenze University Press (ISBN 978-88-8453-568-9).<\/p>\n<\/div>\n<\/div>\n<\/div>\n<\/div>\n<\/div>\n<\/div>\n<\/div>\n<\/div>\n<\/div>\n<p style=\"text-align: justify\"><strong>Previous Employment<\/strong><\/p>\n<p style=\"text-align: justify\"><em>Research assistant<\/em><\/p>\n<p style=\"text-align: justify\">2011 \u2013 2012. Predoctoral researcher. Department of Linguistics and Basque Studies. The Bilingual Mind research group. University of the Basque Country (UPV\/EHU).<\/p>\n<p style=\"text-align: justify\">2010. Research assistant. Department of Linguistics and Basque Studies. The Bilingual Mind research group. University of the Basque Country (UPV\/EHU).<\/p>\n<p style=\"text-align: justify\">2006 \u2013 2007. Research assistant. Computational Linguistics Lab. German Center for Artificial Intelligence (DFKI). Saarbr\u00fccken, Germany.<\/p>\n<p style=\"text-align: justify\"><em>Teaching (as primary instructor)<\/em><\/p>\n<p style=\"text-align: justify\">2011 \u2013 2013. Part-time instructor (under contract). Ling\u00fc\u00edstica I and Ling\u00fc\u00edstica II. BA in Philology (Spanish Studies, French Studies, German Studies, Classical Philology and English Studies) and BSc inTranslation and Interpreting.<\/p>\n<p style=\"text-align: justify\">2009 \u2013 2011. Teacher at the summer courses of the Men\u00e9ndez Pidal International University (UIMP). Santander, Spain.<\/p>\n<p style=\"text-align: justify\">2007 \u2013 2009. Lecturer in Spanish. Justus-Liebig-Universit\u00e4t. Gie\u00dfen, Germany.<\/p>\n<p style=\"text-align: justify\"><strong>Attendance<\/strong><\/p>\n<p style=\"text-align: justify\">(2013) Towards a Theory of Syntactic Variation. Bilbao, Spain. June 5-7.<\/p>\n<p style=\"text-align: justify\">(2013) ERP Boot Camp. University of South Carolina. USA. February 25-27.<\/p>\n<p style=\"text-align: justify\">(2011) 10th International Symposium of Psycholinguistics. BCBL. Basque Center for Language and Cognition. Donostia-San Sebastian. April 13-16.<\/p>\n<p style=\"text-align: justify\"><strong>Participation in funded research projects<\/strong><\/p>\n<p style=\"text-align: justify\">AThEME\u2014 Advancing the European Multilingual Experience (FP7-SSH-2013-1) (2014 \u2013 2017). Coordinated Project involving a consortium of 17 European research groups. Project Coordinator: Lisa L. Cheng (U. Leiden). 4,999,990 \u20ac.<\/p>\n<p style=\"text-align: justify\">The Bilingual Mind (IT665-13) (2013-2018)<b>. <\/b>Consolidated Research Group of Excellence, A grade. Funding agency: Department of Education, Universities and Research, Eusko Jaurlaritza.\u00a0Principal Investigator: Itziar Laka Mugarza. 284.398 \u20ac.<\/p>\n<p style=\"text-align: justify\">Gram\u00e1tica en procesamiento: Estrategias de procesamiento y par\u00e1metros sint\u00e1cticos. (GRAMMARINPROCESS FFI2012-31360) (2013-2015). Funding agency: Ministerio de Econom\u00eda y Competitividad. Principal Investigator: Itziar Laka Mugarza. 80.730 \u20ac.<\/p>\n<p style=\"text-align: justify\">Biling\u00fcismo y Neurociencia Cognitiva CSD2007-00012. (2007-2012). CONSOLIDER-INGENIO\/2010, Ministerio de Educaci\u00f3n y Ciencia. Principal investigator: N\u00faria Sebasti\u00e1n-Gall\u00e9s (Universidad de Barcelona). 4.990.000\u20ac.<\/p>\n<p style=\"text-align: justify\">The Bilingual Mind. Gogo elebiduna. Mente Biling\u00fce (IT414-10) (2010-2012). Eusko Jaurlaritza, Hezkuntza, Unibertsitate eta Ikerketa Saila. Principal investigator: Itziar Laka Mugarza (University of the Basque Country, UPV\/EHU). 117.000\u20ac.<\/p>\n<p style=\"text-align: justify\"><strong>Participation in reach-out activities<\/strong><\/p>\n<p style=\"text-align: justify\">2017. Ros, I. Hizkuntza gure baitan. Iraultza zientifiko baten historia. Talk at Jakin-Mina. March, 24.<\/p>\n<p style=\"text-align: justify\">2016. Science, Technology and Innovation XVI. Week . Psycholinguistics. The Bilingual Mind. November, 3-6.<\/p>\n<p style=\"text-align: justify\">2016. Ros, I. Espejismos auditivos: los enga\u00f1os de tu lengua materna. <a href=\"http:\/\/www.eitb.eus\/es\/divulgacion\/naukas-bilbao\/videos\/detalle\/4390472\/naukas-bilbao-2016--idoia-ros\/\" target=\"_blank\" rel=\"noopener noreferrer\"><em>Naukas Bilbao, ciencia, escepticismo y humor.<\/em><\/a> September, 16.<\/p>\n<p style=\"text-align: justify\">2016. Ros, I. <a href=\"http:\/\/mappingignorance.org\/2016\/06\/13\/bilingual-advantages-pinch-salt\/\" target=\"_blank\" rel=\"noopener noreferrer\">Bilingual advantages, with a pintch of salt.<\/a> Mapping Ignorance. June 13.<\/p>\n<p style=\"text-align: justify\">2015. Ros, I.\u00a0Descifrando el c\u00f3digo humano: El reto de adquirir un lengua. Poster at the<em>\u00a0<a href=\"http:\/\/www.dana.org\/BAW\/\">Brain Awareness Week<\/a>.\u00a0<\/em>March, 16-22.<\/p>\n<p style=\"text-align: justify\">2011. Brainglot IV Workshop<\/p>\n<p style=\"text-align: justify\">2011. Science, Technology and Innovation XI. Week . Psycholinguistics. The Bilingual Mind.<\/p>\n<p style=\"text-align: justify\">2010. Science, Technology and Innovation X. Week . Psycholinguistics. The Bilingual Mind.<\/p>\n<p style=\"text-align: justify\"><strong>Others<\/strong><\/p>\n<p style=\"text-align: justify\"><em>Languages<\/em><\/p>\n<p style=\"text-align: justify\">Spanish, Basque, \u00a0English and German; Basic notions of French and Spanish Sign Language.<\/p>\n<p><\/p>","protected":false},"excerpt":{"rendered":"<p>\u00a0 University of the Basque Country Dept. of Linguistics and Basque Studies Centro de Investigaci\u00f3n Micaela Portilla Ikergunea Justo V\u00e9lez de Elorriaga , 1 01006 Vitoria-Gasteiz Basque Country (Spain) email: idoia.ros@gmail.com Phone: +34 945 014 452 Fax: +34 945 013 &hellip; <a href=\"https:\/\/www.ehu.eus\/HEB\/idoia_ros\/\">Continue reading <span class=\"meta-nav\">&rarr;<\/span><\/a><\/p>\n","protected":false},"author":2,"featured_media":0,"parent":0,"menu_order":0,"comment_status":"closed","ping_status":"closed","template":"","meta":{"footnotes":""},"_links":{"self":[{"href":"https:\/\/www.ehu.eus\/HEB\/wp-json\/wp\/v2\/pages\/348"}],"collection":[{"href":"https:\/\/www.ehu.eus\/HEB\/wp-json\/wp\/v2\/pages"}],"about":[{"href":"https:\/\/www.ehu.eus\/HEB\/wp-json\/wp\/v2\/types\/page"}],"author":[{"embeddable":true,"href":"https:\/\/www.ehu.eus\/HEB\/wp-json\/wp\/v2\/users\/2"}],"replies":[{"embeddable":true,"href":"https:\/\/www.ehu.eus\/HEB\/wp-json\/wp\/v2\/comments?post=348"}],"version-history":[{"count":139,"href":"https:\/\/www.ehu.eus\/HEB\/wp-json\/wp\/v2\/pages\/348\/revisions"}],"predecessor-version":[{"id":13223,"href":"https:\/\/www.ehu.eus\/HEB\/wp-json\/wp\/v2\/pages\/348\/revisions\/13223"}],"wp:attachment":[{"href":"https:\/\/www.ehu.eus\/HEB\/wp-json\/wp\/v2\/media?parent=348"}],"curies":[{"name":"wp","href":"https:\/\/api.w.org\/{rel}","templated":true}]}}