{"id":10093,"date":"2019-10-16T11:34:05","date_gmt":"2019-10-16T11:34:05","guid":{"rendered":"http:\/\/www.ehu.eus\/cdsea\/web\/?page_id=10093"},"modified":"2019-10-16T11:49:20","modified_gmt":"2019-10-16T11:49:20","slug":"10093-2","status":"publish","type":"page","link":"https:\/\/www.ehu.eus\/cdsea\/web\/index.php\/10093-2\/","title":{"rendered":"Proyecto RENATUR_CAST"},"content":{"rendered":"<p style=\"text-align: justify;\"><span style=\"color: #003300; font-size: 14pt;\"><strong>PROYECTO RENATUR: Improving regional policies to better protect natural heritage of peri-urban open spaces<\/strong><\/span><\/p>\n<p style=\"text-align: justify;\"><span style=\"font-size: 14pt;\"><img loading=\"lazy\" decoding=\"async\" class=\"size-medium wp-image-10094 alignleft\" src=\"http:\/\/www.ehu.eus\/cdsea\/web\/wp-content\/uploads\/2017\/03\/RENATUR_Poster-296x300.jpg\" alt=\"\" width=\"296\" height=\"300\" srcset=\"https:\/\/www.ehu.eus\/cdsea\/web\/wp-content\/uploads\/2017\/03\/RENATUR_Poster-296x300.jpg 296w, https:\/\/www.ehu.eus\/cdsea\/web\/wp-content\/uploads\/2017\/03\/RENATUR_Poster-768x777.jpg 768w, https:\/\/www.ehu.eus\/cdsea\/web\/wp-content\/uploads\/2017\/03\/RENATUR_Poster-1012x1024.jpg 1012w, https:\/\/www.ehu.eus\/cdsea\/web\/wp-content\/uploads\/2017\/03\/RENATUR_Poster-600x607.jpg 600w, https:\/\/www.ehu.eus\/cdsea\/web\/wp-content\/uploads\/2017\/03\/RENATUR_Poster.jpg 1142w\" sizes=\"(max-width: 296px) 100vw, 296px\" \/><span style=\"font-size: 12pt;\">Investigadoras de la C\u00e1tedra UNESCO participan en el proyecto <strong><a href=\"https:\/\/www.interregeurope.eu\/renatur\/\">RENATUR Europe: Improving regional policies to better protect natural heritage of peri-urban open spaces.<\/a><\/strong> El proyecto tiene como objetivo mejorar las pol\u00edticas regionales para proteger los espacios abiertos periurbanos (PUOS \u2013 Peri-Urban Open Spaces), los cuales desempe\u00f1an un papel vital en la protecci\u00f3n del patrimonio natural. La duraci\u00f3n del proyectos ser\u00e1 desde Agosto de 2019 hasta Julio de 2023.<\/span><\/span><\/p>\n<p style=\"text-align: justify;\"><span style=\"font-size: 12pt;\">En el marco del proyecto RENATUR, se identificar\u00e1n, analizar\u00e1n y transferir\u00e1n ejemplos de instrumentos pol\u00edticos para buenas pr\u00e1cticas relacionadas con las protecci\u00f3n del patrimonio natural en los PUOS. Los instrumentos pol\u00edticos deber\u00e1n ser \u00fatiles para mantener o aumentar la calidad de los PUOS reforzando su biodiversidad, protegiendo los ecosistemas y evitando su fragmentaci\u00f3n, y promoviendo infraestructuras verdes y los servicios de los ecosistemas.<\/span><\/p>\n<p style=\"text-align: justify;\"><span style=\"font-size: 12pt;\">Como proyecto de cooperaci\u00f3n interregional, adem\u00e1s de la Universidad del Pa\u00eds Vasco\/Euskal Herriko Unibertsitatea (UPV\/EHU), a trav\u00e9s de la C\u00e1tedra UNESCO, son socias las siguientes instituciones europeas: Martin Luther University Halle-Wittenberg (Alemania), Flemish Land Agency (Belgica), Ministerio para el Desrrollo Regional y Transporte de Alta-ajonia (Alemania), Hajd\u00fa-Bihar County Government (Hungr\u00eda), Mazovia Development Agency Plc (Polonia) y BSC, Business Support Centre, Ltd., Kranj (SI).<\/span><\/p>\n","protected":false},"excerpt":{"rendered":"<p>PROYECTO RENATUR: Improving regional policies to better protect natural heritage of peri-urban open spaces Investigadoras de la C\u00e1tedra UNESCO participan en el proyecto RENATUR Europe: Improving regional policies to better protect natural heritage of peri-urban open spaces. El proyecto tiene como objetivo mejorar las pol\u00edticas regionales para proteger los espacios abiertos periurbanos (PUOS \u2013 Peri-Urban [&hellip;]<\/p>\n","protected":false},"author":4,"featured_media":0,"parent":0,"menu_order":0,"comment_status":"closed","ping_status":"closed","template":"","meta":{"footnotes":""},"class_list":["post-10093","page","type-page","status-publish","hentry"],"_links":{"self":[{"href":"https:\/\/www.ehu.eus\/cdsea\/web\/index.php\/wp-json\/wp\/v2\/pages\/10093"}],"collection":[{"href":"https:\/\/www.ehu.eus\/cdsea\/web\/index.php\/wp-json\/wp\/v2\/pages"}],"about":[{"href":"https:\/\/www.ehu.eus\/cdsea\/web\/index.php\/wp-json\/wp\/v2\/types\/page"}],"author":[{"embeddable":true,"href":"https:\/\/www.ehu.eus\/cdsea\/web\/index.php\/wp-json\/wp\/v2\/users\/4"}],"replies":[{"embeddable":true,"href":"https:\/\/www.ehu.eus\/cdsea\/web\/index.php\/wp-json\/wp\/v2\/comments?post=10093"}],"version-history":[{"count":3,"href":"https:\/\/www.ehu.eus\/cdsea\/web\/index.php\/wp-json\/wp\/v2\/pages\/10093\/revisions"}],"predecessor-version":[{"id":10106,"href":"https:\/\/www.ehu.eus\/cdsea\/web\/index.php\/wp-json\/wp\/v2\/pages\/10093\/revisions\/10106"}],"wp:attachment":[{"href":"https:\/\/www.ehu.eus\/cdsea\/web\/index.php\/wp-json\/wp\/v2\/media?parent=10093"}],"curies":[{"name":"wp","href":"https:\/\/api.w.org\/{rel}","templated":true}]}}