{"id":10286,"date":"2019-10-25T13:31:38","date_gmt":"2019-10-25T13:31:38","guid":{"rendered":"http:\/\/www.ehu.eus\/cdsea\/web\/?page_id=10286"},"modified":"2019-11-22T10:33:26","modified_gmt":"2019-11-22T10:33:26","slug":"revista-ehus-magazine","status":"publish","type":"page","link":"https:\/\/www.ehu.eus\/cdsea\/web\/index.php\/revista-ehus-magazine\/","title":{"rendered":"Revista EHUS magazine"},"content":{"rendered":"<p style=\"text-align: justify;\"><span style=\"color: #003300;\"><strong><span style=\"font-size: 14pt;\">\u00a0REVISTA EHUS MAGAZINE<br \/>\n<\/span><\/strong><\/span><\/p>\n<p style=\"text-align: justify;\"><span style=\"font-size: 12pt;\"><img loading=\"lazy\" decoding=\"async\" class=\" wp-image-10287 alignleft\" src=\"http:\/\/www.ehu.eus\/cdsea\/web\/wp-content\/uploads\/2017\/03\/IMG-20191021-WA0001-198x300.jpeg\" alt=\"\" width=\"178\" height=\"270\" srcset=\"https:\/\/www.ehu.eus\/cdsea\/web\/wp-content\/uploads\/2017\/03\/IMG-20191021-WA0001-198x300.jpeg 198w, https:\/\/www.ehu.eus\/cdsea\/web\/wp-content\/uploads\/2017\/03\/IMG-20191021-WA0001-768x1166.jpeg 768w, https:\/\/www.ehu.eus\/cdsea\/web\/wp-content\/uploads\/2017\/03\/IMG-20191021-WA0001-675x1024.jpeg 675w, https:\/\/www.ehu.eus\/cdsea\/web\/wp-content\/uploads\/2017\/03\/IMG-20191021-WA0001-600x911.jpeg 600w, https:\/\/www.ehu.eus\/cdsea\/web\/wp-content\/uploads\/2017\/03\/IMG-20191021-WA0001.jpeg 1349w\" sizes=\"(max-width: 178px) 100vw, 178px\" \/><\/span><\/p>\n<p style=\"text-align: justify;\">En el marco de la jornada \u201cEl a\u00f1o internacional de las lenguas ind\u00edgenas y los Objetivos de Desarrollo Sostenible (ODS)\u00bb, se ha presentado la publicaci\u00f3n<strong><a href=\"http:\/\/www.ehu.eus\/cdsea\/web\/wp-content\/uploads\/2017\/03\/Version-final-REVISTA-EHUS.pdf\"> EHUS Magazine<\/a><\/strong>.<\/p>\n<p style=\"text-align: justify;\">Esta revista recoge informaci\u00f3n sobre diferentes miembros que integran la Red UNESCO del Pa\u00eds Vasco. Esta red est\u00e1 constitu\u00edda por instituciones p\u00fablicas y privadas que de diferentes formas est\u00e1n vinculadas a UNESCO: escuelas asociadas a las Red PEAS, bibliotecas asociadas, c\u00e1tedras UNESCO, centros y clubes UNESCO, sitios naturales (reconocidos por UNESCO) y sitios patrimonio universal<\/p>\n<p><img loading=\"lazy\" decoding=\"async\" class=\"wp-image-10288 alignleft\" src=\"http:\/\/www.ehu.eus\/cdsea\/web\/wp-content\/uploads\/2017\/03\/IMG-20191021-WA0003-300x200.jpeg\" alt=\"\" width=\"256\" height=\"171\" srcset=\"https:\/\/www.ehu.eus\/cdsea\/web\/wp-content\/uploads\/2017\/03\/IMG-20191021-WA0003-300x200.jpeg 300w, https:\/\/www.ehu.eus\/cdsea\/web\/wp-content\/uploads\/2017\/03\/IMG-20191021-WA0003-768x512.jpeg 768w, https:\/\/www.ehu.eus\/cdsea\/web\/wp-content\/uploads\/2017\/03\/IMG-20191021-WA0003-1024x683.jpeg 1024w, https:\/\/www.ehu.eus\/cdsea\/web\/wp-content\/uploads\/2017\/03\/IMG-20191021-WA0003-600x400.jpeg 600w, https:\/\/www.ehu.eus\/cdsea\/web\/wp-content\/uploads\/2017\/03\/IMG-20191021-WA0003.jpeg 2048w\" sizes=\"(max-width: 256px) 100vw, 256px\" \/><\/p>\n<p><img loading=\"lazy\" decoding=\"async\" class=\"alignnone wp-image-10289\" src=\"http:\/\/www.ehu.eus\/cdsea\/web\/wp-content\/uploads\/2017\/03\/IMG-20191021-WA0008-300x225.jpg\" alt=\"\" width=\"230\" height=\"172\" srcset=\"https:\/\/www.ehu.eus\/cdsea\/web\/wp-content\/uploads\/2017\/03\/IMG-20191021-WA0008-300x225.jpg 300w, https:\/\/www.ehu.eus\/cdsea\/web\/wp-content\/uploads\/2017\/03\/IMG-20191021-WA0008-768x576.jpg 768w, https:\/\/www.ehu.eus\/cdsea\/web\/wp-content\/uploads\/2017\/03\/IMG-20191021-WA0008-1024x768.jpg 1024w, https:\/\/www.ehu.eus\/cdsea\/web\/wp-content\/uploads\/2017\/03\/IMG-20191021-WA0008-600x450.jpg 600w, https:\/\/www.ehu.eus\/cdsea\/web\/wp-content\/uploads\/2017\/03\/IMG-20191021-WA0008.jpg 1599w\" sizes=\"(max-width: 230px) 100vw, 230px\" \/><\/p>\n","protected":false},"excerpt":{"rendered":"<p>\u00a0REVISTA EHUS MAGAZINE En el marco de la jornada \u201cEl a\u00f1o internacional de las lenguas ind\u00edgenas y los Objetivos de Desarrollo Sostenible (ODS)\u00bb, se ha presentado la publicaci\u00f3n EHUS Magazine. Esta revista recoge informaci\u00f3n sobre diferentes miembros que integran la Red UNESCO del Pa\u00eds Vasco. Esta red est\u00e1 constitu\u00edda por instituciones p\u00fablicas y privadas que [&hellip;]<\/p>\n","protected":false},"author":4,"featured_media":0,"parent":0,"menu_order":0,"comment_status":"closed","ping_status":"closed","template":"","meta":{"footnotes":""},"class_list":["post-10286","page","type-page","status-publish","hentry"],"_links":{"self":[{"href":"https:\/\/www.ehu.eus\/cdsea\/web\/index.php\/wp-json\/wp\/v2\/pages\/10286"}],"collection":[{"href":"https:\/\/www.ehu.eus\/cdsea\/web\/index.php\/wp-json\/wp\/v2\/pages"}],"about":[{"href":"https:\/\/www.ehu.eus\/cdsea\/web\/index.php\/wp-json\/wp\/v2\/types\/page"}],"author":[{"embeddable":true,"href":"https:\/\/www.ehu.eus\/cdsea\/web\/index.php\/wp-json\/wp\/v2\/users\/4"}],"replies":[{"embeddable":true,"href":"https:\/\/www.ehu.eus\/cdsea\/web\/index.php\/wp-json\/wp\/v2\/comments?post=10286"}],"version-history":[{"count":10,"href":"https:\/\/www.ehu.eus\/cdsea\/web\/index.php\/wp-json\/wp\/v2\/pages\/10286\/revisions"}],"predecessor-version":[{"id":10491,"href":"https:\/\/www.ehu.eus\/cdsea\/web\/index.php\/wp-json\/wp\/v2\/pages\/10286\/revisions\/10491"}],"wp:attachment":[{"href":"https:\/\/www.ehu.eus\/cdsea\/web\/index.php\/wp-json\/wp\/v2\/media?parent=10286"}],"curies":[{"name":"wp","href":"https:\/\/api.w.org\/{rel}","templated":true}]}}