{"id":10507,"date":"2019-11-22T11:01:31","date_gmt":"2019-11-22T11:01:31","guid":{"rendered":"http:\/\/www.ehu.eus\/cdsea\/web\/?page_id=10507"},"modified":"2019-11-22T11:01:31","modified_gmt":"2019-11-22T11:01:31","slug":"encuestas","status":"publish","type":"page","link":"https:\/\/www.ehu.eus\/cdsea\/web\/index.php\/encuestas\/","title":{"rendered":"Encuestas"},"content":{"rendered":"<p style=\"text-align: justify;\"><span style=\"font-size: 14pt; color: #003300;\"><strong>ENCUESTA SOBRE ENSE\u00d1ANZA DE LOS SERVICIOS DE LOS ECOSISTEMAS<\/strong><\/span><\/p>\n<p style=\"text-align: justify;\"><span style=\"font-size: 12pt;\">Desde la C\u00e1tedra UNESCO sobre Desarrollo Sostenible y Educaci\u00f3n Ambiental de la UPV\/EHU, hemos creado un <strong>grupo de trabajo internacional para estudiar las metodolog\u00edas y experiencias existentes en ense\u00f1anza de servicios de los ecosistemas<\/strong>. Para llevar a cabo el primer diagn\u00f3stico, hemos preparado un cuestionario en el que recogemos las experiencias en educaci\u00f3n en servicios de los ecosistemas de diferentes actores.<\/span><\/p>\n<p style=\"text-align: justify;\"><span style=\"font-size: 12pt;\">El cuestionario:\u00a0<a href=\"https:\/\/forms.gle\/JZqWd9BFJv3cJcng7\">https:\/\/forms.gle\/JZqWd9BFJv3cJcng7<\/a><\/span><\/p>\n<p style=\"text-align: justify;\"><span style=\"font-size: 12pt;\">Si ense\u00f1as el concepto de servicios de los ecosistemas, aunque sea de manera puntual, te agradecer\u00edamos mucho que rellenases este cuestionario. A pesar de que el cuestionario est\u00e1 en ingl\u00e9s, para las preguntas abiertas puedes responder en euskera o castellano.<\/span><\/p>\n","protected":false},"excerpt":{"rendered":"<p>ENCUESTA SOBRE ENSE\u00d1ANZA DE LOS SERVICIOS DE LOS ECOSISTEMAS Desde la C\u00e1tedra UNESCO sobre Desarrollo Sostenible y Educaci\u00f3n Ambiental de la UPV\/EHU, hemos creado un grupo de trabajo internacional para estudiar las metodolog\u00edas y experiencias existentes en ense\u00f1anza de servicios de los ecosistemas. Para llevar a cabo el primer diagn\u00f3stico, hemos preparado un cuestionario en [&hellip;]<\/p>\n","protected":false},"author":4,"featured_media":0,"parent":0,"menu_order":0,"comment_status":"closed","ping_status":"closed","template":"","meta":{"footnotes":""},"class_list":["post-10507","page","type-page","status-publish","hentry"],"_links":{"self":[{"href":"https:\/\/www.ehu.eus\/cdsea\/web\/index.php\/wp-json\/wp\/v2\/pages\/10507"}],"collection":[{"href":"https:\/\/www.ehu.eus\/cdsea\/web\/index.php\/wp-json\/wp\/v2\/pages"}],"about":[{"href":"https:\/\/www.ehu.eus\/cdsea\/web\/index.php\/wp-json\/wp\/v2\/types\/page"}],"author":[{"embeddable":true,"href":"https:\/\/www.ehu.eus\/cdsea\/web\/index.php\/wp-json\/wp\/v2\/users\/4"}],"replies":[{"embeddable":true,"href":"https:\/\/www.ehu.eus\/cdsea\/web\/index.php\/wp-json\/wp\/v2\/comments?post=10507"}],"version-history":[{"count":1,"href":"https:\/\/www.ehu.eus\/cdsea\/web\/index.php\/wp-json\/wp\/v2\/pages\/10507\/revisions"}],"predecessor-version":[{"id":10509,"href":"https:\/\/www.ehu.eus\/cdsea\/web\/index.php\/wp-json\/wp\/v2\/pages\/10507\/revisions\/10509"}],"wp:attachment":[{"href":"https:\/\/www.ehu.eus\/cdsea\/web\/index.php\/wp-json\/wp\/v2\/media?parent=10507"}],"curies":[{"name":"wp","href":"https:\/\/api.w.org\/{rel}","templated":true}]}}