{"id":10795,"date":"2019-12-13T14:35:34","date_gmt":"2019-12-13T14:35:34","guid":{"rendered":"http:\/\/www.ehu.eus\/cdsea\/web\/?page_id=10795"},"modified":"2020-07-15T16:17:12","modified_gmt":"2020-07-15T16:17:12","slug":"10795-2","status":"publish","type":"page","link":"https:\/\/www.ehu.eus\/cdsea\/web\/index.php\/10795-2\/","title":{"rendered":"Uganda"},"content":{"rendered":"<p style=\"text-align: justify;\"><span style=\"font-size: 14pt; color: #003300;\"><strong>ODS y EDUCACI\u00d3N PARA LA SOSTENIBILIDAD EN ESCUELAS RURALES DE UGANDA<\/strong><\/span><\/p>\n<p style=\"text-align: justify;\"><span style=\"font-size: 12pt;\"><img loading=\"lazy\" decoding=\"async\" class=\"size-medium wp-image-10797 alignleft\" src=\"http:\/\/www.ehu.eus\/cdsea\/web\/wp-content\/uploads\/2017\/03\/uganda2-184x300.jpg\" alt=\"\" width=\"184\" height=\"300\" srcset=\"https:\/\/www.ehu.eus\/cdsea\/web\/wp-content\/uploads\/2017\/03\/uganda2-184x300.jpg 184w, https:\/\/www.ehu.eus\/cdsea\/web\/wp-content\/uploads\/2017\/03\/uganda2.jpg 455w\" sizes=\"(max-width: 184px) 100vw, 184px\" \/>Desde el pasado mes de septiembre, la C\u00e1tedra UNESCO colabora con el Proyecto de Escuelas Agrosostenibles en Uganda &#8211; <a href=\"http:\/\/www.saluganda.org\/\">SALUGANDA<\/a> &#8211; con el objetivo de impartir sesiones sobre los Objetivos de Desarrollo Sostenible (ODS) en escuelas rurales de Uganda. Especificamente esta colaboraci\u00f3n ha contribuido a los ODS 3,4,5, garantizando la asistencia de las ni\u00f1as a la escuela en el distrito de Buikwe y Mukono, a trav\u00e9s de talleres sobre ODS y sostenibilidad, educaci\u00f3n en higiene y salud menstrual. La falta de informaci\u00f3n y acceso de higiene femenina es una de las razones por las que se genera abandono escolar en ni\u00f1as.<\/span><\/p>\n<p style=\"text-align: justify;\"><span style=\"font-size: 12pt;\">Estas sesiones, dirigidas a alumnos\/as de primaria se enmarcan en este proyecto cuyo objetivo general es mejorar las condiciones higi\u00e9nicas, la alimentaci\u00f3n y la educaci\u00f3n de los ni\u00f1os y ni\u00f1as en siete escuelas ugandesas (2986 alumnos en total). Para ello, colaboramos con la ONG local Cape of Good Hope Orphan Care (COGHOC) en la instalaci\u00f3n de letrinas secas tipo Ecosan, tanques de recogida de agua de lluvia, criaderos de cerdos, gallineros y huertos ecol\u00f3gicos, completando as\u00ed un ciclo de producci\u00f3n sostenible adaptado a los<\/span><span style=\"font-size: 12pt;\"><img loading=\"lazy\" decoding=\"async\" class=\"size-medium wp-image-10796 alignright\" src=\"http:\/\/www.ehu.eus\/cdsea\/web\/wp-content\/uploads\/2017\/03\/Uganda1-300x225.jpg\" alt=\"\" width=\"300\" height=\"225\" srcset=\"https:\/\/www.ehu.eus\/cdsea\/web\/wp-content\/uploads\/2017\/03\/Uganda1-300x225.jpg 300w, https:\/\/www.ehu.eus\/cdsea\/web\/wp-content\/uploads\/2017\/03\/Uganda1-768x576.jpg 768w, https:\/\/www.ehu.eus\/cdsea\/web\/wp-content\/uploads\/2017\/03\/Uganda1.jpg 1024w, https:\/\/www.ehu.eus\/cdsea\/web\/wp-content\/uploads\/2017\/03\/Uganda1-600x450.jpg 600w\" sizes=\"(max-width: 300px) 100vw, 300px\" \/><\/span><span style=\"font-size: 12pt;\"> recursos de cada escuela. Los alumn@s participan directamente en estas actividades, de manera que aprenden t\u00e9cnicas de agricultura y ganader\u00eda sostenibles, compostaje e higiene perso<\/span><span style=\"font-size: 12pt;\">nal a la vez que mejoran las condiciones de vida en la escuela, y con ello la asistencia a clase.<\/span><\/p>\n<p style=\"text-align: justify;\"><span style=\"font-size: 12pt;\">Este proyecto fue iniciado en 2011 por NEIKER-Tecnalia y Ner Group, y actualmente cuenta con la colaboraci\u00f3n de otras entidades como Lancor, Foro Rural Mundial, Eleistasuna o Histocell.<\/span><\/p>\n<p>&nbsp;<\/p>\n","protected":false},"excerpt":{"rendered":"<p>ODS y EDUCACI\u00d3N PARA LA SOSTENIBILIDAD EN ESCUELAS RURALES DE UGANDA Desde el pasado mes de septiembre, la C\u00e1tedra UNESCO colabora con el Proyecto de Escuelas Agrosostenibles en Uganda &#8211; SALUGANDA &#8211; con el objetivo de impartir sesiones sobre los Objetivos de Desarrollo Sostenible (ODS) en escuelas rurales de Uganda. Especificamente esta colaboraci\u00f3n ha contribuido [&hellip;]<\/p>\n","protected":false},"author":4,"featured_media":0,"parent":0,"menu_order":0,"comment_status":"closed","ping_status":"closed","template":"","meta":{"footnotes":""},"class_list":["post-10795","page","type-page","status-publish","hentry"],"_links":{"self":[{"href":"https:\/\/www.ehu.eus\/cdsea\/web\/index.php\/wp-json\/wp\/v2\/pages\/10795"}],"collection":[{"href":"https:\/\/www.ehu.eus\/cdsea\/web\/index.php\/wp-json\/wp\/v2\/pages"}],"about":[{"href":"https:\/\/www.ehu.eus\/cdsea\/web\/index.php\/wp-json\/wp\/v2\/types\/page"}],"author":[{"embeddable":true,"href":"https:\/\/www.ehu.eus\/cdsea\/web\/index.php\/wp-json\/wp\/v2\/users\/4"}],"replies":[{"embeddable":true,"href":"https:\/\/www.ehu.eus\/cdsea\/web\/index.php\/wp-json\/wp\/v2\/comments?post=10795"}],"version-history":[{"count":4,"href":"https:\/\/www.ehu.eus\/cdsea\/web\/index.php\/wp-json\/wp\/v2\/pages\/10795\/revisions"}],"predecessor-version":[{"id":12521,"href":"https:\/\/www.ehu.eus\/cdsea\/web\/index.php\/wp-json\/wp\/v2\/pages\/10795\/revisions\/12521"}],"wp:attachment":[{"href":"https:\/\/www.ehu.eus\/cdsea\/web\/index.php\/wp-json\/wp\/v2\/media?parent=10795"}],"curies":[{"name":"wp","href":"https:\/\/api.w.org\/{rel}","templated":true}]}}