{"id":11308,"date":"2020-02-24T13:21:18","date_gmt":"2020-02-24T13:21:18","guid":{"rendered":"http:\/\/www.ehu.eus\/cdsea\/web\/?page_id=11308"},"modified":"2021-07-13T10:14:34","modified_gmt":"2021-07-13T10:14:34","slug":"11308-2","status":"publish","type":"page","link":"https:\/\/www.ehu.eus\/cdsea\/web\/index.php\/11308-2\/","title":{"rendered":"Renatur. Jornadas Tem\u00e1ticas Interregionales"},"content":{"rendered":"<p>[vc_row][vc_column width=\u00bb1\/4&#8243;][vc_wp_custommenu nav_menu=\u00bb112&#8243;][\/vc_column][vc_column width=\u00bb3\/4&#8243;][us_single_image image=\u00bb11330&#8243; size=\u00bbmedium\u00bb align=\u00bbcenter\u00bb][vc_column_text]Dentro del proyecto <strong>RENATUR<\/strong> se realizan diferentes <strong>Jornadas Tem\u00e1ticas Interregionales<\/strong> mediante la participaci\u00f3n activa de los agentes relevantes de cada regi\u00f3n. Estas jornadas consisten en un <strong>Intercambio de Experiencias, mediante la visita <em>in situ<\/em> y revisi\u00f3n por pares de expertos de la problem\u00e1tica de la regi\u00f3n de estudio<\/strong>. Se realizar\u00e1n aproximadamente cada 6 meses, desde Marzo 2020 hasta Diciembre de 2021. A continuaci\u00f3n se puede obtener m\u00e1s informaci\u00f3n sobre las diferentes jornadas realizadas o que se realizar\u00e1n a lo largo del proyecto.[\/vc_column_text][vc_tta_tabs][vc_tta_section title=\u00bbMAYO 2020: AGENCIA TERRITORIAL DE FLANDES (B\u00c9LGICA) \u00bb tab_id=\u00bb1582550342241-235ac9dd-e9b3&#8243;][vc_column_text]<\/p>\n<ul>\n<li><span style=\"font-size: 12pt;\"><strong>TEM\u00c1TICA: Reparcelaci\u00f3n por imperativo legal con intercambio parcelario <\/strong><\/span><\/li>\n<li><strong>M\u00e1s informaci\u00f3n: <\/strong><a href=\"https:\/\/www.interregeurope.eu\/renatur\/events\/event\/3263\/first-interregional-workshop-in-antwerp\/\">https:\/\/www.interregeurope.eu\/renatur\/events\/event\/3263\/first-interregional-workshop-in-antwerp\/<\/a><\/li>\n<li style=\"text-align: justify;\"><span style=\"font-size: 12pt;\"><strong>Documentos:<\/strong><a href=\"https:\/\/www.interregeurope.eu\/renatur\/library\/#folder=2488\"> https:\/\/www.interregeurope.eu\/renatur\/library\/#folder=2488<\/a><\/span><\/li>\n<li><span style=\"font-size: 12pt;\"><strong><a href=\"http:\/\/www.ehu.eus\/cdsea\/web\/wp-content\/uploads\/2017\/03\/in1-9.jpg\"><img loading=\"lazy\" decoding=\"async\" class=\"alignnone wp-image-12367 size-medium\" src=\"http:\/\/www.ehu.eus\/cdsea\/web\/wp-content\/uploads\/2017\/03\/in1-9-300x204.jpg\" alt=\"\" width=\"300\" height=\"204\" srcset=\"https:\/\/www.ehu.eus\/cdsea\/web\/wp-content\/uploads\/2017\/03\/in1-9-300x204.jpg 300w, https:\/\/www.ehu.eus\/cdsea\/web\/wp-content\/uploads\/2017\/03\/in1-9-768x522.jpg 768w, https:\/\/www.ehu.eus\/cdsea\/web\/wp-content\/uploads\/2017\/03\/in1-9-1024x697.jpg 1024w, https:\/\/www.ehu.eus\/cdsea\/web\/wp-content\/uploads\/2017\/03\/in1-9-600x408.jpg 600w, https:\/\/www.ehu.eus\/cdsea\/web\/wp-content\/uploads\/2017\/03\/in1-9.jpg 1645w\" sizes=\"(max-width: 300px) 100vw, 300px\" \/><\/a>\u00a0\u00a0\u00a0<span style=\"font-size: 10pt;\"> Foto: <\/span><\/strong><span style=\"font-size: 10pt;\">VLM online meeting<\/span><br \/>\n<\/span><\/li>\n<li style=\"text-align: left;\"><span style=\"font-size: 12pt;\"><strong>Otros links:<\/strong><\/span><span style=\"font-size: 12pt;\"> <a href=\"https:\/\/www.vlm.be\/nl\/SiteCollectionDocuments\/Landinrichting\/brochure%20landinrichting%20ENGELS.pdf\">https:\/\/www.vlm.be\/nl\/SiteCollectionDocuments\/Landinrichting\/brochure%20landinrichting%20ENGELS.pdf<\/a><\/span><\/li>\n<\/ul>\n<p>[\/vc_column_text][us_single_image image=\u00bb11297&#8243; size=\u00bbmedium\u00bb align=\u00bbcenter\u00bb][\/vc_tta_section][vc_tta_section title=\u00bbNOVIEMBRE 2020: BCS, CENTRO DE APOYO EMPRESARIAL DE KRANJ (ESLOVENIA)\u00bb tab_id=\u00bb1623235413327-56707ff5-f0e2&#8243;][vc_column_text]<strong>Tem\u00e1tica<\/strong>:\u00a0 Jornada interregional online Instrumentos politicos para proteger los espacios abiertos periurbanos<\/p>\n<p><strong>M\u00e1s informaci\u00f3n:<\/strong> <strong><a href=\"https:\/\/www.interregeurope.eu\/renatur\/events\/event\/3784\/interregional-online-workshop-for-gorenjska-region\/\">https:\/\/www.interregeurope.eu\/renatur\/events\/event\/3784\/interregional-online-workshop-for-gorenjska-region\/<\/a><\/strong><\/p>\n<p><strong>Documentos: <a href=\"https:\/\/www.interregeurope.eu\/renatur\/library\/#folder=2488\">https:\/\/www.interregeurope.eu\/renatur\/library\/#folder=2488<\/a> <\/strong><\/p>\n<p><strong>Otros links<\/strong>: <a href=\"https:\/\/www.interregeurope.eu\/oss\/news\/news-article\/4128\/bsc-business-support-centre-ltd-kranj\/\">https:\/\/www.interregeurope.eu\/oss\/news\/news-article\/4128\/bsc-business-support-centre-ltd-kranj\/<\/a>[\/vc_column_text][us_single_image image=\u00bb14919&#8243; size=\u00bbmedium_large\u00bb align=\u00bbcenter\u00bb][us_single_image image=\u00bb11296&#8243; size=\u00bbmedium\u00bb align=\u00bbcenter\u00bb][\/vc_tta_section][vc_tta_section title=\u00bbENERO 2021: JORNADA RENATUR INTERREG DEL MINISTERIO DE DESARROLLO REGIONAL Y TRANSPORTE DE SAJONIA-ANHALT (ALEMANIA)\u00bb tab_id=\u00bb1582550346028-3d4a244b-14a7&#8243;][vc_column_text]<strong>Tem\u00e1tica<\/strong>: \u00a0Jornada Interregional online Revitalizaci\u00f3n de zonas industriales abandonadas del centro de la ciudad<\/p>\n<p><strong>M\u00e1s informaci\u00f3n:<\/strong>\u00a0 <a href=\"https:\/\/www.interregeurope.eu\/renatur\/events\/event\/3640\/interregional-online-workshop-for-saxony-anhalt\/\">https:\/\/www.interregeurope.eu\/renatur\/events\/event\/3640\/interregional-online-workshop-for-saxony-anhalt\/<\/a><\/p>\n<p><strong>Documentos<\/strong>:\u00a0 <a href=\"https:\/\/www.interregeurope.eu\/renatur\/library\/\">https:\/\/www.interregeurope.eu\/renatur\/library\/<\/a><\/p>\n<p><strong>Otros Links:<\/strong>\u00a0 <a href=\"https:\/\/errin.eu\/members\/saxony-anhalt\">https:\/\/errin.eu\/members\/saxony-anhalt<\/a>[\/vc_column_text][us_single_image image=\u00bb11302&#8243; size=\u00bbmedium\u00bb align=\u00bbcenter\u00bb][\/vc_tta_section][vc_tta_section title=\u00bbMARZO 2021: GOBIERNO DEL CONDADO DE HAJD\u00da-BIHAR (HUNGR\u00cdA) \u00bb tab_id=\u00bb1623235601982-f3a75af4-8394&#8243;][vc_column_text]<strong>Tem\u00e1tica: Jornada Interregional online Comprender y mapear los servicios de los ecosistemas <\/strong><\/p>\n<p><strong>M\u00e1s informaci\u00f3n: <a href=\"https:\/\/www.interregeurope.eu\/renatur\/events\/event\/4292\/interregional-workshop-for-hajdu-bihar-county\/\">https:\/\/www.interregeurope.eu\/renatur\/events\/event\/4292\/interregional-workshop-for-hajdu-bihar-county\/<\/a> <\/strong><\/p>\n<p><strong>Documentos<\/strong>:\u00a0 <a href=\"https:\/\/www.interregeurope.eu\/renatur\/library\/\">https:\/\/www.interregeurope.eu\/renatur\/library\/<\/a>[\/vc_column_text][us_single_image image=\u00bb11299&#8243; size=\u00bbmedium\u00bb align=\u00bbcenter\u00bb][\/vc_tta_section][vc_tta_section title=\u00bbJULIO 2021: UNIVERSIDAD DEL PA\u00cdS VASCO\/EUSKAL HERRIKO UNIBERTSITATEA \u00bb tab_id=\u00bb1582550346664-ec5bc52b-97d3&#8243;][vc_column_text]<strong>Tem\u00e1tica: M\u00e9todos para mejorar la resiliencia de las zonas costeras y forestales periurbanas en el Pa\u00eds Vasco.\u00a0<\/strong><\/p>\n<p><strong>Organiza<\/strong><strong>: <\/strong>C\u00e1tedra UNESCO sobre Desarrollo Sostenible y Educaci\u00f3n Ambiental UPV\/EHU &#8211; 13 y 14 de julio workshop online.<\/p>\n<p style=\"text-align: justify;\">RENATUR es un proyecto Europeo cuyo objetivo general de RENATUR es la identificaci\u00f3n, an\u00e1lisis, difusi\u00f3n y transferencia de buenas pr\u00e1cticas y experiencias pol\u00edticas relacionadas con la protecci\u00f3n del patrimonio natural de los Espacios Abiertos Periurbanos (PUOS) en instrumentos de pol\u00edtica regional. Dentro del proyecto <strong>RENATUR<\/strong> se realizan diferentes <strong>Jornadas Tem\u00e1ticas Interregionales<\/strong> mediante la participaci\u00f3n activa de los agentes relevantes de cada regi\u00f3n. Estas jornadas consisten en un <strong>Intercambio de Experiencias, mediante la revisi\u00f3n por pares de expertos de la problem\u00e1tica de la regi\u00f3n de estudio<\/strong>. Las regiones asociadas trabajan juntas intercambiando soluciones para la promoci\u00f3n y protecci\u00f3n del patrimonio natural de los espacios abiertos periurbanos (PUOS) en la pr\u00e1ctica de la planificaci\u00f3n.<\/p>\n<p style=\"text-align: justify;\">\nEn el caso de este workshop online, organizado por la Universidad del Pa\u00eds Vasco (UPV\/EHU) los d\u00edas 13 y 14 de julio y titulado \u201cM\u00e9todos para mejorar la resiliencia de las zonas costeras y forestales periurbanas en el Pa\u00eds Vasco\u201d, participar\u00e1n, entre otros, expertos de, Sajonia anhalt en Alemania, Flandes en B\u00e9lgica, Hadj\u00fa-Bihar en Hungr\u00eda, Gorenjska en Eslovenia y Mazovia en Polonia y Pa\u00eds Vasco. Para ello se analizaran dos casos concretos en relaci\u00f3n a PUOS localizados en Bermeo y Berriatua y se trabajaran sus retos espec\u00edficos. De estas jornadas se podr\u00e1n sacar resultados para trabajar un Plan de Acci\u00f3n, con el \u00faltimo objetivo general debatir y mejorar la gobernanza del Fondo Europeo de Desarrollo Regional (FEDER) en la Comunidad Aut\u00f3noma Vasca (CAPV). Los objetivos finales son PROTEGER los ecosistemas y sus servicios, CONSERVAR la biodiversidad y REDUCIR su p\u00e9rdida, EVITAR la fragmentaci\u00f3n de los ecosistemas y MEJORAR su conexi\u00f3n, REDUCIR la impermeabilizaci\u00f3n del suelo y CONCIENCIAR sobre el concepto de infraestructuras verdes en la ordenaci\u00f3n territorial.<\/p>\n<p><strong>M\u00e1s informaci\u00f3n: <a href=\"https:\/\/www.interregeurope.eu\/renatur\/events\/event\/4550\/interregional-online-workshop-for-basque-country\/\">https:\/\/www.interregeurope.eu\/renatur\/events\/event\/4550\/interregional-online-workshop-for-basque-country\/<\/a><\/strong><\/p>\n<p><strong>Otros links: <\/strong>[\/vc_column_text][us_single_image image=\u00bb8223&#8243; size=\u00bbmedium\u00bb align=\u00bbcenter\u00bb][us_single_image image=\u00bb11330&#8243; size=\u00bbmedium\u00bb align=\u00bbcenter\u00bb][\/vc_tta_section][vc_tta_section title=\u00bbDICIEMBRE 2021: AGENCIA DE DESARROLLO DE MAZOVIA (POLONIA)\u00bb tab_id=\u00bb1582550347317-4814d6ee-c6f6&#8243;][vc_column_text]<strong><u>Tem\u00e1tica<\/u>: <\/strong><\/p>\n<p><strong>M\u00e1s informaci\u00f3n: <\/strong><\/p>\n<p><strong>Fotos: <\/strong><\/p>\n<p><strong>Otros links: <\/strong>[\/vc_column_text][us_single_image image=\u00bb11298&#8243; size=\u00bbmedium\u00bb align=\u00bbcenter\u00bb][\/vc_tta_section][\/vc_tta_tabs][\/vc_column][\/vc_row]<\/p>\n","protected":false},"excerpt":{"rendered":"<p>[vc_row][vc_column width=\u00bb1\/4&#8243;][vc_wp_custommenu nav_menu=\u00bb112&#8243;][\/vc_column][vc_column width=\u00bb3\/4&#8243;][us_single_image image=\u00bb11330&#8243; size=\u00bbmedium\u00bb align=\u00bbcenter\u00bb][vc_column_text]Dentro del proyecto RENATUR se realizan diferentes Jornadas Tem\u00e1ticas Interregionales mediante la participaci\u00f3n activa de los agentes relevantes de cada regi\u00f3n. Estas jornadas consisten en un Intercambio de Experiencias, mediante la visita in situ y revisi\u00f3n por pares de expertos de la problem\u00e1tica de la regi\u00f3n de estudio. Se [&hellip;]<\/p>\n","protected":false},"author":4,"featured_media":0,"parent":0,"menu_order":0,"comment_status":"closed","ping_status":"closed","template":"","meta":{"footnotes":""},"class_list":["post-11308","page","type-page","status-publish","hentry"],"_links":{"self":[{"href":"https:\/\/www.ehu.eus\/cdsea\/web\/index.php\/wp-json\/wp\/v2\/pages\/11308"}],"collection":[{"href":"https:\/\/www.ehu.eus\/cdsea\/web\/index.php\/wp-json\/wp\/v2\/pages"}],"about":[{"href":"https:\/\/www.ehu.eus\/cdsea\/web\/index.php\/wp-json\/wp\/v2\/types\/page"}],"author":[{"embeddable":true,"href":"https:\/\/www.ehu.eus\/cdsea\/web\/index.php\/wp-json\/wp\/v2\/users\/4"}],"replies":[{"embeddable":true,"href":"https:\/\/www.ehu.eus\/cdsea\/web\/index.php\/wp-json\/wp\/v2\/comments?post=11308"}],"version-history":[{"count":22,"href":"https:\/\/www.ehu.eus\/cdsea\/web\/index.php\/wp-json\/wp\/v2\/pages\/11308\/revisions"}],"predecessor-version":[{"id":15009,"href":"https:\/\/www.ehu.eus\/cdsea\/web\/index.php\/wp-json\/wp\/v2\/pages\/11308\/revisions\/15009"}],"wp:attachment":[{"href":"https:\/\/www.ehu.eus\/cdsea\/web\/index.php\/wp-json\/wp\/v2\/media?parent=11308"}],"curies":[{"name":"wp","href":"https:\/\/api.w.org\/{rel}","templated":true}]}}