{"id":11453,"date":"2020-03-06T14:34:12","date_gmt":"2020-03-06T14:34:12","guid":{"rendered":"http:\/\/www.ehu.eus\/cdsea\/web\/?page_id=11453"},"modified":"2020-11-09T10:54:45","modified_gmt":"2020-11-09T10:54:45","slug":"renatur-inscripcion","status":"publish","type":"page","link":"https:\/\/www.ehu.eus\/cdsea\/web\/index.php\/renatur-inscripcion\/","title":{"rendered":"Renatur Inscripci\u00f3n"},"content":{"rendered":"<p>[vc_row][vc_column][vc_column_text]<strong><span style=\"font-size: 18pt;\">Inscripci\u00f3n a la Jornada<\/span><\/strong>[\/vc_column_text][vc_column_text]<\/p>\n<p style=\"text-align: justify;\"><strong>INFORMACI\u00d3N B\u00c1SICA SOBRE TRATAMIENTO DE DATOS DE CAR\u00c1CTER PERSONAL<\/strong><\/p>\n<p style=\"text-align: justify;\">De acuerdo con lo dispuesto en el art\u00edculo 13 del Reglamento UE 2016\/679, del Parlamento Europeo y del Consejo, de 27 de abril, relativo a la protecci\u00f3n de las personas f\u00edsicas en lo que respecta al tratamiento de datos personales y a la libre circulaci\u00f3n de estos datos, le informamos que sus datos pasan a formar parte de un fichero responsabilidad de la UPV\/EHU, as\u00ed como de los siguientes extremos:<\/p>\n<p style=\"text-align: justify;\"><strong>C\u00f3digo del tratamiento: <\/strong>TG0051<\/p>\n<p style=\"text-align: justify;\"><strong>Nombre del Tratamiento: <\/strong>RENATUR<\/p>\n<p style=\"text-align: justify;\"><strong>Responsable del tratamiento de datos <\/strong>Universidad del Pa\u00eds Vasco \/ Euskal Herriko Unibertsitatea (UPV\/EHU)<\/p>\n<p style=\"text-align: justify;\"><strong>Finalidad del tratamiento de datos <\/strong>BASE DE DATOS PERSONAS PARTICIPANTES RENATUR<\/p>\n<p><strong>Legitimaci\u00f3n del tratamiento de datos<\/strong><\/p>\n<p>&#8211; Consentimiento de las personas interesadas<\/p>\n<p><strong>Destinatarios de cesiones y transferencias internacionales de datos:<\/strong><\/p>\n<p>No se ceder\u00e1n datos salvo previsi\u00f3n legal<\/p>\n<p>No se efectuar\u00e1n transferencias internacionales<\/p>\n<p><strong>Derechos: <\/strong>Acceder, rectificar y suprimir los datos, as\u00ed como otros derechos, como se explica en la informaci\u00f3n adicional<\/p>\n<p><strong>Informaci\u00f3n adicional:<\/strong><\/p>\n<p>Disponible en <a href=\"http:\/\/www.ehu.eus\/babestu\">http:\/\/www.ehu.eus\/babestu<\/a><\/p>\n<p>Informaci\u00f3n completa de este tratamiento en: <a href=\"http:\/\/go.ehu.eus\/C2TG0051\">http:\/\/go.ehu.eus\/C2TG0051<\/a><\/p>\n<p>-Doy mi consentimiento para realizar la grabaci\u00f3n audiovisual y fotogr\u00e1fica de mi participaci\u00f3n durante el evento de RENATUR celebrada en el Bizkaia Aretoa, y su posterior difusi\u00f3n.[\/vc_column_text]<div role=\"form\" class=\"wpcf7\" id=\"wpcf7-f11346-o1\" lang=\"es-ES\" dir=\"ltr\">\n<div class=\"screen-reader-response\"><\/div>\n<form action=\"\/cdsea\/web\/index.php\/wp-json\/wp\/v2\/pages\/11453#wpcf7-f11346-o1\" method=\"post\" class=\"wpcf7-form\" novalidate=\"novalidate\">\n<div style=\"display: none;\">\n<input type=\"hidden\" name=\"_wpcf7\" value=\"11346\" \/>\n<input type=\"hidden\" name=\"_wpcf7_version\" value=\"4.9.2\" \/>\n<input type=\"hidden\" name=\"_wpcf7_locale\" value=\"es_ES\" \/>\n<input type=\"hidden\" name=\"_wpcf7_unit_tag\" value=\"wpcf7-f11346-o1\" \/>\n<input type=\"hidden\" name=\"_wpcf7_container_post\" value=\"0\" \/>\n<\/div>\n<p><label><span class=\"wpcf7-form-control-wrap checkbox-150\"><span class=\"wpcf7-form-control wpcf7-checkbox wpcf7-validates-as-required\"><span class=\"wpcf7-list-item first last\"><span class=\"wpcf7-list-item-label\">He leido y acepto la pol\u00edtica de privacidad de datos\/Irakurri eta onartzen dut datuen babeserako politika<\/span><input type=\"checkbox\" name=\"checkbox-150[]\" value=\"He leido y acepto la pol\u00edtica de privacidad de datos\/Irakurri eta onartzen dut datuen babeserako politika\" \/><\/span><\/span><\/span><\/p>\n<p><label> Nombre\/Izena(requerido\/beharrezkoa)<br \/>\n    <span class=\"wpcf7-form-control-wrap your-name\"><input type=\"text\" name=\"your-name\" value=\"\" size=\"40\" class=\"wpcf7-form-control wpcf7-text wpcf7-validates-as-required\" aria-required=\"true\" aria-invalid=\"false\" \/><\/span> <\/label><\/p>\n<p><label> Apellido\/Abizena (requerido\/beharrezkoa)<br \/>\n    <span class=\"wpcf7-form-control-wrap your-surname\"><input type=\"text\" name=\"your-surname\" value=\"\" size=\"40\" class=\"wpcf7-form-control wpcf7-text wpcf7-validates-as-required\" aria-required=\"true\" aria-invalid=\"false\" \/><\/span> <\/label><\/p>\n<p><label> Email (requerido\/beharrezkoa)<br \/>\n    <span class=\"wpcf7-form-control-wrap your-email\"><input type=\"email\" name=\"your-email\" value=\"\" size=\"40\" class=\"wpcf7-form-control wpcf7-text wpcf7-email wpcf7-validates-as-required wpcf7-validates-as-email\" aria-required=\"true\" aria-invalid=\"false\" \/><\/span> <\/label><\/p>\n<p><label> Entidad\/Entitatea (requerido\/beharrezkoa)<br \/>\n    <span class=\"wpcf7-form-control-wrap your-organization\"><input type=\"text\" name=\"your-organization\" value=\"\" size=\"40\" class=\"wpcf7-form-control wpcf7-text wpcf7-validates-as-required\" aria-required=\"true\" aria-invalid=\"false\" \/><\/span> <\/label><\/p>\n<p><label><span class=\"wpcf7-form-control-wrap checkbox-531\"><span class=\"wpcf7-form-control wpcf7-checkbox wpcf7-validates-as-required\"><span class=\"wpcf7-list-item first\"><input type=\"checkbox\" name=\"checkbox-531[]\" value=\"Universidad o Centros de Investigaci\u00f3n\/Unibertsitatea edo Ikerketa Zentroak\" \/><span class=\"wpcf7-list-item-label\">Universidad o Centros de Investigaci\u00f3n\/Unibertsitatea edo Ikerketa Zentroak<\/span><\/span><span class=\"wpcf7-list-item\"><input type=\"checkbox\" name=\"checkbox-531[]\" value=\"Administraci\u00f3n\/Administrazioa\" \/><span class=\"wpcf7-list-item-label\">Administraci\u00f3n\/Administrazioa<\/span><\/span><span class=\"wpcf7-list-item\"><input type=\"checkbox\" name=\"checkbox-531[]\" value=\"Empresa privada\/Enpresa Pribatua\" \/><span class=\"wpcf7-list-item-label\">Empresa privada\/Enpresa Pribatua<\/span><\/span><span class=\"wpcf7-list-item\"><input type=\"checkbox\" name=\"checkbox-531[]\" value=\"Asociaci\u00f3n\/Fundaci\u00f3n\/ONG-Elkartea\/Fundazioa\/ONG\" \/><span class=\"wpcf7-list-item-label\">Asociaci\u00f3n\/Fundaci\u00f3n\/ONG-Elkartea\/Fundazioa\/ONG<\/span><\/span><span class=\"wpcf7-list-item last\"><input type=\"checkbox\" name=\"checkbox-531[]\" value=\"Otros\/Beste Bat\" \/><span class=\"wpcf7-list-item-label\">Otros\/Beste Bat<\/span><\/span><\/span><\/span><\/p>\n<p><label> Restricciones Alimenticias\/Dieta murrizketak <span class=\"wpcf7-form-control-wrap checkbox-284\"><span class=\"wpcf7-form-control wpcf7-checkbox wpcf7-validates-as-required\"><span class=\"wpcf7-list-item first\"><input type=\"checkbox\" name=\"checkbox-284[]\" value=\"Gluten\" \/><span class=\"wpcf7-list-item-label\">Gluten<\/span><\/span><span class=\"wpcf7-list-item\"><input type=\"checkbox\" name=\"checkbox-284[]\" value=\"Lactosa\/Esnekiak\" \/><span class=\"wpcf7-list-item-label\">Lactosa\/Esnekiak<\/span><\/span><span class=\"wpcf7-list-item\"><input type=\"checkbox\" name=\"checkbox-284[]\" value=\"Frutos Secos\/Fruitu lehorrak\" \/><span class=\"wpcf7-list-item-label\">Frutos Secos\/Fruitu lehorrak<\/span><\/span><span class=\"wpcf7-list-item last\"><input type=\"checkbox\" name=\"checkbox-284[]\" value=\"Otros\/Besteak\" \/><span class=\"wpcf7-list-item-label\">Otros\/Besteak<\/span><\/span><\/span><\/span><\/p>\n<p><label> Asistencia\/Bertaratzea (requerido\/beharrezkoa)<span class=\"wpcf7-form-control-wrap checkbox-285\"><span class=\"wpcf7-form-control wpcf7-checkbox wpcf7-validates-as-required\"><span class=\"wpcf7-list-item first\"><input type=\"checkbox\" name=\"checkbox-285[]\" value=\"Presencial\/Aurrez aurrekoa\" \/><span class=\"wpcf7-list-item-label\">Presencial\/Aurrez aurrekoa<\/span><\/span><span class=\"wpcf7-list-item last\"><input type=\"checkbox\" name=\"checkbox-285[]\" value=\"Online\" \/><span class=\"wpcf7-list-item-label\">Online<\/span><\/span><\/span><\/span><\/p>\n<p><label> Idioma Preferente\/Lehentasuneko Hizkuntza (requerido\/beharrezkoa)<br \/>\n<label><span class=\"wpcf7-form-control-wrap checkbox-533\"><span class=\"wpcf7-form-control wpcf7-checkbox wpcf7-validates-as-required\"><span class=\"wpcf7-list-item first\"><input type=\"checkbox\" name=\"checkbox-533[]\" value=\"Euskera\/Euskara\" \/><span class=\"wpcf7-list-item-label\">Euskera\/Euskara<\/span><\/span><span class=\"wpcf7-list-item\"><input type=\"checkbox\" name=\"checkbox-533[]\" value=\"Castellano\/Gaztelania\" \/><span class=\"wpcf7-list-item-label\">Castellano\/Gaztelania<\/span><\/span><span class=\"wpcf7-list-item last\"><input type=\"checkbox\" name=\"checkbox-533[]\" value=\"Cualquiera de los anteriores\/Aurreko Edozein\" \/><span class=\"wpcf7-list-item-label\">Cualquiera de los anteriores\/Aurreko Edozein<\/span><\/span><\/span><\/span><br \/>\n<input type=\"submit\" value=\"Enviar\" class=\"wpcf7-form-control wpcf7-submit\" \/><\/p>\n<p style=\"display: none !important;\" class=\"akismet-fields-container\" data-prefix=\"_wpcf7_ak_\"><label>&#916;<textarea name=\"_wpcf7_ak_hp_textarea\" cols=\"45\" rows=\"8\" maxlength=\"100\"><\/textarea><\/label><input type=\"hidden\" id=\"ak_js_1\" name=\"_wpcf7_ak_js\" value=\"5\"\/><script>document.getElementById( \"ak_js_1\" ).setAttribute( \"value\", ( new Date() ).getTime() );<\/script><\/p><div class=\"wpcf7-response-output wpcf7-display-none\"><\/div><\/form><\/div>[\/vc_column][\/vc_row]<\/p>\n","protected":false},"excerpt":{"rendered":"<p>[vc_row][vc_column][vc_column_text]Inscripci\u00f3n a la Jornada[\/vc_column_text][vc_column_text] INFORMACI\u00d3N B\u00c1SICA SOBRE TRATAMIENTO DE DATOS DE CAR\u00c1CTER PERSONAL De acuerdo con lo dispuesto en el art\u00edculo 13 del Reglamento UE 2016\/679, del Parlamento Europeo y del Consejo, de 27 de abril, relativo a la protecci\u00f3n de las personas f\u00edsicas en lo que respecta al tratamiento de datos personales y a [&hellip;]<\/p>\n","protected":false},"author":4,"featured_media":0,"parent":0,"menu_order":0,"comment_status":"closed","ping_status":"closed","template":"","meta":{"footnotes":""},"class_list":["post-11453","page","type-page","status-publish","hentry"],"_links":{"self":[{"href":"https:\/\/www.ehu.eus\/cdsea\/web\/index.php\/wp-json\/wp\/v2\/pages\/11453"}],"collection":[{"href":"https:\/\/www.ehu.eus\/cdsea\/web\/index.php\/wp-json\/wp\/v2\/pages"}],"about":[{"href":"https:\/\/www.ehu.eus\/cdsea\/web\/index.php\/wp-json\/wp\/v2\/types\/page"}],"author":[{"embeddable":true,"href":"https:\/\/www.ehu.eus\/cdsea\/web\/index.php\/wp-json\/wp\/v2\/users\/4"}],"replies":[{"embeddable":true,"href":"https:\/\/www.ehu.eus\/cdsea\/web\/index.php\/wp-json\/wp\/v2\/comments?post=11453"}],"version-history":[{"count":3,"href":"https:\/\/www.ehu.eus\/cdsea\/web\/index.php\/wp-json\/wp\/v2\/pages\/11453\/revisions"}],"predecessor-version":[{"id":13256,"href":"https:\/\/www.ehu.eus\/cdsea\/web\/index.php\/wp-json\/wp\/v2\/pages\/11453\/revisions\/13256"}],"wp:attachment":[{"href":"https:\/\/www.ehu.eus\/cdsea\/web\/index.php\/wp-json\/wp\/v2\/media?parent=11453"}],"curies":[{"name":"wp","href":"https:\/\/api.w.org\/{rel}","templated":true}]}}