{"id":11661,"date":"2020-03-31T05:49:55","date_gmt":"2020-03-31T05:49:55","guid":{"rendered":"http:\/\/www.ehu.eus\/cdsea\/web\/?page_id=11661"},"modified":"2020-03-31T06:33:54","modified_gmt":"2020-03-31T06:33:54","slug":"jornada-ecosistemas-marinos","status":"publish","type":"page","link":"https:\/\/www.ehu.eus\/cdsea\/web\/index.php\/jornada-ecosistemas-marinos\/","title":{"rendered":"Jornada ecosistemas marinos"},"content":{"rendered":"<p style=\"text-align: justify;\"><span style=\"font-size: 14pt; color: #003300;\"><strong>JORNADA SOBRE SERVICIOS ECOSIST\u00c9MICOS DE LOS ECOSISTEMAS MARINOS DE ESPA\u00d1A<\/strong><\/span><\/p>\n<p style=\"text-align: justify;\"><span style=\"font-size: 12pt;\">El martes 25 de febrero, investigadoras de la C\u00e1tedra UNESCO asistieron en Madrid a la Jornada T\u00e9cnica: \u201cServicios Ecosist\u00e9micos de los Ecosistemas Marinos en Espa\u00f1a. An\u00e1lisis de los beneficios econ\u00f3micos y en los servicios de los ecosistemas de las medidas propuestas en los Programas de Medidas de las Estrategias Marinas de Espa\u00f1a\u201d organizada por el Ministerio para la Transici\u00f3n Ecol\u00f3gica y Metroecon\u00f3mica.<\/span><\/p>\n<p style=\"text-align: justify;\"><span style=\"font-size: 12pt;\">Los objetivos de la jornada fueron: a) profundizar en el conocimiento de los servicios ecosist\u00e9micos del ecosistema marino espa\u00f1ol y sus diferentes demarcaciones y su valor socioecon\u00f3mico, respecto a la Directiva Marco sobre Estrategias Marinas; b) discutir sobre la metodolog\u00eda propuesta para estimar los beneficios socioecon\u00f3micos en los Programas de Medidas de las Estrategia Marinas de Espa\u00f1a.<\/span><\/p>\n<p style=\"text-align: justify;\"><span style=\"font-size: 12pt;\">La jornada cont\u00f3 con la participaci\u00f3n de diferentes expertos a nivel nacional, y se debatieron diferentes aspectos de la evaluaci\u00f3n socioecon\u00f3mica de los servicios de los ecosistemas marinos. Este tipo de jornadas son relevantes para mostrar la relevancia de la los ecosistemas y sus servicios y como pueden integrarse en las diferentes pol\u00edticas de gesti\u00f3n.<\/span><\/p>\n","protected":false},"excerpt":{"rendered":"<p>JORNADA SOBRE SERVICIOS ECOSIST\u00c9MICOS DE LOS ECOSISTEMAS MARINOS DE ESPA\u00d1A El martes 25 de febrero, investigadoras de la C\u00e1tedra UNESCO asistieron en Madrid a la Jornada T\u00e9cnica: \u201cServicios Ecosist\u00e9micos de los Ecosistemas Marinos en Espa\u00f1a. An\u00e1lisis de los beneficios econ\u00f3micos y en los servicios de los ecosistemas de las medidas propuestas en los Programas de [&hellip;]<\/p>\n","protected":false},"author":4,"featured_media":0,"parent":0,"menu_order":0,"comment_status":"closed","ping_status":"closed","template":"","meta":{"footnotes":""},"class_list":["post-11661","page","type-page","status-publish","hentry"],"_links":{"self":[{"href":"https:\/\/www.ehu.eus\/cdsea\/web\/index.php\/wp-json\/wp\/v2\/pages\/11661"}],"collection":[{"href":"https:\/\/www.ehu.eus\/cdsea\/web\/index.php\/wp-json\/wp\/v2\/pages"}],"about":[{"href":"https:\/\/www.ehu.eus\/cdsea\/web\/index.php\/wp-json\/wp\/v2\/types\/page"}],"author":[{"embeddable":true,"href":"https:\/\/www.ehu.eus\/cdsea\/web\/index.php\/wp-json\/wp\/v2\/users\/4"}],"replies":[{"embeddable":true,"href":"https:\/\/www.ehu.eus\/cdsea\/web\/index.php\/wp-json\/wp\/v2\/comments?post=11661"}],"version-history":[{"count":3,"href":"https:\/\/www.ehu.eus\/cdsea\/web\/index.php\/wp-json\/wp\/v2\/pages\/11661\/revisions"}],"predecessor-version":[{"id":11685,"href":"https:\/\/www.ehu.eus\/cdsea\/web\/index.php\/wp-json\/wp\/v2\/pages\/11661\/revisions\/11685"}],"wp:attachment":[{"href":"https:\/\/www.ehu.eus\/cdsea\/web\/index.php\/wp-json\/wp\/v2\/media?parent=11661"}],"curies":[{"name":"wp","href":"https:\/\/api.w.org\/{rel}","templated":true}]}}