{"id":11909,"date":"2020-05-12T06:31:45","date_gmt":"2020-05-12T06:31:45","guid":{"rendered":"http:\/\/www.ehu.eus\/cdsea\/web\/?page_id=11909"},"modified":"2020-05-12T06:31:45","modified_gmt":"2020-05-12T06:31:45","slug":"revista-ecosistemas-interfaz-ciencia-gestion-sociedad","status":"publish","type":"page","link":"https:\/\/www.ehu.eus\/cdsea\/web\/index.php\/revista-ecosistemas-interfaz-ciencia-gestion-sociedad\/","title":{"rendered":"Revista Ecosistemas: interfaz ciencia-gesti\u00f3n-sociedad"},"content":{"rendered":"<p style=\"text-align: justify;\"><span style=\"color: #003300;\"><strong><span style=\"font-size: 12pt;\">REVISTA ECOSISTEMAS: INTERFAZ CIENCIA-GESTI\u00d3N-SOCIEDAD EN EL \u00c1MBITOS DE LA CONSERVACI\u00d3N: AVANCES CONCEPTUALES Y METODOL\u00d3GICOS<\/span><\/strong><\/span><\/p>\n<p style=\"text-align: justify;\"><span style=\"font-size: 12pt;\"><img loading=\"lazy\" decoding=\"async\" class=\"size-medium wp-image-11910 alignleft\" src=\"http:\/\/www.ehu.eus\/cdsea\/web\/wp-content\/uploads\/2017\/03\/revista-ecosistemas-212x300.png\" alt=\"\" width=\"212\" height=\"300\" srcset=\"https:\/\/www.ehu.eus\/cdsea\/web\/wp-content\/uploads\/2017\/03\/revista-ecosistemas-212x300.png 212w, https:\/\/www.ehu.eus\/cdsea\/web\/wp-content\/uploads\/2017\/03\/revista-ecosistemas-768x1086.png 768w, https:\/\/www.ehu.eus\/cdsea\/web\/wp-content\/uploads\/2017\/03\/revista-ecosistemas-724x1024.png 724w, https:\/\/www.ehu.eus\/cdsea\/web\/wp-content\/uploads\/2017\/03\/revista-ecosistemas-600x849.png 600w, https:\/\/www.ehu.eus\/cdsea\/web\/wp-content\/uploads\/2017\/03\/revista-ecosistemas.png 1241w\" sizes=\"(max-width: 212px) 100vw, 212px\" \/>El <a href=\"https:\/\/www.revistaecosistemas.net\/index.php\/ecosistemas\">volumen 29, No. 1 (enero \u2013abril 2020) de la <strong>revista Ecosistemas<\/strong><\/a><strong>,\u00a0<\/strong> que edita la Asociaci\u00f3n Espa\u00f1ola de Ecolog\u00eda Terrestre,\u00a0 corresponde al monogr\u00e1fico \u201cInterfaz ciencia-gesti\u00f3n-sociedad en el \u00e1mbito de la conservaci\u00f3n: avances conceptuales y metodol\u00f3gicos\u201d.<\/span><\/p>\n<p style=\"text-align: justify;\"><span style=\"font-size: 12pt;\">Ibone Ametzaga-Arregi y Mar\u00eda Viota, de la C\u00e1tedra UNESCO, son dos de las editoras invitadas de este monogr\u00e1fico, \u00a0junto a Mar\u00eda Dolores L\u00f3pez-Rodr\u00edguez y Fco. Javier Cabello. En su art\u00edculo editorial exponen las diferentes aproximaciones conceptuales y metodol\u00f3gicas de las Ciencias de la Sostenibilidad como respuesta para abordar los desaf\u00edos del cambio global. Adem\u00e1s, presentan los diferentes trabajos que conforman el monogr\u00e1fico y que contribuyen a establecer los di\u00e1logos entre ciencia-gesti\u00f3n-sociedad necesarios para\u00a0 impulsar la transici\u00f3n hacia socioecosistemas m\u00e1s resilientes.<\/span><\/p>\n<p style=\"text-align: justify;\"><span style=\"font-size: 12pt;\">Entre los trabajos que se recogen en esta edici\u00f3n, cabe destacar 4 art\u00edculos\u00a0 vinculados directamente a la tem\u00e1tica de la revista, y que fueron presentados como comunicaci\u00f3n en el pasado congreso <a href=\"https:\/\/www.euskadi.eus\/evento\/construyendo-puentes-entre-la-ciencia-y-la-gestion-investigacion-para-la-sostenibilidad-en-reservas-de-biosfera-aportaciones-a-la-agenda-de-sostenibilidad-2030\/web01-a2ingurd\/es\/\">\u201cConstruyendo puentes entre la ciencia y la gesti\u00f3n. Investigaci\u00f3n para la sostenibilidad en Reservas de la Biosfera\u201d<\/a> celebrado entre los d\u00edas 13 y 15 de noviembre de 2019 en la Reserva de la Biosfera de Urdaibai (Bizkaia).<\/span><\/p>\n","protected":false},"excerpt":{"rendered":"<p>REVISTA ECOSISTEMAS: INTERFAZ CIENCIA-GESTI\u00d3N-SOCIEDAD EN EL \u00c1MBITOS DE LA CONSERVACI\u00d3N: AVANCES CONCEPTUALES Y METODOL\u00d3GICOS El volumen 29, No. 1 (enero \u2013abril 2020) de la revista Ecosistemas,\u00a0 que edita la Asociaci\u00f3n Espa\u00f1ola de Ecolog\u00eda Terrestre,\u00a0 corresponde al monogr\u00e1fico \u201cInterfaz ciencia-gesti\u00f3n-sociedad en el \u00e1mbito de la conservaci\u00f3n: avances conceptuales y metodol\u00f3gicos\u201d. Ibone Ametzaga-Arregi y Mar\u00eda Viota, de [&hellip;]<\/p>\n","protected":false},"author":4,"featured_media":0,"parent":0,"menu_order":0,"comment_status":"closed","ping_status":"closed","template":"","meta":{"footnotes":""},"class_list":["post-11909","page","type-page","status-publish","hentry"],"_links":{"self":[{"href":"https:\/\/www.ehu.eus\/cdsea\/web\/index.php\/wp-json\/wp\/v2\/pages\/11909"}],"collection":[{"href":"https:\/\/www.ehu.eus\/cdsea\/web\/index.php\/wp-json\/wp\/v2\/pages"}],"about":[{"href":"https:\/\/www.ehu.eus\/cdsea\/web\/index.php\/wp-json\/wp\/v2\/types\/page"}],"author":[{"embeddable":true,"href":"https:\/\/www.ehu.eus\/cdsea\/web\/index.php\/wp-json\/wp\/v2\/users\/4"}],"replies":[{"embeddable":true,"href":"https:\/\/www.ehu.eus\/cdsea\/web\/index.php\/wp-json\/wp\/v2\/comments?post=11909"}],"version-history":[{"count":1,"href":"https:\/\/www.ehu.eus\/cdsea\/web\/index.php\/wp-json\/wp\/v2\/pages\/11909\/revisions"}],"predecessor-version":[{"id":11912,"href":"https:\/\/www.ehu.eus\/cdsea\/web\/index.php\/wp-json\/wp\/v2\/pages\/11909\/revisions\/11912"}],"wp:attachment":[{"href":"https:\/\/www.ehu.eus\/cdsea\/web\/index.php\/wp-json\/wp\/v2\/media?parent=11909"}],"curies":[{"name":"wp","href":"https:\/\/api.w.org\/{rel}","templated":true}]}}