{"id":12428,"date":"2020-07-01T17:02:38","date_gmt":"2020-07-01T17:02:38","guid":{"rendered":"http:\/\/www.ehu.eus\/cdsea\/web\/?page_id=12428"},"modified":"2020-09-23T11:13:32","modified_gmt":"2020-09-23T11:13:32","slug":"12428-2","status":"publish","type":"page","link":"https:\/\/www.ehu.eus\/cdsea\/web\/index.php\/12428-2\/","title":{"rendered":"life salamanca-cast"},"content":{"rendered":"<p style=\"text-align: justify;\"><span style=\"color: #003300;\"><strong><span style=\"font-size: 14pt;\">PROYECTO LIFE V\u00cdA DE LA PLATA, SOLUCIONES AL CAMBIO CLIM\u00c1TICO EN SALAMANCA<\/span><\/strong><\/span><\/p>\n<p style=\"text-align: justify;\"><span style=\"font-size: 12pt;\">La C\u00e1tedra UNESCO, junto a otros grupos de investigaci\u00f3n de la Universidad de Salamanca y el ayuntamiento de Salamanca, participa en el proyecto LIFE: <strong>V\u00eda de la Plata, soluciones al cambio clim\u00e1tico en Salamanca.<\/strong><\/span><\/p>\n<p style=\"text-align: justify;\"><span style=\"font-size: 12pt;\"><img loading=\"lazy\" decoding=\"async\" class=\"size-medium wp-image-12446 alignleft\" src=\"http:\/\/www.ehu.eus\/cdsea\/web\/wp-content\/uploads\/2017\/03\/Proyecto-Life-V\u00eda-de-la-Plata-Salamanca_0_detail-300x176.jpg\" alt=\"\" width=\"300\" height=\"176\" srcset=\"https:\/\/www.ehu.eus\/cdsea\/web\/wp-content\/uploads\/2017\/03\/Proyecto-Life-V\u00eda-de-la-Plata-Salamanca_0_detail-300x176.jpg 300w, https:\/\/www.ehu.eus\/cdsea\/web\/wp-content\/uploads\/2017\/03\/Proyecto-Life-V\u00eda-de-la-Plata-Salamanca_0_detail-768x450.jpg 768w, https:\/\/www.ehu.eus\/cdsea\/web\/wp-content\/uploads\/2017\/03\/Proyecto-Life-V\u00eda-de-la-Plata-Salamanca_0_detail-600x352.jpg 600w, https:\/\/www.ehu.eus\/cdsea\/web\/wp-content\/uploads\/2017\/03\/Proyecto-Life-V\u00eda-de-la-Plata-Salamanca_0_detail.jpg 990w\" sizes=\"(max-width: 300px) 100vw, 300px\" \/>Este proyecto consiste en poner en marcha y demostrar la estrategia Red de Infraestructura Verde en una ciudad Patrimonio de la Humanidad convirtiendo su v\u00eda pecuaria \u00abV\u00eda de la Plata\u00bb en corredor verde.<\/span><\/p>\n<p style=\"text-align: justify;\"><span style=\"font-size: 12pt;\">La superficie total de actuaci\u00f3n son 261 Ha, divididas en 6 zonas piloto seg\u00fan las diferentes caracter\u00edsticas ambientales y morfol\u00f3gicas con 12 unidades ambientales. Este proyecto adem\u00e1s, propone la conexi\u00f3n de la ciudad con la Red Natura 2000 a trav\u00e9s del Cordel de Miranda y el Camino Natural Verde V\u00eda de la Plata.<\/span><\/p>\n<p style=\"text-align: justify;\"><span style=\"font-size: 12pt;\">El proyecto est\u00e1 enmarcado en el Programa de Medio Ambiente y Acci\u00f3n por el Clima (LIFE) de la Uni\u00f3n Europea, basado en la premisa <em>\u201cVivir bien, respetando los l\u00edmites de nuestro planeta\u201d.<\/em><\/span><\/p>\n<p><span style=\"font-size: 12pt;\"><strong>Noticias relacionadas: <\/strong><\/span><\/p>\n<ul>\n<li style=\"text-align: left;\"><span style=\"font-size: 12pt;\"><a href=\"https:\/\/www.lavanguardia.com\/politica\/20200616\/481815168525\/europa-financia-hacer-via-verde-la-zona-urbana-de-la-ruta-plata-en-salamanca.html\" target=\"_blank\" rel=\"noopener\">https:\/\/www.lavanguardia.com\/<wbr \/>politica\/20200616\/<wbr \/>481815168525\/europa-financia-<wbr \/>hacer-via-verde-la-zona-<wbr \/>urbana-de-la-ruta-plata-en-<wbr \/>salamanca.html<\/a><\/span><\/li>\n<li style=\"text-align: left;\"><span style=\"font-size: 12pt;\"><a href=\"https:\/\/www.tribunasalamanca.com\/noticias\/salamanca-convertira-en-un-gran-corredor-verde-la-via-de-la-plata-de-norte-a-sur-de-la-ciudad\/1592304411\" target=\"_blank\" rel=\"noopener\" data-saferedirecturl=\"https:\/\/www.google.com\/url?q=https:\/\/www.tribunasalamanca.com\/noticias\/salamanca-convertira-en-un-gran-corredor-verde-la-via-de-la-plata-de-norte-a-sur-de-la-ciudad\/1592304411&amp;source=gmail&amp;ust=1592398021597000&amp;usg=AFQjCNG3QZ36h-8oq96XYoSGj1G9DhKUcw\">https:\/\/www.tribunasalamanca.<wbr \/>com\/noticias\/salamanca-<wbr \/>convertira-en-un-gran-<wbr \/>corredor-verde-la-via-de-la-<wbr \/>plata-de-norte-a-sur-de-la-<wbr \/>ciudad\/1592304411<\/a><\/span><\/li>\n<li style=\"text-align: left;\"><span style=\"font-size: 12pt;\"><a href=\"https:\/\/www.elnortedecastilla.es\/salamanca\/salamanca-logra-millones-20200616141114-nt.html\" target=\"_blank\" rel=\"noopener\" data-saferedirecturl=\"https:\/\/www.google.com\/url?q=https:\/\/www.elnortedecastilla.es\/salamanca\/salamanca-logra-millones-20200616141114-nt.html&amp;source=gmail&amp;ust=1592398021597000&amp;usg=AFQjCNG89P4JzLOshjbgunJBfhZ5IfDXcA\">https:\/\/www.elnortedecastilla.<wbr \/>es\/salamanca\/salamanca-logra-<wbr \/>millones-20200616141114-nt.<wbr \/>html<\/a><\/span><\/li>\n<\/ul>\n","protected":false},"excerpt":{"rendered":"<p>PROYECTO LIFE V\u00cdA DE LA PLATA, SOLUCIONES AL CAMBIO CLIM\u00c1TICO EN SALAMANCA La C\u00e1tedra UNESCO, junto a otros grupos de investigaci\u00f3n de la Universidad de Salamanca y el ayuntamiento de Salamanca, participa en el proyecto LIFE: V\u00eda de la Plata, soluciones al cambio clim\u00e1tico en Salamanca. Este proyecto consiste en poner en marcha y demostrar [&hellip;]<\/p>\n","protected":false},"author":4,"featured_media":0,"parent":0,"menu_order":0,"comment_status":"closed","ping_status":"closed","template":"","meta":{"footnotes":""},"class_list":["post-12428","page","type-page","status-publish","hentry"],"_links":{"self":[{"href":"https:\/\/www.ehu.eus\/cdsea\/web\/index.php\/wp-json\/wp\/v2\/pages\/12428"}],"collection":[{"href":"https:\/\/www.ehu.eus\/cdsea\/web\/index.php\/wp-json\/wp\/v2\/pages"}],"about":[{"href":"https:\/\/www.ehu.eus\/cdsea\/web\/index.php\/wp-json\/wp\/v2\/types\/page"}],"author":[{"embeddable":true,"href":"https:\/\/www.ehu.eus\/cdsea\/web\/index.php\/wp-json\/wp\/v2\/users\/4"}],"replies":[{"embeddable":true,"href":"https:\/\/www.ehu.eus\/cdsea\/web\/index.php\/wp-json\/wp\/v2\/comments?post=12428"}],"version-history":[{"count":7,"href":"https:\/\/www.ehu.eus\/cdsea\/web\/index.php\/wp-json\/wp\/v2\/pages\/12428\/revisions"}],"predecessor-version":[{"id":12780,"href":"https:\/\/www.ehu.eus\/cdsea\/web\/index.php\/wp-json\/wp\/v2\/pages\/12428\/revisions\/12780"}],"wp:attachment":[{"href":"https:\/\/www.ehu.eus\/cdsea\/web\/index.php\/wp-json\/wp\/v2\/media?parent=12428"}],"curies":[{"name":"wp","href":"https:\/\/api.w.org\/{rel}","templated":true}]}}