{"id":12477,"date":"2020-07-10T14:47:48","date_gmt":"2020-07-10T14:47:48","guid":{"rendered":"http:\/\/www.ehu.eus\/cdsea\/web\/?page_id=12477"},"modified":"2020-07-10T14:49:10","modified_gmt":"2020-07-10T14:49:10","slug":"12477-2","status":"publish","type":"page","link":"https:\/\/www.ehu.eus\/cdsea\/web\/index.php\/12477-2\/","title":{"rendered":"Iwords-esp"},"content":{"rendered":"<p><span style=\"font-size: 14pt; color: #003300;\"><strong>PARTICIPACI\u00d3N EN REUNI\u00d3N IWORDS<\/strong><\/span><\/p>\n<p style=\"text-align: justify;\"><span style=\"font-size: 12pt;\">El 9 de junio hemos participado en la \u201cPlataforma Virtual sobre Lenguaje Inclusivo y Reformulaci\u00f3n de terminolog\u00edas ambientales\u201d que impulsa <a href=\"https:\/\/www.iwordsglobal.com\/about\/\">IWORDS Global Company<\/a>, consultora de emprendimiento social en el campo de los derechos humanos, desarrollo y sostenibilidad. \u00a0<img loading=\"lazy\" decoding=\"async\" class=\"size-medium wp-image-12478 alignright\" src=\"http:\/\/www.ehu.eus\/cdsea\/web\/wp-content\/uploads\/2017\/03\/fotoiword-300x188.jpg\" alt=\"\" width=\"300\" height=\"188\" srcset=\"https:\/\/www.ehu.eus\/cdsea\/web\/wp-content\/uploads\/2017\/03\/fotoiword-300x188.jpg 300w, https:\/\/www.ehu.eus\/cdsea\/web\/wp-content\/uploads\/2017\/03\/fotoiword-768x480.jpg 768w, https:\/\/www.ehu.eus\/cdsea\/web\/wp-content\/uploads\/2017\/03\/fotoiword-1024x640.jpg 1024w, https:\/\/www.ehu.eus\/cdsea\/web\/wp-content\/uploads\/2017\/03\/fotoiword-600x375.jpg 600w, https:\/\/www.ehu.eus\/cdsea\/web\/wp-content\/uploads\/2017\/03\/fotoiword.jpg 1280w\" sizes=\"(max-width: 300px) 100vw, 300px\" \/><\/span><\/p>\n<p style=\"text-align: justify;\"><span style=\"font-size: 12pt;\">La Plataforma es un grupo de trabajo conformado por diferentes organizaciones y especialistas del \u00e1mbito medioambiental, que bajo la coordinaci\u00f3n de IWORDS, se ha constituido con objeto de identificar terminolog\u00eda ambiental relevante y discutir las implicaciones y los desaf\u00edos que su uso plantea. <\/span><\/p>\n<p style=\"text-align: justify;\"><span style=\"font-size: 12pt;\">Los resultados de este trabajo colaborativo contribuir\u00e1n a generar un glosario de t\u00e9rminos relevantes y al posicionamiento de temas claves en cuestiones medioambientales.<\/span><\/p>\n","protected":false},"excerpt":{"rendered":"<p>PARTICIPACI\u00d3N EN REUNI\u00d3N IWORDS El 9 de junio hemos participado en la \u201cPlataforma Virtual sobre Lenguaje Inclusivo y Reformulaci\u00f3n de terminolog\u00edas ambientales\u201d que impulsa IWORDS Global Company, consultora de emprendimiento social en el campo de los derechos humanos, desarrollo y sostenibilidad. \u00a0 La Plataforma es un grupo de trabajo conformado por diferentes organizaciones y especialistas [&hellip;]<\/p>\n","protected":false},"author":4,"featured_media":0,"parent":0,"menu_order":0,"comment_status":"closed","ping_status":"closed","template":"","meta":{"footnotes":""},"class_list":["post-12477","page","type-page","status-publish","hentry"],"_links":{"self":[{"href":"https:\/\/www.ehu.eus\/cdsea\/web\/index.php\/wp-json\/wp\/v2\/pages\/12477"}],"collection":[{"href":"https:\/\/www.ehu.eus\/cdsea\/web\/index.php\/wp-json\/wp\/v2\/pages"}],"about":[{"href":"https:\/\/www.ehu.eus\/cdsea\/web\/index.php\/wp-json\/wp\/v2\/types\/page"}],"author":[{"embeddable":true,"href":"https:\/\/www.ehu.eus\/cdsea\/web\/index.php\/wp-json\/wp\/v2\/users\/4"}],"replies":[{"embeddable":true,"href":"https:\/\/www.ehu.eus\/cdsea\/web\/index.php\/wp-json\/wp\/v2\/comments?post=12477"}],"version-history":[{"count":3,"href":"https:\/\/www.ehu.eus\/cdsea\/web\/index.php\/wp-json\/wp\/v2\/pages\/12477\/revisions"}],"predecessor-version":[{"id":12482,"href":"https:\/\/www.ehu.eus\/cdsea\/web\/index.php\/wp-json\/wp\/v2\/pages\/12477\/revisions\/12482"}],"wp:attachment":[{"href":"https:\/\/www.ehu.eus\/cdsea\/web\/index.php\/wp-json\/wp\/v2\/media?parent=12477"}],"curies":[{"name":"wp","href":"https:\/\/api.w.org\/{rel}","templated":true}]}}

<p><span style="font-size: 14pt; color: #003300;"><strong>PARTICIPACIÓN EN REUNIÓN IWORDS</strong></span></p>
<p style="text-align: justify;"><span style="font-size: 12pt;">El 9 de junio hemos participado en la “Plataforma Virtual sobre Lenguaje Inclusivo y Reformulación de terminologías ambientales” que impulsa <a href="https://www.iwordsglobal.com/about/">IWORDS Global Company</a>, consultora de emprendimiento social en el campo de los derechos humanos, desarrollo y sostenibilidad.  <img loading="lazy" decoding="async" class="size-medium wp-image-12478 alignright" src="http://www.ehu.eus/cdsea/web/wp-content/uploads/2017/03/fotoiword-300x188.jpg" alt="" width="300" height="188" srcset="https://www.ehu.eus/cdsea/web/wp-content/uploads/2017/03/fotoiword-300x188.jpg 300w, https://www.ehu.eus/cdsea/web/wp-content/uploads/2017/03/fotoiword-768x480.jpg 768w, https://www.ehu.eus/cdsea/web/wp-content/uploads/2017/03/fotoiword-1024x640.jpg 1024w, https://www.ehu.eus/cdsea/web/wp-content/uploads/2017/03/fotoiword-600x375.jpg 600w, https://www.ehu.eus/cdsea/web/wp-content/uploads/2017/03/fotoiword.jpg 1280w" sizes="(max-width: 300px) 100vw, 300px" /></span></p>
<p style="text-align: justify;"><span style="font-size: 12pt;">La Plataforma es un grupo de trabajo conformado por diferentes organizaciones y especialistas del ámbito medioambiental, que bajo la coordinación de IWORDS, se ha constituido con objeto de identificar terminología ambiental relevante y discutir las implicaciones y los desafíos que su uso plantea. </span></p>
<p style="text-align: justify;"><span style="font-size: 12pt;">Los resultados de este trabajo colaborativo contribuirán a generar un glosario de términos relevantes y al posicionamiento de temas claves en cuestiones medioambientales.</span></p>

<p>PARTICIPACIÓN EN REUNIÓN IWORDS El 9 de junio hemos participado en la “Plataforma Virtual sobre Lenguaje Inclusivo y Reformulación de terminologías ambientales” que impulsa IWORDS Global Company, consultora de emprendimiento social en el campo de los derechos humanos, desarrollo y sostenibilidad.   La Plataforma es un grupo de trabajo conformado por diferentes organizaciones y especialistas [&hellip;]</p>
