{"id":128,"date":"2016-11-15T14:54:34","date_gmt":"2016-11-15T14:54:34","guid":{"rendered":"http:\/\/www.ehu.eus\/cdsea\/cdseawp\/?page_id=128"},"modified":"2017-02-23T11:12:38","modified_gmt":"2017-02-23T11:12:38","slug":"prug-de-urdaibai","status":"publish","type":"page","link":"https:\/\/www.ehu.eus\/cdsea\/web\/index.php\/investigacion\/prug-de-urdaibai\/","title":{"rendered":"PRUG de Urdaibai"},"content":{"rendered":"<p>[vc_row][vc_column width=\u00bb1\/4&#8243;][vc_wp_custommenu nav_menu=\u00bb10&#8243;][\/vc_column][vc_column width=\u00bb3\/4&#8243;][vc_custom_heading text=\u00bbPRUG DE URDAIBAI\u00bb font_container=\u00bbtag:h3|text_align:left|color:%23198c49&#8243; google_fonts=\u00bbfont_family:Droid%20Sans%3Aregular%2C700|font_style:400%20regular%3A400%3Anormal\u00bb][vc_column_text]<\/p>\n<p style=\"text-align: justify;\"><span style=\"font-size: 12pt;\">La Oficina T\u00e9cnica de la Reserva de la Biofera<a href=\"http:\/\/www.ehu.eus\/cdsea\/web\/wp-content\/rm_documents\/proceso_participativo\/\" target=\"_blank\"><img loading=\"lazy\" decoding=\"async\" class=\"alignright wp-image-1043 size-medium\" title=\"Ver aqu\u00ed\" src=\"http:\/\/www.ehu.eus\/cdsea\/web\/wp-content\/uploads\/2016\/11\/proceso_participativo-213x300.jpg\" alt=\"proceso_participativo\" width=\"213\" height=\"300\" srcset=\"https:\/\/www.ehu.eus\/cdsea\/web\/wp-content\/uploads\/2016\/11\/proceso_participativo-213x300.jpg 213w, https:\/\/www.ehu.eus\/cdsea\/web\/wp-content\/uploads\/2016\/11\/proceso_participativo.jpg 443w\" sizes=\"(max-width: 213px) 100vw, 213px\" \/><\/a> de Urdaibai y la C\u00e1tedra UNESCO sobre desarrollo sostenible y educaci\u00f3n ambiental de la UPV\/EHU han llevando a cabo un <strong>proceso de participaci\u00f3n para renovar el <em>Plan Rector de Uso y Gesti\u00f3n (PRUG) de la Reserva de la Biosfera de Urdaibai<\/em>.<\/strong><\/span><\/p>\n<p style=\"text-align: justify;\"><span style=\"font-size: 12pt;\">El PRUG de Urdaibai actual fue aprobado por el DECRETO 242\/1993, el 3 de agosto de 1993, y prev\u00e9 en su articulo 9 su revisi\u00f3n transcurridos diez a\u00f1os desde su entrada en vigor. As\u00ed, en el a\u00f1o 2003 el PRUG fue actualizado puntualmente, a trav\u00e9s del <em>Decreto 27\/2003, de 11 de febrero<\/em>, de modificaci\u00f3n del PRUG de la Reserva de la Biosfera de Urdaibai, que contempla fundamentalmente la correcci\u00f3n y actualizaci\u00f3n de la cartograf\u00eda y la modificaci\u00f3n de aspectos puntuales del texto del articulado del PRUG.<\/span><\/p>\n<p style=\"text-align: justify;\"><span style=\"font-size: 12pt;\">Como parte de esta nueva revisi\u00f3n, entre los a\u00f1os 2011 y 2012, se ha realizado\u00a0 un proceso de participaci\u00f3n cient\u00edfico-t\u00e9cnica con el objetivo de elaborar las bases cient\u00edfico-t\u00e9cnicas del futuro PRUG a partir de la aportaci\u00f3n de expertos en los diferentes temas que aborda dicho documento.<\/span><\/p>\n<p style=\"text-align: justify;\"><span style=\"font-size: 12pt;\">Los contenidos del PRUG se han dividido en cinco bloques para un mejor an\u00e1lisis:<\/span><\/p>\n<blockquote><p><span style=\"font-size: 12pt;\">+ Aspectos jur\u00eddicos<\/span><\/p>\n<p><span style=\"font-size: 12pt;\">+ \u00c1reas de Especial Protecci\u00f3n<\/span><\/p>\n<p><span style=\"font-size: 12pt;\">+ \u00c1reas de Protecci\u00f3n<\/span><\/p>\n<p><span style=\"font-size: 12pt;\">+ \u00c1reas de Sistemas en el territorio, n\u00facleos de poblaci\u00f3n y suelo r\u00fastico<\/span><\/p>\n<p><span style=\"font-size: 12pt;\">+ \u00c1reas de inter\u00e9s agrario y forestal, turismo y desarrollo rural<\/span><\/p><\/blockquote>\n<p style=\"text-align: justify;\"><span style=\"font-size: 12pt;\">Estos contenidos han sido debatidos en talleres participativos cient\u00edfico-t\u00e9cnicos. Como resultado de este proceso, en el a\u00f1o 2012 la C\u00e1tedra UNESCO sobre Desarrollo Sostenible y Educaci\u00f3n Ambiental de la Universidad del Pa\u00eds Vasco UPV\/EHU edit\u00f3 una publicaci\u00f3n con los resultados obtenidos de este <strong><a title=\"PRUG de Urdaibai\" href=\"http:\/\/www.ehu.eus\/cdsea\/web\/wp-content\/rm_documents\/proceso_participativo\/\" target=\"_blank\">Proceso participativo para la renovaci\u00f3n del PRUG de Urdaibai.<\/a><\/strong><\/span><\/p>\n<p>[\/vc_column_text][\/vc_column][\/vc_row]<\/p>\n","protected":false},"excerpt":{"rendered":"<p>[vc_row][vc_column width=\u00bb1\/4&#8243;][vc_wp_custommenu nav_menu=\u00bb10&#8243;][\/vc_column][vc_column width=\u00bb3\/4&#8243;][vc_custom_heading text=\u00bbPRUG DE URDAIBAI\u00bb font_container=\u00bbtag:h3|text_align:left|color:%23198c49&#8243; google_fonts=\u00bbfont_family:Droid%20Sans%3Aregular%2C700|font_style:400%20regular%3A400%3Anormal\u00bb][vc_column_text] La Oficina T\u00e9cnica de la Reserva de la Biofera de Urdaibai y la C\u00e1tedra UNESCO sobre desarrollo sostenible y educaci\u00f3n ambiental de la UPV\/EHU han llevando a cabo un proceso de participaci\u00f3n para renovar el Plan Rector de Uso y Gesti\u00f3n (PRUG) de la Reserva de [&hellip;]<\/p>\n","protected":false},"author":1,"featured_media":0,"parent":9,"menu_order":7,"comment_status":"closed","ping_status":"closed","template":"","meta":{"footnotes":""},"class_list":["post-128","page","type-page","status-publish","hentry"],"_links":{"self":[{"href":"https:\/\/www.ehu.eus\/cdsea\/web\/index.php\/wp-json\/wp\/v2\/pages\/128"}],"collection":[{"href":"https:\/\/www.ehu.eus\/cdsea\/web\/index.php\/wp-json\/wp\/v2\/pages"}],"about":[{"href":"https:\/\/www.ehu.eus\/cdsea\/web\/index.php\/wp-json\/wp\/v2\/types\/page"}],"author":[{"embeddable":true,"href":"https:\/\/www.ehu.eus\/cdsea\/web\/index.php\/wp-json\/wp\/v2\/users\/1"}],"replies":[{"embeddable":true,"href":"https:\/\/www.ehu.eus\/cdsea\/web\/index.php\/wp-json\/wp\/v2\/comments?post=128"}],"version-history":[{"count":0,"href":"https:\/\/www.ehu.eus\/cdsea\/web\/index.php\/wp-json\/wp\/v2\/pages\/128\/revisions"}],"up":[{"embeddable":true,"href":"https:\/\/www.ehu.eus\/cdsea\/web\/index.php\/wp-json\/wp\/v2\/pages\/9"}],"wp:attachment":[{"href":"https:\/\/www.ehu.eus\/cdsea\/web\/index.php\/wp-json\/wp\/v2\/media?parent=128"}],"curies":[{"name":"wp","href":"https:\/\/api.w.org\/{rel}","templated":true}]}}