{"id":13943,"date":"2020-12-21T15:43:00","date_gmt":"2020-12-21T15:43:00","guid":{"rendered":"http:\/\/www.ehu.eus\/cdsea\/web\/?page_id=13943"},"modified":"2020-12-21T15:43:04","modified_gmt":"2020-12-21T15:43:04","slug":"foro-social-de-biodiversidad-2020","status":"publish","type":"page","link":"https:\/\/www.ehu.eus\/cdsea\/web\/index.php\/foro-social-de-biodiversidad-2020\/","title":{"rendered":"Foro Social de Biodiversidad 2020"},"content":{"rendered":"<p><strong>FORO SOCIAL DE BIODIVERSIDAD 2020\u00a0<\/strong><\/p>\n<p><span style=\"font-size: 12pt;\">Desde la catedra se ha participado de forma virtual en el Foro Social de Biodiversidad 2020 celebrado en el Euskaldun Berria Aretoa (Lakua, Vitoria-Gasteiz) el 28 de septiembre. En \u00e9l este a\u00f1o se explicaron las conclusiones obtenidas en el Foro Social 2019, el estado de la naturaleza en Euskadi, el seguimiento del Plan de Acci\u00f3n de Euskadi y el acto de clausura del proyecto BID-REX.\u00a0<\/span><\/p>\n<p><span style=\"font-size: 12pt;\">La informaci\u00f3n y el programa de la sesi\u00f3n est\u00e1 disponible en el siguiente<a href=\"https:\/\/www.euskadi.eus\/evento\/foro-social-de-la-biodiversidad-de-euskadi-2020\/web01-a2ingdib\/es\/%20\" target=\"_blank\" rel=\"noopener\">\u00a0enlace<\/a>.<\/span><\/p>\n","protected":false},"excerpt":{"rendered":"<p>FORO SOCIAL DE BIODIVERSIDAD 2020\u00a0 Desde la catedra se ha participado de forma virtual en el Foro Social de Biodiversidad 2020 celebrado en el Euskaldun Berria Aretoa (Lakua, Vitoria-Gasteiz) el 28 de septiembre. En \u00e9l este a\u00f1o se explicaron las conclusiones obtenidas en el Foro Social 2019, el estado de la naturaleza en Euskadi, el [&hellip;]<\/p>\n","protected":false},"author":4,"featured_media":0,"parent":0,"menu_order":0,"comment_status":"closed","ping_status":"closed","template":"","meta":{"footnotes":""},"class_list":["post-13943","page","type-page","status-publish","hentry"],"_links":{"self":[{"href":"https:\/\/www.ehu.eus\/cdsea\/web\/index.php\/wp-json\/wp\/v2\/pages\/13943"}],"collection":[{"href":"https:\/\/www.ehu.eus\/cdsea\/web\/index.php\/wp-json\/wp\/v2\/pages"}],"about":[{"href":"https:\/\/www.ehu.eus\/cdsea\/web\/index.php\/wp-json\/wp\/v2\/types\/page"}],"author":[{"embeddable":true,"href":"https:\/\/www.ehu.eus\/cdsea\/web\/index.php\/wp-json\/wp\/v2\/users\/4"}],"replies":[{"embeddable":true,"href":"https:\/\/www.ehu.eus\/cdsea\/web\/index.php\/wp-json\/wp\/v2\/comments?post=13943"}],"version-history":[{"count":1,"href":"https:\/\/www.ehu.eus\/cdsea\/web\/index.php\/wp-json\/wp\/v2\/pages\/13943\/revisions"}],"predecessor-version":[{"id":13944,"href":"https:\/\/www.ehu.eus\/cdsea\/web\/index.php\/wp-json\/wp\/v2\/pages\/13943\/revisions\/13944"}],"wp:attachment":[{"href":"https:\/\/www.ehu.eus\/cdsea\/web\/index.php\/wp-json\/wp\/v2\/media?parent=13943"}],"curies":[{"name":"wp","href":"https:\/\/api.w.org\/{rel}","templated":true}]}}

<p><strong>FORO SOCIAL DE BIODIVERSIDAD 2020 </strong></p>
<p><span style="font-size: 12pt;">Desde la catedra se ha participado de forma virtual en el Foro Social de Biodiversidad 2020 celebrado en el Euskaldun Berria Aretoa (Lakua, Vitoria-Gasteiz) el 28 de septiembre. En él este año se explicaron las conclusiones obtenidas en el Foro Social 2019, el estado de la naturaleza en Euskadi, el seguimiento del Plan de Acción de Euskadi y el acto de clausura del proyecto BID-REX. </span></p>
<p><span style="font-size: 12pt;">La información y el programa de la sesión está disponible en el siguiente<a href="https://www.euskadi.eus/evento/foro-social-de-la-biodiversidad-de-euskadi-2020/web01-a2ingdib/es/%20" target="_blank" rel="noopener"> enlace</a>.</span></p>

<p>FORO SOCIAL DE BIODIVERSIDAD 2020  Desde la catedra se ha participado de forma virtual en el Foro Social de Biodiversidad 2020 celebrado en el Euskaldun Berria Aretoa (Lakua, Vitoria-Gasteiz) el 28 de septiembre. En él este año se explicaron las conclusiones obtenidas en el Foro Social 2019, el estado de la naturaleza en Euskadi, el [&hellip;]</p>
