{"id":14472,"date":"2021-02-11T10:27:03","date_gmt":"2021-02-11T10:27:03","guid":{"rendered":"http:\/\/www.ehu.eus\/cdsea\/web\/?page_id=14472"},"modified":"2021-02-11T10:27:03","modified_gmt":"2021-02-11T10:27:03","slug":"ceneam","status":"publish","type":"page","link":"https:\/\/www.ehu.eus\/cdsea\/web\/index.php\/ceneam\/","title":{"rendered":"(CENEAM)"},"content":{"rendered":"<p><strong>El Centro Nacional de Educaci\u00f3n Ambiental (CENEAM) ha incluido dentro de sus recursos did\u00e1cticos la unidad did\u00e1ctica sobre servicios de los ecosistemas desarrollada dentro del proyecto \u201cEvaluaci\u00f3n de los Servicios de los Ecosistemas en Euskadi\u201d <\/strong><\/p>\n<p>La Unidad did\u00e1ctica para Secundaria \u201cLos servicios de los ecosistemas \u00bfSabemos lo que nos ofrece nuestro entorno?\u201d ha sido incluida dentro de la <u><a href=\"https:\/\/www.miteco.gob.es\/es\/ceneam\/recursos\/materiales\/servicios-ecosistemas-nuestro-entorno.aspx\">base de recursos did\u00e1cticos del Centro Nacional de Educaci\u00f3n Ambiental (CENEAM)<\/a><\/u> con el objetivo de aportar una herramienta de sensibilizaci\u00f3n y educaci\u00f3n sobre los servicios de los ecosistemas.<\/p>\n<p>Este material did\u00e1ctico, dirigido al 2.\u00ba ciclo de Educaci\u00f3n Secundaria, permite trabajar los servicios de los ecosistemas tanto dentro como fuera del aula, con los siguientes objetivos: identificar los servicios de los ecosistemas, analizar y valorar su estado actual, comprender la relaci\u00f3n entre los servicios de los ecosistemas y el bienestar de las personas, realizar planes de acci\u00f3n encaminados a mejorar los servicios de los ecosistemas, y poner en pr\u00e1ctica alguna de las propuestas realizadas.<\/p>\n<p>Se compone de los siguientes materiales: <u><a href=\"https:\/\/www.euskadi.eus\/web01-a2ingdib\/es\/contenidos\/documentacion\/ud_ecosistemas\/es_def\/index.shtml\">Cuaderno del alumnado, Gu\u00eda del profesorado, Poster Servicios de los Ecosistemas y Tarjetas descargables<\/a>.<\/u><\/p>\n<p>Se puede usar tambi\u00e9n para trabajar el Objetivo de Desarrollo Sostenible n.\u00ba 11 (Ciudades y comunidades sostenibles) de la Agenda 2030.<\/p>\n<p>Otros recursos de este mismo proyecto son:<\/p>\n<p>&#8211; <u>VIDEO <a href=\"https:\/\/www.youtube.com\/watch?v=HspvXk-Vqug&amp;feature=youtu.be\">Naturaleza, base del bienestar<\/a><\/u>, una animaci\u00f3n de 5 minutos en la que se explica c\u00f3mo la diversidad natural es la base del funcionamiento de los ecosistemas, por lo que su conservaci\u00f3n y gesti\u00f3n sostenible es imprescindible para el bienestar de las personas.<\/p>\n<p>&#8211;\u00a0<u><a href=\"http:\/\/www.ehu.eus\/cdsea\/web\/index.php\/postales-y-posters-en-el-marco-del-proyecto-evaluacion-de-los-servicios-de-los-ecosistemas-de-euskadi\/\">Postales y P\u00f3ster<\/a>s<\/u> sobre el proyecto Evaluaci\u00f3n de los Servicios de los Ecosistemas de Euskadi, con el objetivo de dar a conocer de una forma m\u00e1s visual los servicios que ofrecen los ecosistemas a la sociedad.<\/p>\n","protected":false},"excerpt":{"rendered":"<p>El Centro Nacional de Educaci\u00f3n Ambiental (CENEAM) ha incluido dentro de sus recursos did\u00e1cticos la unidad did\u00e1ctica sobre servicios de los ecosistemas desarrollada dentro del proyecto \u201cEvaluaci\u00f3n de los Servicios de los Ecosistemas en Euskadi\u201d La Unidad did\u00e1ctica para Secundaria \u201cLos servicios de los ecosistemas \u00bfSabemos lo que nos ofrece nuestro entorno?\u201d ha sido incluida [&hellip;]<\/p>\n","protected":false},"author":4,"featured_media":0,"parent":0,"menu_order":0,"comment_status":"closed","ping_status":"closed","template":"","meta":{"footnotes":""},"class_list":["post-14472","page","type-page","status-publish","hentry"],"_links":{"self":[{"href":"https:\/\/www.ehu.eus\/cdsea\/web\/index.php\/wp-json\/wp\/v2\/pages\/14472"}],"collection":[{"href":"https:\/\/www.ehu.eus\/cdsea\/web\/index.php\/wp-json\/wp\/v2\/pages"}],"about":[{"href":"https:\/\/www.ehu.eus\/cdsea\/web\/index.php\/wp-json\/wp\/v2\/types\/page"}],"author":[{"embeddable":true,"href":"https:\/\/www.ehu.eus\/cdsea\/web\/index.php\/wp-json\/wp\/v2\/users\/4"}],"replies":[{"embeddable":true,"href":"https:\/\/www.ehu.eus\/cdsea\/web\/index.php\/wp-json\/wp\/v2\/comments?post=14472"}],"version-history":[{"count":1,"href":"https:\/\/www.ehu.eus\/cdsea\/web\/index.php\/wp-json\/wp\/v2\/pages\/14472\/revisions"}],"predecessor-version":[{"id":14474,"href":"https:\/\/www.ehu.eus\/cdsea\/web\/index.php\/wp-json\/wp\/v2\/pages\/14472\/revisions\/14474"}],"wp:attachment":[{"href":"https:\/\/www.ehu.eus\/cdsea\/web\/index.php\/wp-json\/wp\/v2\/media?parent=14472"}],"curies":[{"name":"wp","href":"https:\/\/api.w.org\/{rel}","templated":true}]}}