{"id":14554,"date":"2021-02-19T10:19:33","date_gmt":"2021-02-19T10:19:33","guid":{"rendered":"http:\/\/www.ehu.eus\/cdsea\/web\/?page_id=14554"},"modified":"2021-02-19T10:19:33","modified_gmt":"2021-02-19T10:19:33","slug":"zientzia-asoka","status":"publish","type":"page","link":"https:\/\/www.ehu.eus\/cdsea\/web\/index.php\/zientzia-asoka\/","title":{"rendered":"Zientzia Asoka"},"content":{"rendered":"<p><strong>La C\u00e1tedra UNESCO sobre Desarrollo Sostenible y Educaci\u00f3n Ambiental de la UPV\/EHU ayuda a estudiantes que participan en la Feria de Ciencias<\/strong><\/p>\n<p>El pasado viernes 12 de febrero, estudiantes del Instituto Elorrio de Secundaria, que participan en la Feria de Ciencias, estuvieron en contacto con la C\u00e1tedra. Tuvimos una conversaci\u00f3n con ellos y hablamos sobre su investigaci\u00f3n y elaboramos ideas. La Feria de la Ciencia nace para despertar la curiosidad de los estudiantes por la ciencia y est\u00e1 organizada por la Fundaci\u00f3n Elhuyar en el Pa\u00eds Vasco. La colaboraci\u00f3n es muy interesante tanto para estudiantes como para profesores universitarios y el resultado finaliza en una exposici\u00f3n de los trabajos en la Feria de Ciencias que anualmente se realiza en Bilbao.<\/p>\n","protected":false},"excerpt":{"rendered":"<p>La C\u00e1tedra UNESCO sobre Desarrollo Sostenible y Educaci\u00f3n Ambiental de la UPV\/EHU ayuda a estudiantes que participan en la Feria de Ciencias El pasado viernes 12 de febrero, estudiantes del Instituto Elorrio de Secundaria, que participan en la Feria de Ciencias, estuvieron en contacto con la C\u00e1tedra. Tuvimos una conversaci\u00f3n con ellos y hablamos sobre [&hellip;]<\/p>\n","protected":false},"author":4,"featured_media":0,"parent":0,"menu_order":0,"comment_status":"closed","ping_status":"closed","template":"","meta":{"footnotes":""},"class_list":["post-14554","page","type-page","status-publish","hentry"],"_links":{"self":[{"href":"https:\/\/www.ehu.eus\/cdsea\/web\/index.php\/wp-json\/wp\/v2\/pages\/14554"}],"collection":[{"href":"https:\/\/www.ehu.eus\/cdsea\/web\/index.php\/wp-json\/wp\/v2\/pages"}],"about":[{"href":"https:\/\/www.ehu.eus\/cdsea\/web\/index.php\/wp-json\/wp\/v2\/types\/page"}],"author":[{"embeddable":true,"href":"https:\/\/www.ehu.eus\/cdsea\/web\/index.php\/wp-json\/wp\/v2\/users\/4"}],"replies":[{"embeddable":true,"href":"https:\/\/www.ehu.eus\/cdsea\/web\/index.php\/wp-json\/wp\/v2\/comments?post=14554"}],"version-history":[{"count":1,"href":"https:\/\/www.ehu.eus\/cdsea\/web\/index.php\/wp-json\/wp\/v2\/pages\/14554\/revisions"}],"predecessor-version":[{"id":14556,"href":"https:\/\/www.ehu.eus\/cdsea\/web\/index.php\/wp-json\/wp\/v2\/pages\/14554\/revisions\/14556"}],"wp:attachment":[{"href":"https:\/\/www.ehu.eus\/cdsea\/web\/index.php\/wp-json\/wp\/v2\/media?parent=14554"}],"curies":[{"name":"wp","href":"https:\/\/api.w.org\/{rel}","templated":true}]}}