{"id":14673,"date":"2021-03-24T13:31:37","date_gmt":"2021-03-24T13:31:37","guid":{"rendered":"http:\/\/www.ehu.eus\/cdsea\/web\/?page_id=14673"},"modified":"2021-03-25T13:17:26","modified_gmt":"2021-03-25T13:17:26","slug":"proyecto-life-via-de-la-plata","status":"publish","type":"page","link":"https:\/\/www.ehu.eus\/cdsea\/web\/index.php\/proyecto-life-via-de-la-plata\/","title":{"rendered":"Proyecto LIFE V\u00eda de la Plata"},"content":{"rendered":"<p>[vc_row][vc_column][vc_column_text]<\/p>\n<p style=\"text-align: justify;\"><strong>El proyecto LIFE V\u00eda de la Plata estrena imagen y p\u00e1gina web para difundir todos los detalles y fomentar la relaci\u00f3n con la ciudadan\u00eda<\/strong><\/p>\n<p style=\"text-align: justify;\"><strong>www.lifeviadelaplata.com permite consultar todos los aspectos generales del proyecto, informando puntualmente de sus avances, e incorpora otras secciones m\u00e1s din\u00e1micas y visuales<\/strong><\/p>\n<p style=\"text-align: justify;\">El proyecto europeo LIFE V\u00eda de la Plata (LIFE19 CCA\/ES\/001188), que crear\u00e1 un gran corredor verde en el trazado de esta v\u00eda pecuaria a su paso por Salamanca y servir\u00e1 de proyecto piloto para el desarrollo de la infraestructura verde de la ciudad, da un nuevo paso hoy con la puesta en marcha de su p\u00e1gina web <a href=\"http:\/\/www.lifeviadelaplata.com\">www.lifeviadelaplata.com<\/a>. Este proyecto se enmarca en la estrategia Savia Red Verde Salamanca, que guiar\u00e1 la transformaci\u00f3n sostenible de la ciudad durante los pr\u00f3ximos a\u00f1os<\/p>\n<p style=\"text-align: justify;\">A trav\u00e9s de esta nueva p\u00e1gina web, es posible consultar todos los aspectos generales relacionados con el car\u00e1cter del LIFE V\u00eda de la Plata: presentaci\u00f3n, objetivos, acciones, impactos y resultados esperados o \u00e1mbito de actuaci\u00f3n. Adem\u00e1s de estos apartados de car\u00e1cter m\u00e1s est\u00e1tico, la web incorporar\u00e1 otras secciones m\u00e1s din\u00e1micas, en las que se ir\u00e1 reflejando la evoluci\u00f3n y las novedades relacionadas con el proyecto.<\/p>\n<p style=\"text-align: justify;\">Una de las partes m\u00e1s destacadas en esta web y de inter\u00e9s para la ciudadan\u00eda salmantina se encuentra en el apartado de <em>Actuaciones<\/em>, donde es posible diferenciar las 6 zonas de la ciudad en las que el proyecto tendr\u00e1 incidencia y los tipos de actuaciones previstas en cada una de ellas, unas intervenciones que se ir\u00e1n actualizando a medida que se produzcan novedades y se avance en la ejecuci\u00f3n.<\/p>\n<p style=\"text-align: justify;\">La web <strong><a href=\"http:\/\/www.lifeviadelaplata.com\">www.lifeviadelaplata.com<\/a><\/strong> se encuentra disponible en castellano e ingl\u00e9s y, dada su vinculaci\u00f3n con la Comisi\u00f3n Europea, supone tambi\u00e9n un espacio de relaci\u00f3n y sinergias con otros programas europeos LIFE que puedan resultar afines.<\/p>\n<p style=\"text-align: justify;\">La presentaci\u00f3n de este nuevo canal de comunicaci\u00f3n de LIFE V\u00eda de la Plata ha coincidido con la presentaci\u00f3n de la imagen propia del proyecto.<\/p>\n<p style=\"text-align: justify;\">Por otra parte, el LIFE V\u00eda de la Plata se difundir\u00e1 a trav\u00e9s de todas las redes sociales de Savia (Twitter, Facebook, Instagram, Youtube y Linkedin) con el hashtag #LIFEviadelaplata para multiplicar su impacto y aprovechar sinergias entre ambos proyectos. La iniciativa contar\u00e1 tambi\u00e9n con un newsletter trimestral que informar\u00e1 puntualmente de todos los avances.<\/p>\n<p><img loading=\"lazy\" decoding=\"async\" class=\"aligncenter wp-image-14693 size-full\" src=\"http:\/\/www.ehu.eus\/cdsea\/web\/wp-content\/uploads\/2017\/03\/life-via-plata.png\" alt=\"\" width=\"2482\" height=\"317\" srcset=\"https:\/\/www.ehu.eus\/cdsea\/web\/wp-content\/uploads\/2017\/03\/life-via-plata.png 2482w, https:\/\/www.ehu.eus\/cdsea\/web\/wp-content\/uploads\/2017\/03\/life-via-plata-300x38.png 300w, https:\/\/www.ehu.eus\/cdsea\/web\/wp-content\/uploads\/2017\/03\/life-via-plata-768x98.png 768w, https:\/\/www.ehu.eus\/cdsea\/web\/wp-content\/uploads\/2017\/03\/life-via-plata-1024x131.png 1024w, https:\/\/www.ehu.eus\/cdsea\/web\/wp-content\/uploads\/2017\/03\/life-via-plata-600x77.png 600w\" sizes=\"(max-width: 2482px) 100vw, 2482px\" \/>[\/vc_column_text][\/vc_column][\/vc_row]<\/p>\n","protected":false},"excerpt":{"rendered":"<p>[vc_row][vc_column][vc_column_text] El proyecto LIFE V\u00eda de la Plata estrena imagen y p\u00e1gina web para difundir todos los detalles y fomentar la relaci\u00f3n con la ciudadan\u00eda www.lifeviadelaplata.com permite consultar todos los aspectos generales del proyecto, informando puntualmente de sus avances, e incorpora otras secciones m\u00e1s din\u00e1micas y visuales El proyecto europeo LIFE V\u00eda de la Plata [&hellip;]<\/p>\n","protected":false},"author":4,"featured_media":0,"parent":0,"menu_order":0,"comment_status":"closed","ping_status":"closed","template":"","meta":{"footnotes":""},"class_list":["post-14673","page","type-page","status-publish","hentry"],"_links":{"self":[{"href":"https:\/\/www.ehu.eus\/cdsea\/web\/index.php\/wp-json\/wp\/v2\/pages\/14673"}],"collection":[{"href":"https:\/\/www.ehu.eus\/cdsea\/web\/index.php\/wp-json\/wp\/v2\/pages"}],"about":[{"href":"https:\/\/www.ehu.eus\/cdsea\/web\/index.php\/wp-json\/wp\/v2\/types\/page"}],"author":[{"embeddable":true,"href":"https:\/\/www.ehu.eus\/cdsea\/web\/index.php\/wp-json\/wp\/v2\/users\/4"}],"replies":[{"embeddable":true,"href":"https:\/\/www.ehu.eus\/cdsea\/web\/index.php\/wp-json\/wp\/v2\/comments?post=14673"}],"version-history":[{"count":4,"href":"https:\/\/www.ehu.eus\/cdsea\/web\/index.php\/wp-json\/wp\/v2\/pages\/14673\/revisions"}],"predecessor-version":[{"id":14694,"href":"https:\/\/www.ehu.eus\/cdsea\/web\/index.php\/wp-json\/wp\/v2\/pages\/14673\/revisions\/14694"}],"wp:attachment":[{"href":"https:\/\/www.ehu.eus\/cdsea\/web\/index.php\/wp-json\/wp\/v2\/media?parent=14673"}],"curies":[{"name":"wp","href":"https:\/\/api.w.org\/{rel}","templated":true}]}}

Proyecto LIFE Vía de la Plata

<p>[vc_row][vc_column][vc_column_text]</p>
<p style="text-align: justify;"><strong>El proyecto LIFE Vía de la Plata estrena imagen y página web para difundir todos los detalles y fomentar la relación con la ciudadanía</strong></p>
<p style="text-align: justify;"><strong>www.lifeviadelaplata.com permite consultar todos los aspectos generales del proyecto, informando puntualmente de sus avances, e incorpora otras secciones más dinámicas y visuales</strong></p>
<p style="text-align: justify;">El proyecto europeo LIFE Vía de la Plata (LIFE19 CCA/ES/001188), que creará un gran corredor verde en el trazado de esta vía pecuaria a su paso por Salamanca y servirá de proyecto piloto para el desarrollo de la infraestructura verde de la ciudad, da un nuevo paso hoy con la puesta en marcha de su página web <a href="http://www.lifeviadelaplata.com">www.lifeviadelaplata.com</a>. Este proyecto se enmarca en la estrategia Savia Red Verde Salamanca, que guiará la transformación sostenible de la ciudad durante los próximos años</p>
<p style="text-align: justify;">A través de esta nueva página web, es posible consultar todos los aspectos generales relacionados con el carácter del LIFE Vía de la Plata: presentación, objetivos, acciones, impactos y resultados esperados o ámbito de actuación. Además de estos apartados de carácter más estático, la web incorporará otras secciones más dinámicas, en las que se irá reflejando la evolución y las novedades relacionadas con el proyecto.</p>
<p style="text-align: justify;">Una de las partes más destacadas en esta web y de interés para la ciudadanía salmantina se encuentra en el apartado de <em>Actuaciones</em>, donde es posible diferenciar las 6 zonas de la ciudad en las que el proyecto tendrá incidencia y los tipos de actuaciones previstas en cada una de ellas, unas intervenciones que se irán actualizando a medida que se produzcan novedades y se avance en la ejecución.</p>
<p style="text-align: justify;">La web <strong><a href="http://www.lifeviadelaplata.com">www.lifeviadelaplata.com</a></strong> se encuentra disponible en castellano e inglés y, dada su vinculación con la Comisión Europea, supone también un espacio de relación y sinergias con otros programas europeos LIFE que puedan resultar afines.</p>
<p style="text-align: justify;">La presentación de este nuevo canal de comunicación de LIFE Vía de la Plata ha coincidido con la presentación de la imagen propia del proyecto.</p>
<p style="text-align: justify;">Por otra parte, el LIFE Vía de la Plata se difundirá a través de todas las redes sociales de Savia (Twitter, Facebook, Instagram, Youtube y Linkedin) con el hashtag #LIFEviadelaplata para multiplicar su impacto y aprovechar sinergias entre ambos proyectos. La iniciativa contará también con un newsletter trimestral que informará puntualmente de todos los avances.</p>
<p><img loading="lazy" decoding="async" class="aligncenter wp-image-14693 size-full" src="http://www.ehu.eus/cdsea/web/wp-content/uploads/2017/03/life-via-plata.png" alt="" width="2482" height="317" srcset="https://www.ehu.eus/cdsea/web/wp-content/uploads/2017/03/life-via-plata.png 2482w, https://www.ehu.eus/cdsea/web/wp-content/uploads/2017/03/life-via-plata-300x38.png 300w, https://www.ehu.eus/cdsea/web/wp-content/uploads/2017/03/life-via-plata-768x98.png 768w, https://www.ehu.eus/cdsea/web/wp-content/uploads/2017/03/life-via-plata-1024x131.png 1024w, https://www.ehu.eus/cdsea/web/wp-content/uploads/2017/03/life-via-plata-600x77.png 600w" sizes="(max-width: 2482px) 100vw, 2482px" />[/vc_column_text][/vc_column][/vc_row]</p>

<p>[vc_row][vc_column][vc_column_text] El proyecto LIFE Vía de la Plata estrena imagen y página web para difundir todos los detalles y fomentar la relación con la ciudadanía www.lifeviadelaplata.com permite consultar todos los aspectos generales del proyecto, informando puntualmente de sus avances, e incorpora otras secciones más dinámicas y visuales El proyecto europeo LIFE Vía de la Plata [&hellip;]</p>
