{"id":15122,"date":"2021-10-15T10:03:01","date_gmt":"2021-10-15T10:03:01","guid":{"rendered":"http:\/\/www.ehu.eus\/cdsea\/web\/?page_id=15122"},"modified":"2021-10-15T10:03:01","modified_gmt":"2021-10-15T10:03:01","slug":"xv-congreso-nacional-de-la-aeet-2021","status":"publish","type":"page","link":"https:\/\/www.ehu.eus\/cdsea\/web\/index.php\/xv-congreso-nacional-de-la-aeet-2021\/","title":{"rendered":"XV CONGRESO NACIONAL DE LA AEET, 2021"},"content":{"rendered":"<p><strong>XV CONGRESO NACIONAL DE LA AEET, 2021<\/strong><\/p>\n<p>Investigadoras de la C\u00e1tedra UNESCO participar\u00e1n en el XV Congreso Nacional de la AEET <strong><em>\u201cEl valor de la Naturaleza para una Sociedad Global\u201d<\/em><\/strong><strong><em>,<\/em><\/strong>\u00a0que tendr\u00e1 lugar <strong>del 18 al 21 de octubre de 2021, en Plasencia, C\u00e1ceres<\/strong><strong>.<\/strong> En dicho congreso se presentar\u00e1 la comunicaci\u00f3n oral <em>\u201cMejora de la conectividad en la Reserva de la Biosfera de Urdaibai para crear una Infraestructura Verde\u201d<\/em> y el p\u00f3ster <em>\u201cRENATUR interrreg project: co-working among international institutions, stakeholders and scientists to protect peri-urban open spaces (PUOS)\u201d.<\/em><\/p>\n<p>Este congreso aborda el importante papel que la Ecolog\u00eda, como disciplina cient\u00edfica, ejerce en la sociedad. Las interacciones entre los organismos y su relaci\u00f3n con el entorno tienen importantes consecuencias en las funciones y servicios de los ecosistemas, de los que dependen los humanos. El congreso tiene como objetivo proporcionar una plataforma para el intercambio de los conocimientos m\u00e1s actuales sobre ecolog\u00eda, considerando procesos y funciones a diferentes escalas espaciales y temporales en el medio terrestre.<\/p>\n<p>M\u00e1s informaci\u00f3n: <a href=\"https:\/\/congreso2021.aeet.org\/\">https:\/\/congreso2021.aeet.org\/<\/a><\/p>\n","protected":false},"excerpt":{"rendered":"<p>XV CONGRESO NACIONAL DE LA AEET, 2021 Investigadoras de la C\u00e1tedra UNESCO participar\u00e1n en el XV Congreso Nacional de la AEET \u201cEl valor de la Naturaleza para una Sociedad Global\u201d,\u00a0que tendr\u00e1 lugar del 18 al 21 de octubre de 2021, en Plasencia, C\u00e1ceres. En dicho congreso se presentar\u00e1 la comunicaci\u00f3n oral \u201cMejora de la conectividad [&hellip;]<\/p>\n","protected":false},"author":4,"featured_media":0,"parent":0,"menu_order":0,"comment_status":"closed","ping_status":"closed","template":"","meta":{"footnotes":""},"class_list":["post-15122","page","type-page","status-publish","hentry"],"_links":{"self":[{"href":"https:\/\/www.ehu.eus\/cdsea\/web\/index.php\/wp-json\/wp\/v2\/pages\/15122"}],"collection":[{"href":"https:\/\/www.ehu.eus\/cdsea\/web\/index.php\/wp-json\/wp\/v2\/pages"}],"about":[{"href":"https:\/\/www.ehu.eus\/cdsea\/web\/index.php\/wp-json\/wp\/v2\/types\/page"}],"author":[{"embeddable":true,"href":"https:\/\/www.ehu.eus\/cdsea\/web\/index.php\/wp-json\/wp\/v2\/users\/4"}],"replies":[{"embeddable":true,"href":"https:\/\/www.ehu.eus\/cdsea\/web\/index.php\/wp-json\/wp\/v2\/comments?post=15122"}],"version-history":[{"count":1,"href":"https:\/\/www.ehu.eus\/cdsea\/web\/index.php\/wp-json\/wp\/v2\/pages\/15122\/revisions"}],"predecessor-version":[{"id":15123,"href":"https:\/\/www.ehu.eus\/cdsea\/web\/index.php\/wp-json\/wp\/v2\/pages\/15122\/revisions\/15123"}],"wp:attachment":[{"href":"https:\/\/www.ehu.eus\/cdsea\/web\/index.php\/wp-json\/wp\/v2\/media?parent=15122"}],"curies":[{"name":"wp","href":"https:\/\/api.w.org\/{rel}","templated":true}]}}