{"id":15649,"date":"2022-02-01T12:28:52","date_gmt":"2022-02-01T12:28:52","guid":{"rendered":"http:\/\/www.ehu.eus\/cdsea\/web\/?page_id=15649"},"modified":"2022-02-01T12:28:52","modified_gmt":"2022-02-01T12:28:52","slug":"think-tank-green-recovery-gipuzkoa","status":"publish","type":"page","link":"https:\/\/www.ehu.eus\/cdsea\/web\/index.php\/think-tank-green-recovery-gipuzkoa\/","title":{"rendered":"Think-Tank GREEN RECOVERY GIPUZKOA"},"content":{"rendered":"<p><strong>Think-Tank<\/strong> <strong>GREEN RECOVERY GIPUZKOA<\/strong><\/p>\n<p style=\"text-align: justify;\">Ibone Ametzaga coordinadora general de la C\u00e1tedra UNESCO sobre Desarrollo Sostenible y Educaci\u00f3n Ambiental de la UPV\/EHU ha asistido el <strong>27 de enero<\/strong> <strong>en Donostia<\/strong> al segundo ciclo del <strong>Think-Tank<\/strong> <strong>GREEN RECOVERY GIPUZKOA<\/strong> en el marco del proyecto ETORKIZUNA ERAIKIZ llevado a cabo por la Diputaci\u00f3n Foral de Gipuzkoa. El objetivo de este proyecto es crear un punto de encuentro para la reflexi\u00f3n en torno al cambio clim\u00e1tico desde la perspectiva de la recuperaci\u00f3n verde, y en este Think Tank Green Recovery, se quiere crear una hoja de ruta con acciones concretas nacidas de la reflexi\u00f3n y deliberaci\u00f3n conjunta, con acci\u00f3n directa en las pol\u00edticas del Departamento de Medio Ambiente para lograr la descarbonizaci\u00f3n de la econ\u00f3mica y la neutralidad clim\u00e1tica en 2050.<\/p>\n","protected":false},"excerpt":{"rendered":"<p>Think-Tank GREEN RECOVERY GIPUZKOA Ibone Ametzaga coordinadora general de la C\u00e1tedra UNESCO sobre Desarrollo Sostenible y Educaci\u00f3n Ambiental de la UPV\/EHU ha asistido el 27 de enero en Donostia al segundo ciclo del Think-Tank GREEN RECOVERY GIPUZKOA en el marco del proyecto ETORKIZUNA ERAIKIZ llevado a cabo por la Diputaci\u00f3n Foral de Gipuzkoa. El objetivo [&hellip;]<\/p>\n","protected":false},"author":4,"featured_media":0,"parent":0,"menu_order":0,"comment_status":"closed","ping_status":"closed","template":"","meta":{"footnotes":""},"class_list":["post-15649","page","type-page","status-publish","hentry"],"_links":{"self":[{"href":"https:\/\/www.ehu.eus\/cdsea\/web\/index.php\/wp-json\/wp\/v2\/pages\/15649"}],"collection":[{"href":"https:\/\/www.ehu.eus\/cdsea\/web\/index.php\/wp-json\/wp\/v2\/pages"}],"about":[{"href":"https:\/\/www.ehu.eus\/cdsea\/web\/index.php\/wp-json\/wp\/v2\/types\/page"}],"author":[{"embeddable":true,"href":"https:\/\/www.ehu.eus\/cdsea\/web\/index.php\/wp-json\/wp\/v2\/users\/4"}],"replies":[{"embeddable":true,"href":"https:\/\/www.ehu.eus\/cdsea\/web\/index.php\/wp-json\/wp\/v2\/comments?post=15649"}],"version-history":[{"count":1,"href":"https:\/\/www.ehu.eus\/cdsea\/web\/index.php\/wp-json\/wp\/v2\/pages\/15649\/revisions"}],"predecessor-version":[{"id":15650,"href":"https:\/\/www.ehu.eus\/cdsea\/web\/index.php\/wp-json\/wp\/v2\/pages\/15649\/revisions\/15650"}],"wp:attachment":[{"href":"https:\/\/www.ehu.eus\/cdsea\/web\/index.php\/wp-json\/wp\/v2\/media?parent=15649"}],"curies":[{"name":"wp","href":"https:\/\/api.w.org\/{rel}","templated":true}]}}