{"id":15950,"date":"2022-05-04T10:28:30","date_gmt":"2022-05-04T10:28:30","guid":{"rendered":"http:\/\/www.ehu.eus\/cdsea\/web\/?page_id=15950"},"modified":"2022-05-04T10:28:31","modified_gmt":"2022-05-04T10:28:31","slug":"naturalizar-la-ciudad-genera-bienestar-y-salud-a-las-personas","status":"publish","type":"page","link":"https:\/\/www.ehu.eus\/cdsea\/web\/index.php\/naturalizar-la-ciudad-genera-bienestar-y-salud-a-las-personas\/","title":{"rendered":"Naturalizar la ciudad genera bienestar y salud a las personas"},"content":{"rendered":"\n<p><strong>Charla: <em>Naturalizar la ciudad genera bienestar y salud a las personas<\/em><\/strong><\/p>\n\n\n\n<p>Beatriz Fern\u00e1ndez de Manuel, investigadora de la C\u00e1tedra UNESCO sobre Desarrollo Sostenible y<br>Educaci\u00f3n Ambiental de la UPV-EHU, impartir\u00e1 una charla sobre <em>Naturalizar la ciudad genera bienestar y salud a las personas <\/em>al profesorado responsable de la AGENDA 2030 ESCOLAR DE BILBAO en el FORO INTERESCOLAR DE BILBAO que tendr\u00e1 lugar el 5 de mayo de 2022 en el Centro Municipal de Otxarkoaga (Bilbao).<\/p>\n","protected":false},"excerpt":{"rendered":"<p>Charla: Naturalizar la ciudad genera bienestar y salud a las personas Beatriz Fern\u00e1ndez de Manuel, investigadora de la C\u00e1tedra UNESCO sobre Desarrollo Sostenible yEducaci\u00f3n Ambiental de la UPV-EHU, impartir\u00e1 una charla sobre Naturalizar la ciudad genera bienestar y salud a las personas al profesorado responsable de la AGENDA 2030 ESCOLAR DE BILBAO en el FORO [&hellip;]<\/p>\n","protected":false},"author":4,"featured_media":0,"parent":0,"menu_order":0,"comment_status":"closed","ping_status":"closed","template":"","meta":{"footnotes":""},"class_list":["post-15950","page","type-page","status-publish","hentry"],"_links":{"self":[{"href":"https:\/\/www.ehu.eus\/cdsea\/web\/index.php\/wp-json\/wp\/v2\/pages\/15950"}],"collection":[{"href":"https:\/\/www.ehu.eus\/cdsea\/web\/index.php\/wp-json\/wp\/v2\/pages"}],"about":[{"href":"https:\/\/www.ehu.eus\/cdsea\/web\/index.php\/wp-json\/wp\/v2\/types\/page"}],"author":[{"embeddable":true,"href":"https:\/\/www.ehu.eus\/cdsea\/web\/index.php\/wp-json\/wp\/v2\/users\/4"}],"replies":[{"embeddable":true,"href":"https:\/\/www.ehu.eus\/cdsea\/web\/index.php\/wp-json\/wp\/v2\/comments?post=15950"}],"version-history":[{"count":1,"href":"https:\/\/www.ehu.eus\/cdsea\/web\/index.php\/wp-json\/wp\/v2\/pages\/15950\/revisions"}],"predecessor-version":[{"id":15952,"href":"https:\/\/www.ehu.eus\/cdsea\/web\/index.php\/wp-json\/wp\/v2\/pages\/15950\/revisions\/15952"}],"wp:attachment":[{"href":"https:\/\/www.ehu.eus\/cdsea\/web\/index.php\/wp-json\/wp\/v2\/media?parent=15950"}],"curies":[{"name":"wp","href":"https:\/\/api.w.org\/{rel}","templated":true}]}}