{"id":16740,"date":"2023-02-13T11:37:41","date_gmt":"2023-02-13T11:37:41","guid":{"rendered":"https:\/\/www.ehu.eus\/cdsea\/web\/?page_id=16740"},"modified":"2023-02-13T11:37:42","modified_gmt":"2023-02-13T11:37:42","slug":"cadena-ser-naturaleza-bilbao","status":"publish","type":"page","link":"https:\/\/www.ehu.eus\/cdsea\/web\/index.php\/cadena-ser-naturaleza-bilbao\/","title":{"rendered":"Cadena SER Naturaleza Bilbao"},"content":{"rendered":"\n<p>El 8 de febrero Ibone Ametzaga directora de la C\u00e1tedra UNESCO de Desarrollo Sostenible y Educaci\u00f3n ambiental acudi\u00f3 a la Cadena SER para hablar sobre naturaleza entorno a Bilbao.<\/p>\n\n\n\n<p><a href=\"https:\/\/cadenaser.com\/euskadi\/2023\/02\/08\/mas-zonas-verdes-urbanas-frente-a-la-desnaturalizacion-del-pagasarri-radio-bilbao\/\">https:\/\/cadenaser.com\/euskadi\/2023\/02\/08\/mas-zonas-verdes-urbanas-frente-a-la-desnaturalizacion-del-pagasarri-radio-bilbao\/<\/a><\/p>\n","protected":false},"excerpt":{"rendered":"<p>El 8 de febrero Ibone Ametzaga directora de la C\u00e1tedra UNESCO de Desarrollo Sostenible y Educaci\u00f3n ambiental acudi\u00f3 a la Cadena SER para hablar sobre naturaleza entorno a Bilbao. https:\/\/cadenaser.com\/euskadi\/2023\/02\/08\/mas-zonas-verdes-urbanas-frente-a-la-desnaturalizacion-del-pagasarri-radio-bilbao\/<\/p>\n","protected":false},"author":4,"featured_media":0,"parent":0,"menu_order":0,"comment_status":"closed","ping_status":"closed","template":"","meta":{"footnotes":""},"class_list":["post-16740","page","type-page","status-publish","hentry"],"_links":{"self":[{"href":"https:\/\/www.ehu.eus\/cdsea\/web\/index.php\/wp-json\/wp\/v2\/pages\/16740"}],"collection":[{"href":"https:\/\/www.ehu.eus\/cdsea\/web\/index.php\/wp-json\/wp\/v2\/pages"}],"about":[{"href":"https:\/\/www.ehu.eus\/cdsea\/web\/index.php\/wp-json\/wp\/v2\/types\/page"}],"author":[{"embeddable":true,"href":"https:\/\/www.ehu.eus\/cdsea\/web\/index.php\/wp-json\/wp\/v2\/users\/4"}],"replies":[{"embeddable":true,"href":"https:\/\/www.ehu.eus\/cdsea\/web\/index.php\/wp-json\/wp\/v2\/comments?post=16740"}],"version-history":[{"count":1,"href":"https:\/\/www.ehu.eus\/cdsea\/web\/index.php\/wp-json\/wp\/v2\/pages\/16740\/revisions"}],"predecessor-version":[{"id":16742,"href":"https:\/\/www.ehu.eus\/cdsea\/web\/index.php\/wp-json\/wp\/v2\/pages\/16740\/revisions\/16742"}],"wp:attachment":[{"href":"https:\/\/www.ehu.eus\/cdsea\/web\/index.php\/wp-json\/wp\/v2\/media?parent=16740"}],"curies":[{"name":"wp","href":"https:\/\/api.w.org\/{rel}","templated":true}]}}