{"id":16863,"date":"2023-05-03T17:08:14","date_gmt":"2023-05-03T17:08:14","guid":{"rendered":"https:\/\/www.ehu.eus\/cdsea\/web\/?page_id=16863"},"modified":"2023-05-03T17:09:54","modified_gmt":"2023-05-03T17:09:54","slug":"donana-teleberri","status":"publish","type":"page","link":"https:\/\/www.ehu.eus\/cdsea\/web\/index.php\/donana-teleberri\/","title":{"rendered":"Do\u00f1ana Teleberri"},"content":{"rendered":"[vc_row][vc_column][vc_column_text]<p><\/p>\n<p>El 14 de abril Ibone Ametzaga directora de la C\u00e1tedra UNESCO de Desarrollo Sostenible y Educaci\u00f3n ambiental hablo en Teleberri (eitb) acerca de la sequ\u00eda de Do\u00f1ana.<\/p>\n<p><a href=\"https:\/\/www.eitb.eus\/es\/noticias\/sociedad\/videos\/detalle\/9171270\/video-expertos-alertan-sobre-efectos-que-acarreara-que-donana-se-siga-secando\/\">https:\/\/www.eitb.eus\/es\/noticias\/sociedad\/videos\/detalle\/9171270\/video-expertos-alertan-sobre-efectos-que-acarreara-que-donana-se-siga-secando\/<\/a><\/p>\n<p><\/p>[\/vc_column_text][\/vc_column][\/vc_row]","protected":false},"excerpt":{"rendered":"<p>[vc_row][vc_column][vc_column_text] El 14 de abril Ibone Ametzaga directora de la C\u00e1tedra UNESCO de Desarrollo Sostenible y Educaci\u00f3n ambiental hablo en Teleberri (eitb) acerca de la sequ\u00eda de Do\u00f1ana. https:\/\/www.eitb.eus\/es\/noticias\/sociedad\/videos\/detalle\/9171270\/video-expertos-alertan-sobre-efectos-que-acarreara-que-donana-se-siga-secando\/ [\/vc_column_text][\/vc_column][\/vc_row]<\/p>\n","protected":false},"author":4,"featured_media":0,"parent":0,"menu_order":0,"comment_status":"closed","ping_status":"closed","template":"","meta":{"footnotes":""},"class_list":["post-16863","page","type-page","status-publish","hentry"],"_links":{"self":[{"href":"https:\/\/www.ehu.eus\/cdsea\/web\/index.php\/wp-json\/wp\/v2\/pages\/16863"}],"collection":[{"href":"https:\/\/www.ehu.eus\/cdsea\/web\/index.php\/wp-json\/wp\/v2\/pages"}],"about":[{"href":"https:\/\/www.ehu.eus\/cdsea\/web\/index.php\/wp-json\/wp\/v2\/types\/page"}],"author":[{"embeddable":true,"href":"https:\/\/www.ehu.eus\/cdsea\/web\/index.php\/wp-json\/wp\/v2\/users\/4"}],"replies":[{"embeddable":true,"href":"https:\/\/www.ehu.eus\/cdsea\/web\/index.php\/wp-json\/wp\/v2\/comments?post=16863"}],"version-history":[{"count":2,"href":"https:\/\/www.ehu.eus\/cdsea\/web\/index.php\/wp-json\/wp\/v2\/pages\/16863\/revisions"}],"predecessor-version":[{"id":16869,"href":"https:\/\/www.ehu.eus\/cdsea\/web\/index.php\/wp-json\/wp\/v2\/pages\/16863\/revisions\/16869"}],"wp:attachment":[{"href":"https:\/\/www.ehu.eus\/cdsea\/web\/index.php\/wp-json\/wp\/v2\/media?parent=16863"}],"curies":[{"name":"wp","href":"https:\/\/api.w.org\/{rel}","templated":true}]}}