{"id":16934,"date":"2023-07-03T11:28:32","date_gmt":"2023-07-03T11:28:32","guid":{"rendered":"https:\/\/www.ehu.eus\/cdsea\/web\/?page_id=16934"},"modified":"2023-07-03T11:28:33","modified_gmt":"2023-07-03T11:28:33","slug":"faktoria-magazine-2","status":"publish","type":"page","link":"https:\/\/www.ehu.eus\/cdsea\/web\/index.php\/faktoria-magazine-2\/","title":{"rendered":"Faktoria Magazine"},"content":{"rendered":"\n<p>Los mi\u00e9rcoles Ibone Ametzaga Coordinadora de la C\u00e1tedra UNESCO de Desarrollo Sostenible y Educaci\u00f3n Ambiental participa en el programa \u201c<strong>Faktoria Magazine<\/strong>\u201d de 11:15 a 11:45 en EITB Euskadi Irratia. <a href=\"https:\/\/www.eitb.eus\/eu\/nahieran\/irratia\/euskadi-irratia\/faktoria-magazina\/5052080\/\">https:\/\/www.eitb.eus\/eu\/nahieran\/irratia\/euskadi-irratia\/faktoria-magazina\/5052080\/<\/a><\/p>\n","protected":false},"excerpt":{"rendered":"<p>Los mi\u00e9rcoles Ibone Ametzaga Coordinadora de la C\u00e1tedra UNESCO de Desarrollo Sostenible y Educaci\u00f3n Ambiental participa en el programa \u201cFaktoria Magazine\u201d de 11:15 a 11:45 en EITB Euskadi Irratia. https:\/\/www.eitb.eus\/eu\/nahieran\/irratia\/euskadi-irratia\/faktoria-magazina\/5052080\/<\/p>\n","protected":false},"author":4,"featured_media":0,"parent":0,"menu_order":0,"comment_status":"closed","ping_status":"closed","template":"","meta":{"footnotes":""},"class_list":["post-16934","page","type-page","status-publish","hentry"],"_links":{"self":[{"href":"https:\/\/www.ehu.eus\/cdsea\/web\/index.php\/wp-json\/wp\/v2\/pages\/16934"}],"collection":[{"href":"https:\/\/www.ehu.eus\/cdsea\/web\/index.php\/wp-json\/wp\/v2\/pages"}],"about":[{"href":"https:\/\/www.ehu.eus\/cdsea\/web\/index.php\/wp-json\/wp\/v2\/types\/page"}],"author":[{"embeddable":true,"href":"https:\/\/www.ehu.eus\/cdsea\/web\/index.php\/wp-json\/wp\/v2\/users\/4"}],"replies":[{"embeddable":true,"href":"https:\/\/www.ehu.eus\/cdsea\/web\/index.php\/wp-json\/wp\/v2\/comments?post=16934"}],"version-history":[{"count":1,"href":"https:\/\/www.ehu.eus\/cdsea\/web\/index.php\/wp-json\/wp\/v2\/pages\/16934\/revisions"}],"predecessor-version":[{"id":16936,"href":"https:\/\/www.ehu.eus\/cdsea\/web\/index.php\/wp-json\/wp\/v2\/pages\/16934\/revisions\/16936"}],"wp:attachment":[{"href":"https:\/\/www.ehu.eus\/cdsea\/web\/index.php\/wp-json\/wp\/v2\/media?parent=16934"}],"curies":[{"name":"wp","href":"https:\/\/api.w.org\/{rel}","templated":true}]}}

<p>Los miércoles Ibone Ametzaga Coordinadora de la Cátedra UNESCO de Desarrollo Sostenible y Educación Ambiental participa en el programa “<strong>Faktoria Magazine</strong>” de 11:15 a 11:45 en EITB Euskadi Irratia. <a href="https://www.eitb.eus/eu/nahieran/irratia/euskadi-irratia/faktoria-magazina/5052080/">https://www.eitb.eus/eu/nahieran/irratia/euskadi-irratia/faktoria-magazina/5052080/</a></p>

<p>Los miércoles Ibone Ametzaga Coordinadora de la Cátedra UNESCO de Desarrollo Sostenible y Educación Ambiental participa en el programa “Faktoria Magazine” de 11:15 a 11:45 en EITB Euskadi Irratia. https://www.eitb.eus/eu/nahieran/irratia/euskadi-irratia/faktoria-magazina/5052080/</p>
