{"id":16958,"date":"2023-07-03T11:31:39","date_gmt":"2023-07-03T11:31:39","guid":{"rendered":"https:\/\/www.ehu.eus\/cdsea\/web\/?page_id=16958"},"modified":"2023-07-03T11:31:40","modified_gmt":"2023-07-03T11:31:40","slug":"elcorreo","status":"publish","type":"page","link":"https:\/\/www.ehu.eus\/cdsea\/web\/index.php\/elcorreo\/","title":{"rendered":"ElCorreo"},"content":{"rendered":"\n<p><strong>Aparici\u00f3n en el Correo. <\/strong>El 22 de marzo Ibone Ametzaga y Beatriz Fern\u00e1ndez de Manuel aparecieron en el Correo dentro de la noticia \u201cMedio centenar de \u00e1rboles estrenan el corredor verde de Mar\u00eda D\u00edaz de Haro\u201d.<\/p>\n","protected":false},"excerpt":{"rendered":"<p>Aparici\u00f3n en el Correo. El 22 de marzo Ibone Ametzaga y Beatriz Fern\u00e1ndez de Manuel aparecieron en el Correo dentro de la noticia \u201cMedio centenar de \u00e1rboles estrenan el corredor verde de Mar\u00eda D\u00edaz de Haro\u201d.<\/p>\n","protected":false},"author":4,"featured_media":0,"parent":0,"menu_order":0,"comment_status":"closed","ping_status":"closed","template":"","meta":{"footnotes":""},"class_list":["post-16958","page","type-page","status-publish","hentry"],"_links":{"self":[{"href":"https:\/\/www.ehu.eus\/cdsea\/web\/index.php\/wp-json\/wp\/v2\/pages\/16958"}],"collection":[{"href":"https:\/\/www.ehu.eus\/cdsea\/web\/index.php\/wp-json\/wp\/v2\/pages"}],"about":[{"href":"https:\/\/www.ehu.eus\/cdsea\/web\/index.php\/wp-json\/wp\/v2\/types\/page"}],"author":[{"embeddable":true,"href":"https:\/\/www.ehu.eus\/cdsea\/web\/index.php\/wp-json\/wp\/v2\/users\/4"}],"replies":[{"embeddable":true,"href":"https:\/\/www.ehu.eus\/cdsea\/web\/index.php\/wp-json\/wp\/v2\/comments?post=16958"}],"version-history":[{"count":1,"href":"https:\/\/www.ehu.eus\/cdsea\/web\/index.php\/wp-json\/wp\/v2\/pages\/16958\/revisions"}],"predecessor-version":[{"id":16960,"href":"https:\/\/www.ehu.eus\/cdsea\/web\/index.php\/wp-json\/wp\/v2\/pages\/16958\/revisions\/16960"}],"wp:attachment":[{"href":"https:\/\/www.ehu.eus\/cdsea\/web\/index.php\/wp-json\/wp\/v2\/media?parent=16958"}],"curies":[{"name":"wp","href":"https:\/\/api.w.org\/{rel}","templated":true}]}}

<p><strong>Aparición en el Correo. </strong>El 22 de marzo Ibone Ametzaga y Beatriz Fernández de Manuel aparecieron en el Correo dentro de la noticia “Medio centenar de árboles estrenan el corredor verde de María Díaz de Haro”.</p>

<p>Aparición en el Correo. El 22 de marzo Ibone Ametzaga y Beatriz Fernández de Manuel aparecieron en el Correo dentro de la noticia “Medio centenar de árboles estrenan el corredor verde de María Díaz de Haro”.</p>
