{"id":17253,"date":"2023-11-21T13:53:35","date_gmt":"2023-11-21T13:53:35","guid":{"rendered":"https:\/\/www.ehu.eus\/cdsea\/web\/?page_id=17253"},"modified":"2023-11-21T13:53:35","modified_gmt":"2023-11-21T13:53:35","slug":"congreso-final-del-proyecto-life-via-de-la-plata","status":"publish","type":"page","link":"https:\/\/www.ehu.eus\/cdsea\/web\/index.php\/congreso-final-del-proyecto-life-via-de-la-plata\/","title":{"rendered":"Congreso final del proyecto LIFE V\u00eda de la Plata."},"content":{"rendered":"\n<p><strong>Congreso final del proyecto LIFE V\u00eda de la Plata.<\/strong><\/p>\n\n\n\n<p>Beatriz Fern\u00e1ndez de Manuel imparti\u00f3 la charla titulada \u00abServicios de los Ecosistemas en el LIFE V\u00eda de la Plata\u00bb en el Congreso LIFE V\u00eda de la Plata, que tuvo lugar en el Centro Internacional del Espa\u00f1ol de la Universidad de Salamanca, del 8 al 10 de noviembre. M\u00e1s informaci\u00f3n en:<\/p>\n\n\n\n<p><a href=\"https:\/\/www.lifeviadelaplata.com\/congreso2023\/\">https:\/\/www.lifeviadelaplata.com\/congreso2023\/<\/a><\/p>\n","protected":false},"excerpt":{"rendered":"<p>Congreso final del proyecto LIFE V\u00eda de la Plata. Beatriz Fern\u00e1ndez de Manuel imparti\u00f3 la charla titulada \u00abServicios de los Ecosistemas en el LIFE V\u00eda de la Plata\u00bb en el Congreso LIFE V\u00eda de la Plata, que tuvo lugar en el Centro Internacional del Espa\u00f1ol de la Universidad de Salamanca, del 8 al 10 de [&hellip;]<\/p>\n","protected":false},"author":4,"featured_media":0,"parent":0,"menu_order":0,"comment_status":"closed","ping_status":"closed","template":"","meta":{"footnotes":""},"class_list":["post-17253","page","type-page","status-publish","hentry"],"_links":{"self":[{"href":"https:\/\/www.ehu.eus\/cdsea\/web\/index.php\/wp-json\/wp\/v2\/pages\/17253"}],"collection":[{"href":"https:\/\/www.ehu.eus\/cdsea\/web\/index.php\/wp-json\/wp\/v2\/pages"}],"about":[{"href":"https:\/\/www.ehu.eus\/cdsea\/web\/index.php\/wp-json\/wp\/v2\/types\/page"}],"author":[{"embeddable":true,"href":"https:\/\/www.ehu.eus\/cdsea\/web\/index.php\/wp-json\/wp\/v2\/users\/4"}],"replies":[{"embeddable":true,"href":"https:\/\/www.ehu.eus\/cdsea\/web\/index.php\/wp-json\/wp\/v2\/comments?post=17253"}],"version-history":[{"count":1,"href":"https:\/\/www.ehu.eus\/cdsea\/web\/index.php\/wp-json\/wp\/v2\/pages\/17253\/revisions"}],"predecessor-version":[{"id":17255,"href":"https:\/\/www.ehu.eus\/cdsea\/web\/index.php\/wp-json\/wp\/v2\/pages\/17253\/revisions\/17255"}],"wp:attachment":[{"href":"https:\/\/www.ehu.eus\/cdsea\/web\/index.php\/wp-json\/wp\/v2\/media?parent=17253"}],"curies":[{"name":"wp","href":"https:\/\/api.w.org\/{rel}","templated":true}]}}