{"id":173,"date":"2016-11-15T15:05:53","date_gmt":"2016-11-15T15:05:53","guid":{"rendered":"http:\/\/www.ehu.eus\/cdsea\/cdseawp\/?page_id=173"},"modified":"2024-07-09T12:18:43","modified_gmt":"2024-07-09T12:18:43","slug":"prensa-y-radio","status":"publish","type":"page","link":"https:\/\/www.ehu.eus\/cdsea\/web\/index.php\/difusion\/prensa-y-radio\/","title":{"rendered":"Prensa y Radio"},"content":{"rendered":"<p style=\"text-align: justify;\">\n<h3 class=\"LC20lb MBeuO DKV0Md\">\ud83d\udcfb <span style=\"font-size: 12pt;\"><em><strong><a href=\"http:\/\/www.ehu.eus\/cdsea\/web\/images\/pdf\/Noticia_MAES_Forestal.pdf\" target=\"_blank\" rel=\"noopener\">La UE alaba el estudio de la biodiversidad de Urdaibai (DEIA): <\/a><\/strong>13 de junio del 2016.<\/em><\/span><\/h3>\n<h3 class=\"LC20lb MBeuO DKV0Md\">\ud83d\udcfb<span style=\"font-size: 12pt;\"><em><strong><a href=\"http:\/\/www.elmundoempresarial.es\/noticias\/es\/1602\/1\/4981\/El-futuro-de-la-Naturaleza-est%C3%A1-en-tus-manos.htm\" target=\"_blank\" rel=\"noopener\">El futuro de la naturaleza est\u00e1 en tus manos (NewBusiness, el Mundo Empresarial): <\/a><\/strong>27 de febrero del 2016.<\/em><\/span><\/h3>\n<h3 class=\"LC20lb MBeuO DKV0Md\">\ud83d\udcfb<span style=\"font-size: 12pt;\"><em><a href=\"http:\/\/www.deia.com\/2015\/11\/11\/bizkaia\/costa\/los-visitantes-de-urdaibai-alaban-su-valor-ecologico\" target=\"_blank\" rel=\"noopener\"><strong>Los visitantes de Urdaibai alaban su valor ecol\u00f3gico (DEIA):<\/strong><\/a> 11 de noviembre del 2015.<\/em><\/span><\/h3>\n<h3 class=\"LC20lb MBeuO DKV0Md\">\ud83d\udcfb<span style=\"font-size: 12pt;\"><em><strong><a href=\"http:\/\/www.elcorreo.com\/agencias\/pais-vasco\/201510\/04\/investigacion-evalua-estado-ecosistemas-500068.html\" target=\"_blank\" rel=\"noopener\">Una investigaci\u00f3n eval\u00faa el estado de los ecosistemas de Bizkaia (El Correo):<\/a><\/strong> 7 de octubre del 2015.<\/em><\/span><\/h3>\n<h3 class=\"LC20lb MBeuO DKV0Md\">\ud83d\udcfb<span style=\"font-size: 12pt;\"><em><strong><a href=\"http:\/\/agencias.abc.es\/agencias\/noticia.asp?noticia=1996984\" target=\"_blank\" rel=\"noopener\">Una investigaci\u00f3n eval\u00faa el estado de los ecosistemas de Bizkaia (ABC):<\/a> <\/strong>4 de octubre del 2015.<\/em><\/span><\/h3>\n<h3 class=\"LC20lb MBeuO DKV0Md\">\ud83d\udcfb<span style=\"font-size: 12pt;\"><em><a href=\"http:\/\/www.irekia.euskadi.eus\/es\/news\/27066-los-ecosistemas-del-pais-vasco-tienen-gran-potencial-para-mantenimiento-las-poblaciones-insectos-polinizadores?track=1\" target=\"_blank\" rel=\"noopener\"><strong>El 46% de los ecosistemas del Pa\u00eds Vasco tienen un gran potencial para el mantenimiento de las poblaciones de insectos polinizadores (Irekia):<\/strong> <\/a>25 de junio del 2015.<\/em><\/span><\/h3>\n<h3 class=\"LC20lb MBeuO DKV0Md\">\ud83d\udcfb<span style=\"font-size: 12pt;\"><em><strong><a href=\"http:\/\/www.deia.com\/2015\/06\/06\/opinion\/tribuna-abierta\/siete-mil-millones-de-suenos-un-solo-planeta-consume-con-moderacion\" target=\"_blank\" rel=\"noopener\">Siete mil millones de sue\u00f1os. Un solo planeta. Consume con moderaci\u00f3n (DEIA):<\/a><\/strong> 6 de junio del 2015.<\/em><\/span><\/h3>\n<h3 class=\"LC20lb MBeuO DKV0Md\">\ud83d\udcfb<span style=\"font-size: 12pt;\"><a href=\"http:\/\/www.elmundoempresarial.es\/noticias\/es\/1307\/11\/1147\" target=\"_blank\" rel=\"noopener\"><strong><em>\u201cInnovaci\u00f3n en productos y mercados ecol\u00f3gicos: el papel de las empresas en la conservaci\u00f3n de la biodiversidad\u201d (<\/em><\/strong><\/a><em><a href=\"http:\/\/www.elmundoempresarial.es\/noticias\/es\/1307\/11\/1147\" target=\"_blank\" rel=\"noopener\"><strong>peri\u00f3dico digital New Business- El Mundo Empresarial):<\/strong><\/a> 4 de junio del 2015.<\/em><\/span><\/h3>\n<h3 class=\"LC20lb MBeuO DKV0Md\">\ud83d\udcfb<span style=\"font-size: 12pt;\"><em><strong><a href=\"http:\/\/www.irekia.euskadi.eus\/es\/news\/25572-euskadi-expondra-gestion-sus-ecosistemas-european-geosciences-union-2015-viena\" target=\"_blank\" rel=\"noopener\">Euskadi expodr\u00e1 la gesti\u00f3n de sus ecosistemas en la European Geoscience Union 2015 de Viena (Irekia): <\/a><\/strong>9 de abril del 2015.<\/em><\/span><\/h3>\n<h3 class=\"LC20lb MBeuO DKV0Md\">\ud83d\udcfb<span style=\"font-size: 12pt;\"><em><strong><a href=\"http:\/\/www.ehu.eus\/cdsea\/web\/images\/stories\/LORENA\/el%20correo.pdf\" target=\"_blank\" rel=\"noopener\">El disfrute est\u00e9tico de un paisaje como el de Salburua contribuye al bienestar social (El correo):<\/a><\/strong> 14 de enero del 2015.<\/em><\/span><\/h3>\n<h3 class=\"LC20lb MBeuO DKV0Md\">\ud83d\udcfb<span style=\"font-size: 12pt;\"><a href=\"http:\/\/www.deia.com\/2014\/05\/17\/sociedad\/euskadi\/tras-el-corazon-verde\" target=\"_blank\" rel=\"noopener\"><strong><em>Tr\u00e1s el coraz\u00f3n verde (DEIA):<\/em><\/strong><\/a><em> 17 de mayo del 2014.<\/em><\/span><\/h3>\n<h3 class=\"LC20lb MBeuO DKV0Md\">\ud83d\udcfb<span style=\"font-size: 12pt;\"><a href=\"http:\/\/m.deia.es\/2014\/04\/06\/sociedad\/euskadi\/euskadi-ejemplo-europeo-en-la-gestion-ambiental\" target=\"_blank\" rel=\"noopener\"><strong><em>Euskadi, ejemplo europeo en la gesti\u00f3n ambiental (DEIA):<\/em><\/strong><\/a><em> 6 de abril del 2014.<\/em><\/span><\/h3>\n<h3 class=\"LC20lb MBeuO DKV0Md\">\ud83d\udcfb<span style=\"font-size: 12pt;\"><a href=\"http:\/\/ccaa.elpais.com\/ccaa\/2014\/04\/05\/paisvasco\/1396694940_405211.html\" target=\"_blank\" rel=\"noopener\"><strong><em>Euskadi, referencia europea en la Evaluaci\u00f3n de los Ecosistemas del Milenio (El Pa\u00eds): <\/em><\/strong><\/a><em>5 de abril del 2014.<\/em><\/span><\/h3>\n<h3 class=\"LC20lb MBeuO DKV0Md\">\ud83d\udcfb<span style=\"font-size: 12pt;\"><a href=\"http:\/\/www.bilbao24horas.com\/index.php\/euskadi\/10097-el-pais-vasco-referente-europeo-por-su-trabajo-con-las-personas-el-bienestar-y-la-naturaleza\" target=\"_blank\" rel=\"noopener\"><strong><em>El Pa\u00eds Vasco, referente europeo por su trabajo con las personas, el bienestar y la naturaleza (Bilbao 24 horas):<\/em><\/strong><\/a><em> 5 de abril del 2014.<\/em><\/span><\/h3>\n<h3 class=\"LC20lb MBeuO DKV0Md\">\ud83d\udcfb<span style=\"font-size: 12pt;\"><a href=\"http:\/\/www.irekia.euskadi.eus\/es\/news\/18827-sociedad-vasca-resultan-mas-agradables-los-ecosistemas-con-mayor-naturalidad-como-los-roquedos-los-bosques-naturales?track=1\" target=\"_blank\" rel=\"noopener\"><em><strong>A la sociedad vasca le resultan m\u00e1s agradables los ecosistemas con mayor naturalidad como los roquedos o los bosques naturales (Irekia):<\/strong><\/em><\/a><em>5 de abril del 2014.<\/em><\/span><\/h3>\n<h3 class=\"LC20lb MBeuO DKV0Md\">\ud83d\udcfb<span style=\"font-size: 12pt;\"><em><a href=\"http:\/\/ccaa.elpais.com\/ccaa\/2013\/12\/02\/paisvasco\/1386000626_952342.html\"><strong>Oregi destaca el papel de Euskadi en la red internacional de proyectos relacionados con el territorio y medio ambiente (El Pa\u00eds; el diario Norte; La informaci\u00f3n):<\/strong><\/a><\/em> <em>2 de diciembre del 2013.<\/em><\/span><\/h3>\n<h3 class=\"LC20lb MBeuO DKV0Md\">\ud83d\udcfb<span style=\"font-size: 12pt;\"><em><a href=\"http:\/\/www.periodico.com\/el_40_potencial_natural_recreativo_vasco_conocido_rssc-2197496.html\"><strong>El 40% del potencial natural recreativo vasco no es conocido (Periodico.com; Astekaridigitala):<\/strong><\/a><\/em> <em>25 de octubre del 2013.<\/em> <\/span><\/h3>\n<h3 class=\"LC20lb MBeuO DKV0Md\">\ud83d\udcfb<span style=\"font-size: 12pt;\"><em><a href=\"http:\/\/ec.europa.eu\/environment\/integration\/research\/newsalert\/pdf\/42si_en.pdf\" target=\"_blank\" rel=\"noopener\"><strong>Does preservation of biodiversity also protect ecosystem services? (Science for Environment Policy.\u00a0 Thematic issue: Working with nature, for people. Issue 42. Pp.5. European Commission\u2019s Directorate-General Environment):<\/strong><\/a><\/em><em>septiembre del 2013.<\/em><\/span><\/h3>\n<h3 class=\"LC20lb MBeuO DKV0Md\">\ud83d\udcfb<span style=\"font-size: 12pt;\"><em><a href=\"http:\/\/m.deia.com\/2013\/08\/21\/bizkaia\/la-metropoli-de-bilbao-avala-las-zonas-verdes-que-la-rodean\"><strong>La metr\u00f3poli de Bilbao avala las zonas verdes que la rodean (DEIA):<\/strong><\/a><\/em><em> 21 de agosto del 2013.<\/em><\/span><\/h3>\n<h3 class=\"LC20lb MBeuO DKV0Md\">\ud83d\udcfb<span style=\"font-size: 12pt;\"><em><a href=\"http:\/\/www.ehu.es\/p200-content\/es\/contenidos\/noticia\/20130820_ecosistemas_bilbao\/es_20130820\/20130820_ecosistemas_bilbao.html\"><strong>La ciudadan\u00eda de la comarca de Bilbao estima que los servicios de los ecosistemas del Cintur\u00f3n Verde son muy valiosos (UPV\/EHU):<\/strong><\/a><\/em> <em>20 de agosto del 2013.<\/em><\/span><\/h3>\n<h3 class=\"LC20lb MBeuO DKV0Md\">\ud83d\udcfb<span style=\"font-size: 12pt;\"><em><a href=\"http:\/\/www.europapress.es\/euskadi\/noticia-bosques-vascos-almacenan-65-millones-tn-carbono-equivalente-emisiones-industria-transporte-15-anos-20130717181851.html#AqZ1el4UK3MNJ71f\"><strong>Los bosques vascos almacenan 65 millones de Tn de carbono, equivalente a emisiones de industria y transporte en 15 a\u00f1os (Europa Press;Te interesa; Econoticias.com; 20 minutos):<\/strong><\/a><\/em><em>1<\/em>7 <em>de julio del 2013.<\/em><\/span><\/h3>\n<h3 class=\"LC20lb MBeuO DKV0Md\">\ud83d\udcfb<span style=\"font-size: 12pt;\"><em><a href=\"http:\/\/www.deia.com\/2013\/07\/13\/bizkaia\/costa\/el-seminario-sobre-la-gestion-de-ecosistemas-reune-a-70-especialistas\"><strong>El seminario sobre la gesti\u00f3n de ecosistemas re\u00fane a 70 especialistas (DEIA):<\/strong><\/a> 13 de julio del 2013.<\/em><\/span><\/h3>\n<h3 class=\"LC20lb MBeuO DKV0Md\">\ud83d\udcfb<span style=\"font-size: 12pt;\"><em><a href=\"http:\/\/www.bizkaia.net\/home2\/Bizkaimedia\/Contenido_Noticia.asp?Not_Codigo=12000&amp;Idioma=CA\"><strong>Diputaci\u00f3n participa en el seminario sobre aplicabilidad de servicios de los ecosistemas en Urdaibai (Bizkaimedia):<\/strong><\/a><\/em><em>11 <\/em><em>de julio del 2013.<\/em><\/span><\/h3>\n<h3 class=\"LC20lb MBeuO DKV0Md\">\ud83d\udcfb<span style=\"font-size: 12pt;\"><em><a href=\"http:\/\/www.deia.com\/2013\/07\/10\/bizkaia\/costa\/urdaibai-ahonda-esta-semana-en-la-gestion-de-sus-ecosistemas\"><strong>Urdaibai ahonda esta semana en la gesti\u00f3n de sus ecosistemas (DEIA):<\/strong><\/a><\/em><em> 10 <\/em><em>de julio del 2013.<\/em><\/span><\/h3>\n<h3 class=\"LC20lb MBeuO DKV0Md\">\ud83d\udcfb<span style=\"font-size: 12pt;\">\u00a0<em><strong><a href=\"http:\/\/bilbohiria.eus\/42324#prettyPhoto\" target=\"_blank\" rel=\"noopener\">Entrevista en Bilbo Hiria Irratia a Miren Onaindia sobre el Proyecto \u00abServicios de los Ecosistemas de Euskadi\u00bb: <\/a><\/strong>26 de mayo del 2016.<\/em><\/span><\/h3>\n<h3 class=\"LC20lb MBeuO DKV0Md\">\ud83d\udcfb<span style=\"font-size: 12pt;\"><strong><a href=\"http:\/\/ruv.unad.edu.co\/index.php\/academica\/administrando-el-futuro\/4441-conversatorio-biomimesis-segunda-parte\"><em>Entrevista en Radio Universidad Nacional abierta y a distancia de Letizia (Colombia) a Ibone Ametzaga sobre el Simposio internacional sobre Biomimesis<\/em><\/a><em>: <\/em><\/strong><em>3 de mayo del 2016.<\/em><\/span><\/h3>\n<h3 class=\"LC20lb MBeuO DKV0Md\">\ud83d\udcfb<span style=\"font-size: 12pt;\"><a href=\"https:\/\/youtu.be\/Xydyq1SkhdE\" target=\"_blank\" rel=\"noopener\"><em><strong>Entrevista en<\/strong><\/em><em><strong> Onda Vasca a Miren Onaindia y Ernesto Viglizzo sobre la Jornada sobre los Servicios de los Ecosistemas en Lea: <\/strong><\/em><\/a><em>25 de Junio del 2014.<\/em><\/span><\/h3>\n<h3 class=\"LC20lb MBeuO DKV0Md\">\ud83d\udcfb<span style=\"font-size: 12pt;\"><a href=\"https:\/\/youtu.be\/ulgn1W9s38c\"><strong><em>Entrevista en radio\u00a0a Ibone Ametzaga sobre una investigaci\u00f3n en pinares: <\/em><\/strong><\/a><em>7 de enero de 2014.<\/em><\/span><\/h3>\n<h3 class=\"LC20lb MBeuO DKV0Md\">\ud83d\udcfb<span style=\"font-size: 12pt;\"><a href=\"https:\/\/youtu.be\/iR8jwNyEw6I\"><strong><em>Entrevista en Onda Vasca con Miren Onaindia sobre la participaci\u00f3n de la Reserva de la Biosfera de Urdaibai en EuroMaB:<\/em><\/strong><\/a><em> 9 de octubre de 2013.<\/em><\/span><\/h3>\n<h3 class=\"LC20lb MBeuO DKV0Md\">\ud83d\udcfb<\/h3>\n<p style=\"text-align: justify;\"><span style=\"font-size: 12pt;\"><em><a href=\"http:\/\/www.youtube.com\/watch?v=ALBsHwlsp5Y&amp;feature=player_embedded\"><strong>Entrevista en Radio Popular Bilbao a Izaskun Casado Arzuaga sobre el estudio realizado en el Cintur\u00f3n Verde del Bilbao Metropolitano:<\/strong><\/a><\/em><em>20 de agosto del 2013.<\/em><\/span><\/p>\n<h3 class=\"LC20lb MBeuO DKV0Md\">\ud83d\udcfb<span style=\"font-size: 12pt;\"><em><a href=\"http:\/\/www.youtube.com\/watch?feature=player_embedded&amp;v=xZbaMBwufwA\"><strong>Entrevista en Onda Vasca con Igone Palacios y Nekane Viota sobre el seminario sobre Servicios de los Ecosistemas celebrado en Urdaibai:<\/strong><\/a><\/em><\/span><em><span style=\"font-size: 12pt;\">18 de julio del 2013.<\/span> <\/em><\/h3>\n<h3 class=\"LC20lb MBeuO DKV0Md\">\ud83d\udcfb<span style=\"font-size: 12pt;\"><a href=\"https:\/\/youtu.be\/AYXiDOmwrQg\"><strong><em>Entrevista en Onda Vasca a Igone Palacios y Jasone Unzueta sobre la C\u00e1tedra Unesco sobre Desarrollo Sostenible y Educaci\u00f3n Ambiental de la UPV\/EHU:<\/em><\/strong><\/a><em> 10 de\u00a0Abril del 2013.<\/em><\/span><\/h3>\n<h3 class=\"LC20lb MBeuO DKV0Md\">\ud83d\udcfb <span style=\"font-size: 12pt;\"><em><a href=\"http:\/\/www.youtube.com\/watch?v=1ph2Hi8nZ0U&amp;feature=player_embedded\"><strong>Entrevista en Onda Vasca con Miren Onaindia sobre el d\u00eda del Medio Ambiente: la importancia de los ecosistemas para el bienestar humano:<\/strong><\/a><\/em><em>5 de junio del 2012.<\/em><\/span><\/h3>\n<h3 class=\"LC20lb MBeuO DKV0Md\">\ud83d\udcfb <span style=\"font-size: 12pt;\"><em><a href=\"http:\/\/www.youtube.com\/watch?v=vLy-9aReObk&amp;feature=player_embedded\"><strong>Entrevista en Onda Vasca con Igone Palacios y Nekane Viota sobre la Evaluaci\u00f3n de los Ecosistemas del Milenio en Bizkaia:<\/strong><\/a>23 de mayo del 2012.<\/em><\/span><\/h3>\n","protected":false},"excerpt":{"rendered":"<p>\ud83d\udcfb La UE alaba el estudio de la biodiversidad de Urdaibai (DEIA): 13 de junio del 2016. \ud83d\udcfbEl futuro de la naturaleza est\u00e1 en tus manos (NewBusiness, el Mundo Empresarial): 27 de febrero del 2016. \ud83d\udcfbLos visitantes de Urdaibai alaban su valor ecol\u00f3gico (DEIA): 11 de noviembre del 2015. \ud83d\udcfbUna investigaci\u00f3n eval\u00faa el estado de [&hellip;]<\/p>\n","protected":false},"author":1,"featured_media":0,"parent":166,"menu_order":3,"comment_status":"closed","ping_status":"closed","template":"","meta":{"footnotes":""},"class_list":["post-173","page","type-page","status-publish","hentry"],"_links":{"self":[{"href":"https:\/\/www.ehu.eus\/cdsea\/web\/index.php\/wp-json\/wp\/v2\/pages\/173"}],"collection":[{"href":"https:\/\/www.ehu.eus\/cdsea\/web\/index.php\/wp-json\/wp\/v2\/pages"}],"about":[{"href":"https:\/\/www.ehu.eus\/cdsea\/web\/index.php\/wp-json\/wp\/v2\/types\/page"}],"author":[{"embeddable":true,"href":"https:\/\/www.ehu.eus\/cdsea\/web\/index.php\/wp-json\/wp\/v2\/users\/1"}],"replies":[{"embeddable":true,"href":"https:\/\/www.ehu.eus\/cdsea\/web\/index.php\/wp-json\/wp\/v2\/comments?post=173"}],"version-history":[{"count":1,"href":"https:\/\/www.ehu.eus\/cdsea\/web\/index.php\/wp-json\/wp\/v2\/pages\/173\/revisions"}],"predecessor-version":[{"id":18092,"href":"https:\/\/www.ehu.eus\/cdsea\/web\/index.php\/wp-json\/wp\/v2\/pages\/173\/revisions\/18092"}],"up":[{"embeddable":true,"href":"https:\/\/www.ehu.eus\/cdsea\/web\/index.php\/wp-json\/wp\/v2\/pages\/166"}],"wp:attachment":[{"href":"https:\/\/www.ehu.eus\/cdsea\/web\/index.php\/wp-json\/wp\/v2\/media?parent=173"}],"curies":[{"name":"wp","href":"https:\/\/api.w.org\/{rel}","templated":true}]}}