{"id":17435,"date":"2023-12-19T12:01:49","date_gmt":"2023-12-19T12:01:49","guid":{"rendered":"https:\/\/www.ehu.eus\/cdsea\/web\/?page_id=17435"},"modified":"2023-12-19T12:02:10","modified_gmt":"2023-12-19T12:02:10","slug":"guia-metodologica-servicios-ecosistemas-euskadi","status":"publish","type":"page","link":"https:\/\/www.ehu.eus\/cdsea\/web\/index.php\/guia-metodologica-servicios-ecosistemas-euskadi\/","title":{"rendered":"Gu\u00eda metodol\u00f3gica Servicios Ecosistemas Euskadi"},"content":{"rendered":"\n<p>Esta semana ha sido publicada la nueva \u00ab<strong>Gu\u00eda metodol\u00f3gica para el cartografiado de los Servicios de los Ecosistemas en Euskadi. Evaluaci\u00f3n de los Servicios de los Ecosistemas en Euskadi<\/strong>\u00bb por parte de las investigadores de la Catedra Unesco de Desarrollo Sostenible y Educaci\u00f3n Ambiental, Lorena Pe\u00f1a e Ibone Ametzaga.<\/p>\n\n\n\n<p>Pod\u00e9is localizar esta nueva publicaci\u00f3n en el siguiente apartado web: <\/p>\n\n\n\n<p><a href=\"https:\/\/web-argitalpena.adm.ehu.es\/listaproductos.asp?IdProducts=UBIPD235827&amp;titulo=Gu%EDa%20metodol%F3gica%20para%20el%20cartografiado%20de%20los%20Servicios%20de%20los%20Ecosistemas%20en%20Euskadi.%20Evaluaci%F3n%20de%20los%20Servicios%20de%20los%20Ecosistemas%20en%20Euskadi\">https:\/\/web-argitalpena.adm.ehu.es\/listaproductos.asp?IdProducts=UBIPD235827&amp;titulo=Gu%EDa%20metodol%F3gica%20para%20el%20cartografiado%20de%20los%20Servicios%20de%20los%20Ecosistemas%20en%20Euskadi.%20Evaluaci%F3n%20de%20los%20Servicios%20de%20los%20Ecosistemas%20en%20Euskadi<\/a><\/p>\n","protected":false},"excerpt":{"rendered":"<p>Esta semana ha sido publicada la nueva \u00abGu\u00eda metodol\u00f3gica para el cartografiado de los Servicios de los Ecosistemas en Euskadi. Evaluaci\u00f3n de los Servicios de los Ecosistemas en Euskadi\u00bb por parte de las investigadores de la Catedra Unesco de Desarrollo Sostenible y Educaci\u00f3n Ambiental, Lorena Pe\u00f1a e Ibone Ametzaga. Pod\u00e9is localizar esta nueva publicaci\u00f3n en [&hellip;]<\/p>\n","protected":false},"author":4,"featured_media":0,"parent":0,"menu_order":0,"comment_status":"closed","ping_status":"closed","template":"","meta":{"footnotes":""},"class_list":["post-17435","page","type-page","status-publish","hentry"],"_links":{"self":[{"href":"https:\/\/www.ehu.eus\/cdsea\/web\/index.php\/wp-json\/wp\/v2\/pages\/17435"}],"collection":[{"href":"https:\/\/www.ehu.eus\/cdsea\/web\/index.php\/wp-json\/wp\/v2\/pages"}],"about":[{"href":"https:\/\/www.ehu.eus\/cdsea\/web\/index.php\/wp-json\/wp\/v2\/types\/page"}],"author":[{"embeddable":true,"href":"https:\/\/www.ehu.eus\/cdsea\/web\/index.php\/wp-json\/wp\/v2\/users\/4"}],"replies":[{"embeddable":true,"href":"https:\/\/www.ehu.eus\/cdsea\/web\/index.php\/wp-json\/wp\/v2\/comments?post=17435"}],"version-history":[{"count":2,"href":"https:\/\/www.ehu.eus\/cdsea\/web\/index.php\/wp-json\/wp\/v2\/pages\/17435\/revisions"}],"predecessor-version":[{"id":17439,"href":"https:\/\/www.ehu.eus\/cdsea\/web\/index.php\/wp-json\/wp\/v2\/pages\/17435\/revisions\/17439"}],"wp:attachment":[{"href":"https:\/\/www.ehu.eus\/cdsea\/web\/index.php\/wp-json\/wp\/v2\/media?parent=17435"}],"curies":[{"name":"wp","href":"https:\/\/api.w.org\/{rel}","templated":true}]}}