{"id":18,"date":"2016-11-15T12:36:25","date_gmt":"2016-11-15T12:36:25","guid":{"rendered":"http:\/\/www.ehu.eus\/cdsea\/cdseawp\/?page_id=18"},"modified":"2024-07-09T11:59:12","modified_gmt":"2024-07-09T11:59:12","slug":"objetivo","status":"publish","type":"page","link":"https:\/\/www.ehu.eus\/cdsea\/web\/index.php\/conocenos\/objetivo\/","title":{"rendered":"Objetivo"},"content":{"rendered":"<p style=\"text-align: justify;\"><span style=\"font-size: 12pt;\"><strong>El objetivo principal de dicha C\u00e1tedra consiste en profundizar en la investigaci\u00f3n y los estudios especializados sobre Sostenibilidad y Educaci\u00f3n Ambiental desde una \u00f3ptica interdisciplinar, englobando las ciencias naturales y sociales.<\/strong><\/span><\/p>\n<p style=\"text-align: justify;\" align=\"justify\"><span style=\"font-size: 12pt;\">La investigaci\u00f3n y dem\u00e1s actividades que impulsa la C\u00e1tedra est\u00e1n orientadas a la comprensi\u00f3n y resoluci\u00f3n de problemas relacionados con el desarrollo sostenible presentes en el Pa\u00eds Vasco y en especial en la Reserva de la Biosfera de Urdaibai (RBU) cuyo territorio se desea sirva de lugar de ensayo y demostraci\u00f3n de experiencias.<\/span><\/p>\n<p style=\"text-align: justify;\" align=\"justify\"><span style=\"font-size: 12pt;\">La transmisi\u00f3n de conocimientos y resultados de la investigaci\u00f3n sobre estas cuestiones al conjunto de la sociedad, as\u00ed como a las administraciones competentes y a los sectores y ramas de actividad involucrados es otro aspecto sobre el que la C\u00e1tedra tiene voluntad de incidir.<\/span><\/p>\n<p style=\"text-align: justify;\"><span style=\"font-size: 12pt;\">La C\u00e1tedra tambi\u00e9n pretende potenciar la cooperaci\u00f3n cient\u00edfica y la transferencia de resultados y experiencias de desarrollo sostenible a trav\u00e9s de la Red de C\u00e1tedras y de la Red Mundial de Reservas de la Biosfera, ambas de la UNESCO, as\u00ed como de las Redes a las que la propia UPV\/EHU y sus investigadores pertenecen.<\/span><\/p>\n","protected":false},"excerpt":{"rendered":"<p>El objetivo principal de dicha C\u00e1tedra consiste en profundizar en la investigaci\u00f3n y los estudios especializados sobre Sostenibilidad y Educaci\u00f3n Ambiental desde una \u00f3ptica interdisciplinar, englobando las ciencias naturales y sociales. La investigaci\u00f3n y dem\u00e1s actividades que impulsa la C\u00e1tedra est\u00e1n orientadas a la comprensi\u00f3n y resoluci\u00f3n de problemas relacionados con el desarrollo sostenible presentes [&hellip;]<\/p>\n","protected":false},"author":1,"featured_media":0,"parent":7,"menu_order":2,"comment_status":"closed","ping_status":"closed","template":"","meta":{"footnotes":""},"class_list":["post-18","page","type-page","status-publish","hentry"],"_links":{"self":[{"href":"https:\/\/www.ehu.eus\/cdsea\/web\/index.php\/wp-json\/wp\/v2\/pages\/18"}],"collection":[{"href":"https:\/\/www.ehu.eus\/cdsea\/web\/index.php\/wp-json\/wp\/v2\/pages"}],"about":[{"href":"https:\/\/www.ehu.eus\/cdsea\/web\/index.php\/wp-json\/wp\/v2\/types\/page"}],"author":[{"embeddable":true,"href":"https:\/\/www.ehu.eus\/cdsea\/web\/index.php\/wp-json\/wp\/v2\/users\/1"}],"replies":[{"embeddable":true,"href":"https:\/\/www.ehu.eus\/cdsea\/web\/index.php\/wp-json\/wp\/v2\/comments?post=18"}],"version-history":[{"count":1,"href":"https:\/\/www.ehu.eus\/cdsea\/web\/index.php\/wp-json\/wp\/v2\/pages\/18\/revisions"}],"predecessor-version":[{"id":18067,"href":"https:\/\/www.ehu.eus\/cdsea\/web\/index.php\/wp-json\/wp\/v2\/pages\/18\/revisions\/18067"}],"up":[{"embeddable":true,"href":"https:\/\/www.ehu.eus\/cdsea\/web\/index.php\/wp-json\/wp\/v2\/pages\/7"}],"wp:attachment":[{"href":"https:\/\/www.ehu.eus\/cdsea\/web\/index.php\/wp-json\/wp\/v2\/media?parent=18"}],"curies":[{"name":"wp","href":"https:\/\/api.w.org\/{rel}","templated":true}]}}