{"id":18438,"date":"2024-10-09T12:09:05","date_gmt":"2024-10-09T10:09:05","guid":{"rendered":"https:\/\/www.ehu.eus\/cdsea\/web\/?page_id=18438"},"modified":"2024-10-09T12:09:05","modified_gmt":"2024-10-09T10:09:05","slug":"noticias","status":"publish","type":"page","link":"https:\/\/www.ehu.eus\/cdsea\/web\/index.php\/noticias\/","title":{"rendered":"Noticias"},"content":{"rendered":"\n<p>Noticias de inter\u00e9s con tem\u00e1ticas ambientales y en relaci\u00f3n con la Catedra Unesco sobre Desarrollo Sostenible y Educaci\u00f3n Ambiental. <\/p>\n\n\n\n<p><strong><a href=\"https:\/\/www.ehu.eus\/cdsea\/web\/index.php\/proyecto-cc-believe\/\">04\/10: 2\u00ba Encuentro proyecto CC Believe<\/a><\/strong><\/p>\n\n\n\n<p><strong><a href=\"https:\/\/www.ehu.eus\/cdsea\/web\/index.php\/unicities-2023\/\">16\/09: UnicitiES 2023<\/a><\/strong><\/p>\n\n\n\n<p><a href=\"https:\/\/www.ehu.eus\/cdsea\/web\/index.php\/noche-europea-de-los-las-investigadores\/\"><strong>09\/09: Noche Europea de los Investigadores.<\/strong><\/a><\/p>\n\n\n\n<p><strong>25\/07 :<\/strong> <strong><a href=\"https:\/\/www.ehu.eus\/cdsea\/web\/index.php\/erasmus-cc-believe-2\/\">Encuentro de trabajo del proyecto ERASMUS+ CC Believe.<\/a><\/strong><\/p>\n\n\n\n<p><strong><a href=\"https:\/\/www.ehu.eus\/cdsea\/web\/wp-content\/uploads\/2017\/03\/Captura-de-carbono-Ibone.pdf\">19\/06: Reservas de la Biosfera 2024. Captura de Carbono Mercados y Emisiones<\/a><\/strong><\/p>\n\n\n\n<p><strong><a href=\"https:\/\/www.ehu.eus\/cdsea\/web\/index.php\/integrando-los-ods-en-ciencia-y-tecnologia-facultad-de-ciencia-y-tecnologia-upv-ehu\/\">17\/06: Integrando los ODS en Ciencia y Tecnolog\u00eda. Facultad de Ciencia y Tecnolog\u00eda. UPV\/EHU.<\/a><\/strong><\/p>\n\n\n\n<p><strong><a href=\"https:\/\/www.uik.eus\/es\/curso\/paisajes-margen-criterios-paisajisticos-proteccion-gestion-ordenacion-espacios-perifericos\">17\/06: VII. edici\u00f3n del anual Curso de Verano sobre Paisaje. Paisajes de margen. Criterios paisaj\u00edsticos de protecci\u00f3n, gesti\u00f3n y ordenaci\u00f3n de los espacios perif\u00e9ricos. UIK<\/a><\/strong><\/p>\n\n\n\n<p><strong><a href=\"https:\/\/www.pwc.com\/us\/en\/services\/esg\/library\/climate-week.html?WT.mc_id=GMO-CLM-NA-FY25-NZT-NYCW2024-T9-CI-ADV-WBP-GMOS00046-EN-PSEGL-T1&amp;gclid=CjwKCAjwxY-3BhAuEiwAu7Y6szu-bXNF3rSSZu7WhIM7r_6Es0fYtD0CyOS7DhHz-tqLqf-JpjfGXhoCFAwQAvD_BwE&amp;gclsrc=aw.ds\">07\/06: International Conference SOCIOECOS 2024. Climate Change, Sustainability and Socio-ecological Practices.<\/a><\/strong><\/p>\n\n\n\n<p><strong><a href=\"https:\/\/www.ehu.eus\/cdsea\/web\/index.php\/jornadas-del-paneta-2024-bizkaia-2\/\">05\/06: Jornadas del Planeta 2024. Bizkaia.<\/a><\/strong><\/p>\n\n\n\n<p><strong><a href=\"https:\/\/www.ehu.eus\/cdsea\/web\/index.php\/basque-environmental-ocean-week-2024\/\">21\/05: Ibone Ametzaga particip\u00f3 en Basque environmental Ocean week 2024 (BEOW 2024)<\/a><\/strong><\/p>\n\n\n\n<p><strong><a href=\"https:\/\/www.ehu.eus\/cdsea\/web\/wp-content\/uploads\/2017\/03\/Guia_Modelo_2022.pdf\">27\/03: Herramienta para la Evaluaci\u00f3n de la Infraestructura Verde-Azul a escala municipal en Euskadi<\/a><\/strong><\/p>\n\n\n\n<p><strong><a href=\"https:\/\/www.ehu.eus\/cdsea\/web\/index.php\/proyecto-gogreen\/\">26\/03: Proyecto GoGreen<\/a><\/strong><\/p>\n\n\n\n<p><strong><a href=\"https:\/\/www.ehu.eus\/cdsea\/web\/wp-content\/uploads\/2017\/03\/Un-arbol-por-Europa_Cartel.pdf\">20\/03: D\u00eda de los Bosques<\/a><\/strong><\/p>\n\n\n\n<p><strong><a href=\"https:\/\/www.ehu.eus\/cdsea\/web\/wp-content\/uploads\/2017\/03\/26E-Dia-Mundial-Educacion-Ambiental-1-240124.pdf\">26\/01: D\u00eda Mundial de la Educaci\u00f3n Ambiental<\/a><\/strong><\/p>\n\n\n\n<p><strong><a href=\"https:\/\/www.ehu.eus\/cdsea\/web\/index.php\/charlas-sobre-biomimesis-en-varios-centros-educativos\/\">17\/01: Charlas sobre Biomimesis<\/a><\/strong><\/p>\n","protected":false},"excerpt":{"rendered":"<p>Noticias de inter\u00e9s con tem\u00e1ticas ambientales y en relaci\u00f3n con la Catedra Unesco sobre Desarrollo Sostenible y Educaci\u00f3n Ambiental. 04\/10: 2\u00ba Encuentro proyecto CC Believe 16\/09: UnicitiES 2023 09\/09: Noche Europea de los Investigadores. 25\/07 : Encuentro de trabajo del proyecto ERASMUS+ CC Believe. 19\/06: Reservas de la Biosfera 2024. Captura de Carbono Mercados y [&hellip;]<\/p>\n","protected":false},"author":4,"featured_media":0,"parent":0,"menu_order":0,"comment_status":"closed","ping_status":"closed","template":"","meta":{"footnotes":""},"class_list":["post-18438","page","type-page","status-publish","hentry"],"_links":{"self":[{"href":"https:\/\/www.ehu.eus\/cdsea\/web\/index.php\/wp-json\/wp\/v2\/pages\/18438"}],"collection":[{"href":"https:\/\/www.ehu.eus\/cdsea\/web\/index.php\/wp-json\/wp\/v2\/pages"}],"about":[{"href":"https:\/\/www.ehu.eus\/cdsea\/web\/index.php\/wp-json\/wp\/v2\/types\/page"}],"author":[{"embeddable":true,"href":"https:\/\/www.ehu.eus\/cdsea\/web\/index.php\/wp-json\/wp\/v2\/users\/4"}],"replies":[{"embeddable":true,"href":"https:\/\/www.ehu.eus\/cdsea\/web\/index.php\/wp-json\/wp\/v2\/comments?post=18438"}],"version-history":[{"count":1,"href":"https:\/\/www.ehu.eus\/cdsea\/web\/index.php\/wp-json\/wp\/v2\/pages\/18438\/revisions"}],"predecessor-version":[{"id":18440,"href":"https:\/\/www.ehu.eus\/cdsea\/web\/index.php\/wp-json\/wp\/v2\/pages\/18438\/revisions\/18440"}],"wp:attachment":[{"href":"https:\/\/www.ehu.eus\/cdsea\/web\/index.php\/wp-json\/wp\/v2\/media?parent=18438"}],"curies":[{"name":"wp","href":"https:\/\/api.w.org\/{rel}","templated":true}]}}

<p>Noticias de interés con temáticas ambientales y en relación con la Catedra Unesco sobre Desarrollo Sostenible y Educación Ambiental. </p>



<p><strong><a href="https://www.ehu.eus/cdsea/web/index.php/proyecto-cc-believe/">04/10: 2º Encuentro proyecto CC Believe</a></strong></p>



<p><strong><a href="https://www.ehu.eus/cdsea/web/index.php/unicities-2023/">16/09: UnicitiES 2023</a></strong></p>



<p><a href="https://www.ehu.eus/cdsea/web/index.php/noche-europea-de-los-las-investigadores/"><strong>09/09: Noche Europea de los Investigadores.</strong></a></p>



<p><strong>25/07 :</strong> <strong><a href="https://www.ehu.eus/cdsea/web/index.php/erasmus-cc-believe-2/">Encuentro de trabajo del proyecto ERASMUS+ CC Believe.</a></strong></p>



<p><strong><a href="https://www.ehu.eus/cdsea/web/wp-content/uploads/2017/03/Captura-de-carbono-Ibone.pdf">19/06: Reservas de la Biosfera 2024. Captura de Carbono Mercados y Emisiones</a></strong></p>



<p><strong><a href="https://www.ehu.eus/cdsea/web/index.php/integrando-los-ods-en-ciencia-y-tecnologia-facultad-de-ciencia-y-tecnologia-upv-ehu/">17/06: Integrando los ODS en Ciencia y Tecnología. Facultad de Ciencia y Tecnología. UPV/EHU.</a></strong></p>



<p><strong><a href="https://www.uik.eus/es/curso/paisajes-margen-criterios-paisajisticos-proteccion-gestion-ordenacion-espacios-perifericos">17/06: VII. edición del anual Curso de Verano sobre Paisaje. Paisajes de margen. Criterios paisajísticos de protección, gestión y ordenación de los espacios periféricos. UIK</a></strong></p>



<p><strong><a href="https://www.pwc.com/us/en/services/esg/library/climate-week.html?WT.mc_id=GMO-CLM-NA-FY25-NZT-NYCW2024-T9-CI-ADV-WBP-GMOS00046-EN-PSEGL-T1&amp;gclid=CjwKCAjwxY-3BhAuEiwAu7Y6szu-bXNF3rSSZu7WhIM7r_6Es0fYtD0CyOS7DhHz-tqLqf-JpjfGXhoCFAwQAvD_BwE&amp;gclsrc=aw.ds">07/06: International Conference SOCIOECOS 2024. Climate Change, Sustainability and Socio-ecological Practices.</a></strong></p>



<p><strong><a href="https://www.ehu.eus/cdsea/web/index.php/jornadas-del-paneta-2024-bizkaia-2/">05/06: Jornadas del Planeta 2024. Bizkaia.</a></strong></p>



<p><strong><a href="https://www.ehu.eus/cdsea/web/index.php/basque-environmental-ocean-week-2024/">21/05: Ibone Ametzaga participó en Basque environmental Ocean week 2024 (BEOW 2024)</a></strong></p>



<p><strong><a href="https://www.ehu.eus/cdsea/web/wp-content/uploads/2017/03/Guia_Modelo_2022.pdf">27/03: Herramienta para la Evaluación de la Infraestructura Verde-Azul a escala municipal en Euskadi</a></strong></p>



<p><strong><a href="https://www.ehu.eus/cdsea/web/index.php/proyecto-gogreen/">26/03: Proyecto GoGreen</a></strong></p>



<p><strong><a href="https://www.ehu.eus/cdsea/web/wp-content/uploads/2017/03/Un-arbol-por-Europa_Cartel.pdf">20/03: Día de los Bosques</a></strong></p>



<p><strong><a href="https://www.ehu.eus/cdsea/web/wp-content/uploads/2017/03/26E-Dia-Mundial-Educacion-Ambiental-1-240124.pdf">26/01: Día Mundial de la Educación Ambiental</a></strong></p>



<p><strong><a href="https://www.ehu.eus/cdsea/web/index.php/charlas-sobre-biomimesis-en-varios-centros-educativos/">17/01: Charlas sobre Biomimesis</a></strong></p>

<p>Noticias de interés con temáticas ambientales y en relación con la Catedra Unesco sobre Desarrollo Sostenible y Educación Ambiental. 04/10: 2º Encuentro proyecto CC Believe 16/09: UnicitiES 2023 09/09: Noche Europea de los Investigadores. 25/07 : Encuentro de trabajo del proyecto ERASMUS+ CC Believe. 19/06: Reservas de la Biosfera 2024. Captura de Carbono Mercados y [&hellip;]</p>
