{"id":18488,"date":"2024-10-14T15:05:46","date_gmt":"2024-10-14T13:05:46","guid":{"rendered":"https:\/\/www.ehu.eus\/cdsea\/web\/?page_id=18488"},"modified":"2024-10-14T15:10:07","modified_gmt":"2024-10-14T13:10:07","slug":"mejoras-dunas-gorliz","status":"publish","type":"page","link":"https:\/\/www.ehu.eus\/cdsea\/web\/index.php\/mejoras-dunas-gorliz\/","title":{"rendered":"Mejoras Dunas Gorliz"},"content":{"rendered":"\n<p><strong>MEJORAS ECOL\u00d3GICAS EN LA DUNA DE ASTONDO<\/strong><\/p>\n\n\n\n<p>Al fondo de la bah\u00eda de Astondo en Gorliz se localiza un extenso campo de dunas, donde destaca un complejo de dunas f\u00f3siles en el que se han encontrado f\u00f3siles de m\u00e1s de 6000 a\u00f1os de antig\u00fcedad. Estas dunas son muy fr\u00e1giles y han sido y est\u00e1n siendo colonizadas por el pino mar\u00edtimo. Este proceso de colonizaci\u00f3n lleva a un cambio de la comunidad vegetal t\u00edpica de las dunas y puede afectar a la <strong>estructura de la duna f\u00f3sil<\/strong>. Por ello, desde la <strong>Direcci\u00f3n de Medio Ambiente de la Diputaci\u00f3n Foral de Bizkaia<\/strong> se ha realizado, durante la segunda semana de octubre, la extracci\u00f3n de algunos \u00e1rboles con objeto de proteger al sistema dunar, y estudiar la evoluci\u00f3n de la vegetaci\u00f3n y del complejo dunar.<\/p>\n\n\n\n<p>Sin embargo, hay que destacar el m\u00e9todo que se ha utilizado para <strong>la extracci\u00f3n de los \u00e1rboles<\/strong>. Un m\u00e9todo que ha favorecido la no degradaci\u00f3n de la zona al haber realizado la <strong>extracci\u00f3n tanto de ramas como de troncos utilizando caballos.<\/strong> Los caballos normalmente no se utilizan en la extracci\u00f3n de madera del monte en nuestro entorno, a pesar de ser <strong>un sistema que no tiene un gran impacto en la vegetaci\u00f3n del suelo,<\/strong> y por lo tanto favorece el que en zonas de pendiente <strong>no se produzcan problemas de erosi\u00f3n<\/strong>, tan habituales en nuestro territorio. Este tipo de sistema de laboreo, nos han comentado las personas que han realizado estas labores, se utilizan a menudo en zonas de vi\u00f1edos, principalmente en vi\u00f1edos de cultivo ecol\u00f3gico. No es un trabajo sencillo ya que los caballos tienen que estar ense\u00f1ados para el sistema de tira de los troncos. Generalmente, los troncos se colocan sobre sencillos sistemas de ruedas que facilitan su movimiento y el trabajo a los caballos. A continuaci\u00f3n, pod\u00e9is ver im\u00e1genes de dicha extracci\u00f3n en las dunas que esperamos que sea un tipo de extracci\u00f3n que se vaya extendiendo en nuestro territorio, sobre todo en aquellas zonas en las que debido a la pendiente el eliminar la vegetaci\u00f3n del suelo favorecer\u00eda la erosi\u00f3n con el consiguiente efecto en la p\u00e9rdida de suelo, fertilidad del mismo y finalmente sobre los r\u00edos.<\/p>\n\n\n\n<figure class=\"wp-block-video\"><video controls src=\"http:\/\/www.ehu.eus\/cdsea\/web\/wp-content\/uploads\/2024\/10\/Definitivo.mp4\"><\/video><\/figure>\n","protected":false},"excerpt":{"rendered":"<p>MEJORAS ECOL\u00d3GICAS EN LA DUNA DE ASTONDO Al fondo de la bah\u00eda de Astondo en Gorliz se localiza un extenso campo de dunas, donde destaca un complejo de dunas f\u00f3siles en el que se han encontrado f\u00f3siles de m\u00e1s de 6000 a\u00f1os de antig\u00fcedad. Estas dunas son muy fr\u00e1giles y han sido y est\u00e1n siendo [&hellip;]<\/p>\n","protected":false},"author":4,"featured_media":0,"parent":0,"menu_order":0,"comment_status":"closed","ping_status":"closed","template":"","meta":{"footnotes":""},"class_list":["post-18488","page","type-page","status-publish","hentry"],"_links":{"self":[{"href":"https:\/\/www.ehu.eus\/cdsea\/web\/index.php\/wp-json\/wp\/v2\/pages\/18488"}],"collection":[{"href":"https:\/\/www.ehu.eus\/cdsea\/web\/index.php\/wp-json\/wp\/v2\/pages"}],"about":[{"href":"https:\/\/www.ehu.eus\/cdsea\/web\/index.php\/wp-json\/wp\/v2\/types\/page"}],"author":[{"embeddable":true,"href":"https:\/\/www.ehu.eus\/cdsea\/web\/index.php\/wp-json\/wp\/v2\/users\/4"}],"replies":[{"embeddable":true,"href":"https:\/\/www.ehu.eus\/cdsea\/web\/index.php\/wp-json\/wp\/v2\/comments?post=18488"}],"version-history":[{"count":2,"href":"https:\/\/www.ehu.eus\/cdsea\/web\/index.php\/wp-json\/wp\/v2\/pages\/18488\/revisions"}],"predecessor-version":[{"id":18493,"href":"https:\/\/www.ehu.eus\/cdsea\/web\/index.php\/wp-json\/wp\/v2\/pages\/18488\/revisions\/18493"}],"wp:attachment":[{"href":"https:\/\/www.ehu.eus\/cdsea\/web\/index.php\/wp-json\/wp\/v2\/media?parent=18488"}],"curies":[{"name":"wp","href":"https:\/\/api.w.org\/{rel}","templated":true}]}}