{"id":20,"date":"2016-11-15T12:36:51","date_gmt":"2016-11-15T12:36:51","guid":{"rendered":"http:\/\/www.ehu.eus\/cdsea\/cdseawp\/?page_id=20"},"modified":"2026-03-05T13:04:43","modified_gmt":"2026-03-05T12:04:43","slug":"equipo","status":"publish","type":"page","link":"https:\/\/www.ehu.eus\/cdsea\/web\/index.php\/conocenos\/equipo\/","title":{"rendered":"EQUIPO"},"content":{"rendered":"<table style=\"height: 21px; background-color: #e1ede2;\" width=\"978\">\n<tbody>\n<tr>\n<td style=\"width: 968.467px;\"><span style=\"font-size: 14pt;\">MIEMBROS <strong>PERMANENTES <\/strong>DE LA C\u00c1TEDRA UNESCO (UPV\/EHU)<\/span><\/td>\n<\/tr>\n<\/tbody>\n<\/table>\n<p><span style=\"font-size: 12pt;\"><a href=\"http:\/\/www.ehu.eus\/cdsea\/web\/index.php\/ibone-ametzaga\/\"><strong>Ibone Ametzaga<\/strong>&#8211; Coordinadora General<\/a><\/span><\/p>\n<p><span style=\"font-size: 12pt;\"><a href=\"http:\/\/www.ehu.eus\/cdsea\/web\/index.php\/beatriz-fernandez-de-manuel\/\" target=\"_blank\" rel=\"noopener\"><strong>Beatriz Fern\u00e1ndez de Manuel-\u00a0<\/strong>PIC (Biolog\u00eda Vegetal y Ecolog\u00eda)<\/a><\/span><\/p>\n<p><span style=\"font-size: 12pt;\"><a href=\"http:\/\/www.ehu.eus\/cdsea\/web\/index.php\/lorena-pena\/\"><strong>Lorena Pe\u00f1a<\/strong>&#8211; PIC-Doctora (Biolog\u00eda Vegetal y Ecolog\u00eda)<\/a><\/span><\/p>\n<p><strong>Ana Berreteaga (PIC de Biolog\u00eda Vegetal y Ecolog\u00eda)<\/strong><\/p>\n<table style=\"height: 22px; background-color: #e1ede2;\" width=\"842\">\n<tbody>\n<tr>\n<td style=\"width: 832.467px;\"><span style=\"font-size: 14pt;\">MIEMBROS <\/span><strong><span style=\"font-size: 14pt;\">COLABORADORES <\/span><\/strong><span style=\"font-size: 14pt;\">DE LA C\u00c1TEDRA UNESCO (UPV\/EHU)<\/span><\/td>\n<\/tr>\n<\/tbody>\n<\/table>\n<p><span lang=\"ES-TRAD\"><span style=\"font-size: 12pt;\"><b>Arantza Acha<\/b> &#8211; UN Etxea- Centro UNESCO del Pa\u00eds Vasco<\/span><br \/>\n<\/span><\/p>\n<p><span lang=\"ES-TRAD\" style=\"font-size: 12pt;\"><strong>Xabier Arana<\/strong> &#8211; Diputaci\u00f3n Foral de Bizkaia (DFB\/BFA)<br \/>\n<\/span><\/p>\n<p><span style=\"font-size: 12pt;\"><strong>Sonia Arrasate<\/strong> &#8211; Departamento de Qu\u00edmica Org\u00e1nica II (UPV\/EHU)<\/span><\/p>\n<p><span lang=\"ES-TRAD\" style=\"font-size: 12pt;\"><strong>Carlos Garbisu<\/strong> &#8211; NEIKER-Tecnalia<\/span><\/p>\n<p style=\"text-align: justify;\"><span style=\"font-size: 12pt;\"><strong>Alberto Hern\u00e1ndez-<\/strong> IHEAL-CREDA (Institut des Hautes Etudes de l\u00b4Am\u00e9rique Latine), Universidad Sorbonne Nouvelle &#8211; Par\u00eds<\/span><\/p>\n<p><span style=\"font-size: 12pt;\"><strong>David Hoyos<\/strong> &#8211; Departamento de Econom\u00eda Aplicada III (UPV\/EHU)<\/span><\/p>\n<p><span style=\"font-size: 12pt;\"><strong>Miren Onaindia-<\/strong>\u00a0Agirre Lehendakaria Fundazioa\u00a0(ALF)<\/span><\/p>\n<p><a href=\"https:\/\/www.ehu.eus\/cdsea\/web\/index.php\/igone-palacios\/\"><span class=\"caption\" style=\"font-size: 12pt;\"><strong>Igone Palacios &#8211;<\/strong> Departamento de Did\u00e1ctica de la Matem\u00e1tica y de las Ciencias Experimentales (UPV\/EHU)<\/span><\/a><\/p>\n<p><span class=\"caption\" style=\"font-size: 12pt;\"><strong>Gloria Rodr\u00edguez &#8211;<\/strong> Departamento de Did\u00e1ctica de la Matem\u00e1tica y de las Ciencias Experimentales (UPV\/EHU)<\/span><\/p>\n<p><span lang=\"ES-TRAD\" style=\"font-size: 12pt;\"><strong>Adolfo Uriarte<\/strong> &#8211; AZTI-Tecnalia<\/span><\/p>\n<p><span style=\"font-size: 12pt;\"><strong>Laura Menatti (KLI, Konrad Lorenz Institute for Evolution and Cognition Research Klosterneuburg, Austria)<\/strong><\/span><\/p>\n<p><b>Leire Agirreazkuenaga <\/b>(Facultad de educaci\u00f3n de Bilbao UPV\/EHU)<\/p>\n<table style=\"height: 21px; background-color: #e1ede2;\" width=\"978\">\n<tbody>\n<tr>\n<td style=\"width: 975.467px;\"><span style=\"font-size: 14pt;\"><strong>VISITANTES <\/strong>DE LA C\u00c1TEDRA UNESCO (UPV\/EHU)<\/span><\/td>\n<\/tr>\n<\/tbody>\n<\/table>\n<p style=\"text-align: justify;\"><span style=\"font-size: 12pt;\"><strong>Diana Ria\u00f1o Guzm\u00e1n (2019)<\/strong>, estudiante de maestr\u00eda. Instituto Universitario Internacional (IHI) Zittau y Universidad T\u00e9cnica de Dresde (TU-Dresden), Alemania. Programa \u00abEcosystem Services (Msc.)\u00bb.<\/span><\/p>\n<p style=\"text-align: justify;\"><span style=\"font-size: 12pt;\"><strong>Daniela Giraldo (2019)<\/strong>, estudiante Maestr\u00eda en Geograf\u00eda, Universidad Nacional Aut\u00f3noma de M\u00e9xico, en el \u00e1rea de Manejo Integrado del paisaje<\/span><\/p>\n<p><span style=\"font-size: 12pt;\"><a href=\"http:\/\/usv.academia.edu\/MariaCirnu\" target=\"_blank\" rel=\"noopener\"><strong>Mar\u00eda Cirnu (2015)-<\/strong><\/a> investigadora predoctoral, Universidad Stefan cel Mare de Suceava (Ruman\u00eda), en el \u00e1rea de Servicios de los Ecosistemas y marketing.<\/span><\/p>\n<p><span style=\"font-size: 12pt;\"><a href=\"https:\/\/www.researchgate.net\/profile\/Josu_Alday\" target=\"_blank\" rel=\"noopener\"><strong>Josu G. Alday (2014)<\/strong>&#8211;<\/a> investigador posdoctoral, Universidad de Liverpool (Inglaterra) , en el \u00e1rea de restauraci\u00f3n ecol\u00f3gica.<\/span><\/p>\n<p style=\"text-align: justify;\"><span style=\"font-size: 12pt;\"><strong>Ver\u00f3nica Luc\u00eda Caballero Serrano (2012)-<\/strong> tesis de m\u00e1ster: <a href=\"http:\/\/repositorio.educacionsuperior.gob.ec\/bitstream\/28000\/827\/3\/T-SENESCYT-00245.pdf\" target=\"_blank\" rel=\"noopener\"><strong>Evaluaci\u00f3n de los servicios ambientales en la Parroquia Sangay, Cant\u00f3n Palora, Provincia de Morona, Santiago, Ecuador<\/strong>. <\/a>Centro internacional de altos estudios agron\u00f3micos mediterr\u00e1neos (Universidad de Lleida).<\/span><\/p>\n<p><span style=\"font-size: 12pt;\"><strong>Javier Otero (2007)-<\/strong> tesis doctoral, Universidad Nacional de Colombia.<\/span><\/p>\n<p style=\"text-align: justify;\"><span style=\"font-size: 12pt;\"><strong><a href=\"http:\/\/www.uv.mx\/iib\/m-c-santiago-mario-vazquez-torres\/#inicio\" target=\"_blank\" rel=\"noopener\">Santiago Mario V\u00e1zquez (200<\/a><a href=\"http:\/\/www.uv.mx\/iib\/m-c-santiago-mario-vazquez-torres\/#inicio\" target=\"_blank\" rel=\"noopener\">4<\/a><a href=\"http:\/\/www.uv.mx\/iib\/m-c-santiago-mario-vazquez-torres\/#inicio\" target=\"_blank\" rel=\"noopener\">)<\/a>&#8211; <\/strong>tesis doctoral \u00abEstructura y biodiversidad de la selva alta perennifolia de los Tuxtlas, Veracruz-M\u00e9xico. Influencia de los vientos dominantes en la estructura del ecosistema forestal\u00bb. Universidad Veracruzana (M\u00e9xico).<\/span><\/p>\n","protected":false},"excerpt":{"rendered":"<p>MIEMBROS PERMANENTES DE LA C\u00c1TEDRA UNESCO (UPV\/EHU) Ibone Ametzaga&#8211; Coordinadora General Beatriz Fern\u00e1ndez de Manuel-\u00a0PIC (Biolog\u00eda Vegetal y Ecolog\u00eda) Lorena Pe\u00f1a&#8211; PIC-Doctora (Biolog\u00eda Vegetal y Ecolog\u00eda) Ana Berreteaga (PIC de Biolog\u00eda Vegetal y Ecolog\u00eda) MIEMBROS COLABORADORES DE LA C\u00c1TEDRA UNESCO (UPV\/EHU) Arantza Acha &#8211; UN Etxea- Centro UNESCO del Pa\u00eds Vasco Xabier Arana &#8211; Diputaci\u00f3n [&hellip;]<\/p>\n","protected":false},"author":1,"featured_media":0,"parent":7,"menu_order":3,"comment_status":"closed","ping_status":"closed","template":"","meta":{"footnotes":""},"class_list":["post-20","page","type-page","status-publish","hentry"],"_links":{"self":[{"href":"https:\/\/www.ehu.eus\/cdsea\/web\/index.php\/wp-json\/wp\/v2\/pages\/20"}],"collection":[{"href":"https:\/\/www.ehu.eus\/cdsea\/web\/index.php\/wp-json\/wp\/v2\/pages"}],"about":[{"href":"https:\/\/www.ehu.eus\/cdsea\/web\/index.php\/wp-json\/wp\/v2\/types\/page"}],"author":[{"embeddable":true,"href":"https:\/\/www.ehu.eus\/cdsea\/web\/index.php\/wp-json\/wp\/v2\/users\/1"}],"replies":[{"embeddable":true,"href":"https:\/\/www.ehu.eus\/cdsea\/web\/index.php\/wp-json\/wp\/v2\/comments?post=20"}],"version-history":[{"count":38,"href":"https:\/\/www.ehu.eus\/cdsea\/web\/index.php\/wp-json\/wp\/v2\/pages\/20\/revisions"}],"predecessor-version":[{"id":19128,"href":"https:\/\/www.ehu.eus\/cdsea\/web\/index.php\/wp-json\/wp\/v2\/pages\/20\/revisions\/19128"}],"up":[{"embeddable":true,"href":"https:\/\/www.ehu.eus\/cdsea\/web\/index.php\/wp-json\/wp\/v2\/pages\/7"}],"wp:attachment":[{"href":"https:\/\/www.ehu.eus\/cdsea\/web\/index.php\/wp-json\/wp\/v2\/media?parent=20"}],"curies":[{"name":"wp","href":"https:\/\/api.w.org\/{rel}","templated":true}]}}