{"id":2008,"date":"2017-01-10T18:15:53","date_gmt":"2017-01-10T18:15:53","guid":{"rendered":"http:\/\/www.ehu.eus\/cdsea\/cdseawp\/?page_id=2008"},"modified":"2024-08-13T14:07:21","modified_gmt":"2024-08-13T12:07:21","slug":"ibone-ametzaga","status":"publish","type":"page","link":"https:\/\/www.ehu.eus\/cdsea\/web\/index.php\/ibone-ametzaga\/","title":{"rendered":"Ibone Ametzaga"},"content":{"rendered":"<p style=\"text-align: left;\">Es profesora agregada del \u00c1rea de Ecolog\u00eda de la Universidad del Pa\u00eds Vasco (UPV\/EHU) en la titulaci\u00f3n de Biolog\u00eda, as\u00ed como en ense\u00f1anzas de posgrado. Adem\u00e1s,ha sido profesora en la Universidad P\u00fablica de Navarra y en la Universidad de Vigo y ha trabajado en el centro de investigaci\u00f3n NEIKER (2002-2003). <img loading=\"lazy\" decoding=\"async\" class=\"wp-image-2009 size-medium alignright\" src=\"http:\/\/www.ehu.eus\/cdsea\/web\/wp-content\/uploads\/2017\/01\/Ibone-300x258.jpg\" alt=\"ibone\" width=\"300\" height=\"258\" srcset=\"https:\/\/www.ehu.eus\/cdsea\/web\/wp-content\/uploads\/2017\/01\/Ibone-300x258.jpg 300w, https:\/\/www.ehu.eus\/cdsea\/web\/wp-content\/uploads\/2017\/01\/Ibone.jpg 457w\" sizes=\"(max-width: 300px) 100vw, 300px\" \/>Ha ocupado los cargos de Secretaria del Campus de Bizkaia (2005) y de Viceconsejera de Universidades e Investigaci\u00f3n en el Gobierno Vasco (2006-2009) y ha sido presidenta de la secci\u00f3n de ciencias naturales de Eusko Ikaskunta\/Sociedad de Estudios Vascos (1995-2006).<\/p>\n<p style=\"text-align: justify;\">Ha realizado estancias en diversas universidades internacionales como University of Aberdeen (1988), el\u00a0Imperial College of Science, Technology and Medicine (Londres, 1986-87, Master; y 1988-1992, PhD), University of California at Santa Barbara o la Universidad de Oxford (1998 y 2001) y ha impartido conferencias en la Universidad de Islandia y en la University of Auckland.<\/p>\n<p style=\"text-align: justify;\">Ha dirigido varias Tesis doctorales, de Licenciatura y de M\u00e1ster y ha publicado m\u00e1s de 50 art\u00edculos en revistas cient\u00edficas, libros y cap\u00edtulos de libro.<\/p>\n<p style=\"text-align: justify;\">Su tem\u00e1tica de investigaci\u00f3n se centra en el estudio de la biodiversidad, principalmente en ecosistemas terrestres,\u00a0 con el objetivo de evaluar los impactos sobre la misma y desarrollar actuaciones para mejorar su situaci\u00f3n, as\u00ed como para generar conocimiento aplicable en el desarrollo de las pol\u00edticas ambientales para la gesti\u00f3n del territorio.<\/p>\n","protected":false},"excerpt":{"rendered":"<p>Es profesora agregada del \u00c1rea de Ecolog\u00eda de la Universidad del Pa\u00eds Vasco (UPV\/EHU) en la titulaci\u00f3n de Biolog\u00eda, as\u00ed como en ense\u00f1anzas de posgrado. Adem\u00e1s,ha sido profesora en la Universidad P\u00fablica de Navarra y en la Universidad de Vigo y ha trabajado en el centro de investigaci\u00f3n NEIKER (2002-2003). Ha ocupado los cargos de [&hellip;]<\/p>\n","protected":false},"author":1,"featured_media":0,"parent":0,"menu_order":0,"comment_status":"closed","ping_status":"closed","template":"","meta":{"footnotes":""},"class_list":["post-2008","page","type-page","status-publish","hentry"],"_links":{"self":[{"href":"https:\/\/www.ehu.eus\/cdsea\/web\/index.php\/wp-json\/wp\/v2\/pages\/2008"}],"collection":[{"href":"https:\/\/www.ehu.eus\/cdsea\/web\/index.php\/wp-json\/wp\/v2\/pages"}],"about":[{"href":"https:\/\/www.ehu.eus\/cdsea\/web\/index.php\/wp-json\/wp\/v2\/types\/page"}],"author":[{"embeddable":true,"href":"https:\/\/www.ehu.eus\/cdsea\/web\/index.php\/wp-json\/wp\/v2\/users\/1"}],"replies":[{"embeddable":true,"href":"https:\/\/www.ehu.eus\/cdsea\/web\/index.php\/wp-json\/wp\/v2\/comments?post=2008"}],"version-history":[{"count":7,"href":"https:\/\/www.ehu.eus\/cdsea\/web\/index.php\/wp-json\/wp\/v2\/pages\/2008\/revisions"}],"predecessor-version":[{"id":18115,"href":"https:\/\/www.ehu.eus\/cdsea\/web\/index.php\/wp-json\/wp\/v2\/pages\/2008\/revisions\/18115"}],"wp:attachment":[{"href":"https:\/\/www.ehu.eus\/cdsea\/web\/index.php\/wp-json\/wp\/v2\/media?parent=2008"}],"curies":[{"name":"wp","href":"https:\/\/api.w.org\/{rel}","templated":true}]}}