{"id":2378,"date":"2017-02-13T18:29:08","date_gmt":"2017-02-13T18:29:08","guid":{"rendered":"http:\/\/www.ehu.eus\/cdsea\/cdseawp\/?page_id=2378"},"modified":"2024-08-14T12:26:48","modified_gmt":"2024-08-14T10:26:48","slug":"agenda-de-actividades-2017-2","status":"publish","type":"page","link":"https:\/\/www.ehu.eus\/cdsea\/web\/index.php\/agenda-de-actividades-2017-2\/","title":{"rendered":"Agenda de actividades 2017"},"content":{"rendered":"\n<div class=\"wp-block-columns alignwide is-layout-flex wp-container-core-columns-is-layout-1 wp-block-columns-is-layout-flex\">\n<div class=\"wp-block-column is-layout-flow wp-block-column-is-layout-flow\" style=\"flex-basis:33.33%\"><nav class=\"has-background has-base-background-color is-responsive items-justified-center wp-block-navigation is-content-justification-center is-layout-flex wp-container-core-navigation-is-layout-1 wp-block-navigation-is-layout-flex\" aria-label=\"Men\u00fa Agenda Actividades\" \n\t\t data-wp-interactive=\"core\/navigation\" data-wp-context='{\"overlayOpenedBy\":{\"click\":false,\"hover\":false,\"focus\":false},\"type\":\"overlay\",\"roleAttribute\":\"\",\"ariaLabel\":\"Men\\u00fa\"}'><button aria-haspopup=\"dialog\" aria-label=\"Abrir el men\u00fa\" class=\"wp-block-navigation__responsive-container-open \" \n\t\t\t\tdata-wp-on-async--click=\"actions.openMenuOnClick\"\n\t\t\t\tdata-wp-on--keydown=\"actions.handleMenuKeydown\"\n\t\t\t><svg width=\"24\" height=\"24\" xmlns=\"http:\/\/www.w3.org\/2000\/svg\" viewBox=\"0 0 24 24\" aria-hidden=\"true\" focusable=\"false\"><rect x=\"4\" y=\"7.5\" width=\"16\" height=\"1.5\" \/><rect x=\"4\" y=\"15\" width=\"16\" height=\"1.5\" \/><\/svg><\/button>\n\t\t\t\t<div class=\"wp-block-navigation__responsive-container  has-background has-base-background-color\"  id=\"modal-1\" \n\t\t\t\tdata-wp-class--has-modal-open=\"state.isMenuOpen\"\n\t\t\t\tdata-wp-class--is-menu-open=\"state.isMenuOpen\"\n\t\t\t\tdata-wp-watch=\"callbacks.initMenu\"\n\t\t\t\tdata-wp-on--keydown=\"actions.handleMenuKeydown\"\n\t\t\t\tdata-wp-on-async--focusout=\"actions.handleMenuFocusout\"\n\t\t\t\ttabindex=\"-1\"\n\t\t\t>\n\t\t\t\t\t<div class=\"wp-block-navigation__responsive-close\" tabindex=\"-1\">\n\t\t\t\t\t\t<div class=\"wp-block-navigation__responsive-dialog\" \n\t\t\t\tdata-wp-bind--aria-modal=\"state.ariaModal\"\n\t\t\t\tdata-wp-bind--aria-label=\"state.ariaLabel\"\n\t\t\t\tdata-wp-bind--role=\"state.roleAttribute\"\n\t\t\t>\n\t\t\t\t\t\t\t<button aria-label=\"Cerrar el men\u00fa\" class=\"wp-block-navigation__responsive-container-close\" \n\t\t\t\tdata-wp-on-async--click=\"actions.closeMenuOnClick\"\n\t\t\t><svg xmlns=\"http:\/\/www.w3.org\/2000\/svg\" viewBox=\"0 0 24 24\" width=\"24\" height=\"24\" aria-hidden=\"true\" focusable=\"false\"><path d=\"M13 11.8l6.1-6.3-1-1-6.1 6.2-6.1-6.2-1 1 6.1 6.3-6.5 6.7 1 1 6.5-6.6 6.5 6.6 1-1z\"><\/path><\/svg><\/button>\n\t\t\t\t\t\t\t<div class=\"wp-block-navigation__responsive-container-content\" \n\t\t\t\tdata-wp-watch=\"callbacks.focusFirstElement\"\n\t\t\t id=\"modal-1-content\">\n\t\t\t\t\t\t\t\t<ul class=\"wp-block-navigation__container has-background has-base-background-color is-responsive items-justified-center wp-block-navigation\"><li data-wp-context=\"{ &quot;submenuOpenedBy&quot;: { &quot;click&quot;: false, &quot;hover&quot;: false, &quot;focus&quot;: false }, &quot;type&quot;: &quot;submenu&quot; }\" data-wp-interactive=\"core\/navigation\" data-wp-on--focusout=\"actions.handleMenuFocusout\" data-wp-on--keydown=\"actions.handleMenuKeydown\" data-wp-on-async--mouseenter=\"actions.openMenuOnHover\" data-wp-on-async--mouseleave=\"actions.closeMenuOnHover\" data-wp-watch=\"callbacks.initMenu\" tabindex=\"-1\" class=\" wp-block-navigation-item has-child open-on-hover-click wp-block-navigation-submenu\"><a class=\"wp-block-navigation-item__content\" href=\"https:\/\/www.ehu.eus\/cdsea\/web\/index.php\/agenda-de-actividades-2018\/\">Agenda de actividades<\/a><button data-wp-bind--aria-expanded=\"state.isMenuOpen\" data-wp-on-async--click=\"actions.toggleMenuOnClick\" aria-label=\"Submen\u00fa de Agenda de actividades\" class=\"wp-block-navigation__submenu-icon wp-block-navigation-submenu__toggle\" ><svg xmlns=\"http:\/\/www.w3.org\/2000\/svg\" width=\"12\" height=\"12\" viewBox=\"0 0 12 12\" fill=\"none\" aria-hidden=\"true\" focusable=\"false\"><path d=\"M1.50002 4L6.00002 8L10.5 4\" stroke-width=\"1.5\"><\/path><\/svg><\/button><ul data-wp-on-async--focus=\"actions.openMenuOnFocus\" class=\"wp-block-navigation__submenu-container has-background has-base-background-color wp-block-navigation-submenu\"><li class=\" wp-block-navigation-item wp-block-navigation-link\"><a class=\"wp-block-navigation-item__content\"  href=\"https:\/\/www.ehu.eus\/cdsea\/web\/index.php\/actividades-2021-2-2\/\"><span class=\"wp-block-navigation-item__label\">Actividades 2023<\/span><\/a><\/li><li class=\" wp-block-navigation-item wp-block-navigation-link\"><a class=\"wp-block-navigation-item__content\"  href=\"https:\/\/www.ehu.eus\/cdsea\/web\/index.php\/actividades-2021-2\/\"><span class=\"wp-block-navigation-item__label\">Actividades 2022<\/span><\/a><\/li><li class=\" wp-block-navigation-item wp-block-navigation-link\"><a class=\"wp-block-navigation-item__content\"  href=\"https:\/\/www.ehu.eus\/cdsea\/web\/index.php\/actividades-2021\/\"><span class=\"wp-block-navigation-item__label\">Actividades 2021<\/span><\/a><\/li><li class=\" wp-block-navigation-item wp-block-navigation-link\"><a class=\"wp-block-navigation-item__content\"  href=\"https:\/\/www.ehu.eus\/cdsea\/web\/index.php\/actividades-2020\/\"><span class=\"wp-block-navigation-item__label\">Actividades 2020<\/span><\/a><\/li><li class=\" wp-block-navigation-item wp-block-navigation-link\"><a class=\"wp-block-navigation-item__content\"  href=\"https:\/\/www.ehu.eus\/cdsea\/web\/index.php\/agenda-de-actividades-2019\/\"><span class=\"wp-block-navigation-item__label\">Actividades 2019<\/span><\/a><\/li><li class=\" wp-block-navigation-item wp-block-navigation-link\"><a class=\"wp-block-navigation-item__content\"  href=\"https:\/\/www.ehu.eus\/cdsea\/web\/index.php\/agenda-de-actividades-2018-2\/\"><span class=\"wp-block-navigation-item__label\">Actividades 2018<\/span><\/a><\/li><li class=\" wp-block-navigation-item wp-block-navigation-link\"><a class=\"wp-block-navigation-item__content\"  href=\"https:\/\/www.ehu.eus\/cdsea\/web\/index.php\/agenda-de-actividades-2017-2\/\"><span class=\"wp-block-navigation-item__label\">Actividades 2017<\/span><\/a><\/li><li class=\" wp-block-navigation-item wp-block-navigation-link\"><a class=\"wp-block-navigation-item__content\"  href=\"https:\/\/www.ehu.eus\/cdsea\/web\/index.php\/actividades-2016\/\"><span class=\"wp-block-navigation-item__label\">Actividades 2016<\/span><\/a><\/li><\/ul><\/li><\/ul>\n\t\t\t\t\t\t\t<\/div>\n\t\t\t\t\t\t<\/div>\n\t\t\t\t\t<\/div>\n\t\t\t\t<\/div><\/nav><\/div>\n\n\n\n<div class=\"wp-block-column is-layout-flow wp-block-column-is-layout-flow\" style=\"flex-basis:66.66%\">\n<p class=\"has-gradient-3-gradient-background has-background\"><strong>ACTIVIDADES ORGANIZADAS POR LA C\u00c1TEDRA<\/strong><\/p>\n\n\n\n<p><strong>26\/12\/2017: <a href=\"http:\/\/www.ehu.eus\/cdsea\/web\/index.php\/publicaciones\/revista-forum-de-sostenibilidad\/\">Nueva publicaci\u00f3n (n\u00ba8) de la revista FORUM de Sostenibilidad (2017-2018).<\/a><\/strong><\/p>\n\n\n\n<p><strong>5-7\/09\/2017:<\/strong>&nbsp;<a href=\"http:\/\/www.ehu.eus\/cdsea\/web\/index.php\/jornadaseducacion\" target=\"_blank\" rel=\"noreferrer noopener\"><strong>Jornadas \u201cLa educaci\u00f3n, base para los Objetivos de Desarrollo Sostenible (ODS)\u201d<\/strong><\/a><\/p>\n\n\n\n<p><strong>2017:<em><a href=\"http:\/\/www.ehu.eus\/cdsea\/web\/index.php\/proyecto-life-anillo-verde-de-la-bahia-de-santander\/\" target=\"_blank\" rel=\"noreferrer noopener\">&nbsp;PROYECTO LIFE:&nbsp; Anillo Verde de la Bah\u00eda de Santander.<\/a><\/em><\/strong><\/p>\n\n\n\n<p><strong>24\/26-04-2017: <a href=\"http:\/\/www.ehu.eus\/cdsea\/web\/index.php\/elikadura-21\/\" target=\"_blank\" rel=\"noreferrer noopener\">Elikadura 21<\/a>, <\/strong>Vitoria-Gasteiz.<\/p>\n\n\n\n<p><strong>06\/02-04\/04-2017: <a href=\"http:\/\/www.ehu.eus\/cdsea\/web\/index.php\/curso-evetuz\/\" target=\"_blank\" rel=\"noreferrer noopener\"><em>Curso Prest Gara 2016-2017&nbsp;para profesorado sobre Servicios de los Ecosistemas y Bienestar Humano.<\/em><\/a><\/strong><\/p>\n\n\n\n<p><strong>8-02-2017: <\/strong>Conferencia<em> <strong><a href=\"http:\/\/www.ehu.eus\/cdsea\/web\/wp-content\/uploads\/2017\/03\/DiapositivaJAWA-1.pdf\" target=\"_blank\" rel=\"noreferrer noopener\">Biomimicry: key for sustainability?<\/a><\/strong><\/em> que se celebrar\u00e1 en el Sal\u00f3n de Grados de la Facultad de Ciencia y Tecnolog\u00eda (Leioa).<\/p>\n\n\n\n<p class=\"has-gradient-3-gradient-background has-background\"><strong>ACTIVIDADES EN LAS QUE HA PARTICIPADO LA C\u00c1TEDRA<\/strong><\/p>\n\n\n\n<p><strong><em>14\/15-12-2017:&nbsp;<a href=\"http:\/\/www.ehu.eus\/cdsea\/web\/index.php\/presentacion-pice\/\">Presentaci\u00f3n del Programa de Investigaci\u00f3n Cient\u00edfica del PICE-IGHP<\/a><\/em><\/strong><\/p>\n\n\n\n<p><strong>21\/11\/2017:<\/strong><strong>&nbsp;<a href=\"http:\/\/www.ehu.eus\/cdsea\/web\/index.php\/la-importancia-de-la-investigacion-dentro-de-las-reservas-de-la-biosfera-el-caso-de-la-reserva-de-la-biosfera-de-urdaibai\/\" target=\"_blank\" rel=\"noreferrer noopener\">La importancia de la investigaci\u00f3n dentro de las reservas de la biosfera. El caso de la Reserva de la Biosfera de Urdaibai.<\/a><\/strong><\/p>\n\n\n\n<p><strong><em>06-11-2017:<\/em><\/strong><strong><em>&nbsp;<a href=\"http:\/\/www.ehu.eus\/cdsea\/web\/index.php\/06-11-2017-euskal-herriko-unesco-sarea-ehus\/\" target=\"_blank\" rel=\"noreferrer noopener\">Euskal Herriko UNESCO Sarea (EHUS).<\/a><\/em><\/strong><\/p>\n\n\n\n<p><strong><em>31-10-2017:&nbsp;<a href=\"http:\/\/www.ehu.eus\/cdsea\/web\/index.php\/25-aniversario-del-programa-de-catedras-unescounitwin\/\" target=\"_blank\" rel=\"noreferrer noopener\">25&nbsp;Aniversario del Programa de C\u00e1tedras&nbsp;UNESCO\/UNITWIN.<\/a><\/em><\/strong><\/p>\n\n\n\n<p><strong>10-14\/10\/2017:&nbsp;<\/strong><strong><a href=\"http:\/\/www.ehu.eus\/cdsea\/web\/index.php\/el-proyecto-de-evaluacion-de-los-ecosistemas-de-euskadi-de-ejemplo-en-ecuador\/\" target=\"_blank\" rel=\"noreferrer noopener\">El proyecto de Evaluaci\u00f3n de los Ecosistemas de Euskadi de ejemplo en Ecuador.<\/a><\/strong><\/p>\n\n\n\n<p><strong>24\/28-09-2017:&nbsp;<a href=\"http:\/\/www.ehu.eus\/cdsea\/web\/index.php\/iufro-8-01-02-landscape-ecology-conference-the-green-blue-nexus-forests-landscapes-and-services\/\" target=\"_blank\" rel=\"noreferrer noopener\">IUFRO 8.01.02 Landscape Ecology Conference, The Green-Blue Nexus: Forests, Landscapes and Services.<\/a><\/strong><\/p>\n\n\n\n<p><strong>20\/21-09-2017:&nbsp;<em><a href=\"http:\/\/www.ehu.eus\/cdsea\/web\/index.php\/conferencia-internacional-green-surge-connecting-people-and-nature-for-sustainable-cities\/\" target=\"_blank\" rel=\"noreferrer noopener\">Conferencia internacional GREEN SURGE: connecting people and nature for sustainable cities<\/a>.<\/em><\/strong><\/p>\n\n\n\n<p><strong>13\/16-09-2017:&nbsp;<a href=\"http:\/\/www.ehu.eus\/cdsea\/web\/index.php\/26th-congress-of-the-european-vegetation-survey\/\" target=\"_blank\" rel=\"noreferrer noopener\"><em>26th Congress of the European Vegetation Survey.<\/em><\/a><\/strong><\/p>\n\n\n\n<p><strong><em>&nbsp;14-07-2017:&nbsp;<a href=\"http:\/\/www.ehu.eus\/cdsea\/web\/index.php\/miembros-del-jurado-en-el-2o-concurso-sostenibles-tv-experiencias-locales-que-contribuyen-al-desarrollo-sostenible\/\" target=\"_blank\" rel=\"noreferrer noopener\">Miembros del jurado en el&nbsp;2\u00ba concurso SOStenibles.tv. Experiencias locales que contribuyen al desarrollo sostenible.<\/a><\/em><\/strong><\/p>\n\n\n\n<p><strong>22-06-17:<em>&nbsp;<a href=\"http:\/\/www.ehu.eus\/cdsea\/web\/index.php\/curso-de-verano-que-nos-pueden-decir-los-mapas-y-la-informacion-geoespacial\/\" target=\"_blank\" rel=\"noreferrer noopener\">CURSO DE VERANO: \u00bfQU\u00c9 NOS PUEDEN DECIR LOS MAPAS Y LA INFORMACI\u00d3N GEOESPACIAL?<\/a><\/em><\/strong><\/p>\n\n\n\n<p><strong>20\/21-06-17:<em><a href=\"http:\/\/www.ehu.eus\/cdsea\/web\/index.php\/ddg-lab\/\" target=\"_blank\" rel=\"noreferrer noopener\">&nbsp;DDG LaB<\/a><\/em><\/strong><\/p>\n\n\n\n<p><strong>03\/21-07-17:<em><a href=\"http:\/\/www.ehu.eus\/cdsea\/web\/index.php\/curso-basico-on-line-2a-edicion-servicios-de-los-ecosistemas-y-bienestar-humano-en-euskadi\/\" target=\"_blank\" rel=\"noreferrer noopener\"> Curso b\u00e1sico On line (2\u00aa edici\u00f3n): Servicios de los Ecosistemas y Bienestar Humano en Euskadi<\/a>.&nbsp;<\/em><\/strong><\/p>\n\n\n\n<p><strong>5\/7-07-17: <em><a href=\"http:\/\/www.ehu.eus\/cdsea\/web\/index.php\/encuentro-de-catedras-unesco-de-ciencias\/\" target=\"_blank\" rel=\"noreferrer noopener\">Encuentro de C\u00e1tedras UNESCO de Ciencias.<\/a>&nbsp;<a href=\"http:\/\/www.ehu.eus\/cdsea\/web\/wp-content\/uploads\/2017\/03\/UNESCOChair-poster-model-REDUCIDO.pdf\" target=\"_blank\" rel=\"noreferrer noopener\">P\u00f3ster.<\/a><\/em><\/strong><\/p>\n\n\n\n<p><strong>03\/05-07-2017: <a href=\"http:\/\/www.ehu.eus\/cdsea\/web\/index.php\/congreso-de-educacion-edulearn-2017\/\" target=\"_blank\" rel=\"noreferrer noopener\">Congreso de Educaci\u00f3n EDULEARN 2017.<\/a><\/strong><\/p>\n\n\n\n<p><strong>22-06-17: <a href=\"http:\/\/www.ehu.eus\/cdsea\/web\/index.php\/entidades-17-ods\/\" target=\"_blank\" rel=\"noreferrer noopener\"><em>17 Entidades, 17 ODS.<\/em><\/a><\/strong><\/p>\n\n\n\n<p><strong>20-06-17: <em><a href=\"http:\/\/www.ehu.eus\/cdsea\/web\/index.php\/agenda-2030-alianzas-para-la-sostenibilidad\/\" target=\"_blank\" rel=\"noreferrer noopener\">AGENDA 2030. Alianzas para la sostenibilidad<\/a>.<\/em><\/strong><\/p>\n\n\n\n<p><strong>08-06-2017: <a href=\"http:\/\/www.ehu.eus\/cdsea\/web\/index.php\/plastikozko-itsasoa-mar-de-plastico\/\" target=\"_blank\" rel=\"noreferrer noopener\"><em>Mar de Pl\u00e1stico &#8211; Plastikozko Itsasoa.<\/em><\/a><\/strong><\/p>\n\n\n\n<p><strong>31-05-2017: <a href=\"http:\/\/www.ehu.eus\/cdsea\/web\/index.php\/klimagune-workshop-2017\/\" target=\"_blank\" rel=\"noreferrer noopener\">Klimagune Workshop 2017<\/a><\/strong><\/p>\n\n\n\n<p><strong>18-05-17:<\/strong> <em><a href=\"http:\/\/www.ehu.eus\/cdsea\/web\/index.php\/situacion-de-la-calidad-del-aire-en-euskadi\/\" target=\"_blank\" rel=\"noreferrer noopener\"><strong>Situaci\u00f3n de la calidad del aire en Euskadi.<\/strong><\/a><\/em><\/p>\n\n\n\n<p><strong>2017:&nbsp;<a href=\"http:\/\/www.ehu.eus\/cdsea\/web\/index.php\/servicios-de-los-ecosistemas-de-ulia\/\" target=\"_blank\" rel=\"noreferrer noopener\"><em><strong>Servicios de los Ecosistemas de Ul\u00eda.<\/strong><\/em><\/a><\/strong><\/p>\n\n\n\n<p><strong>05-04-2017: <\/strong><em><strong><a href=\"http:\/\/www.ihobe.eus\/Eventos\/ficha.aspx?IdMenu=74e0675a-2235-4892-af39-e5bf7072bc20&amp;Cod=854&amp;Idioma=es-ES\" target=\"_blank\" rel=\"noreferrer noopener\">Foro Klimatek 2017<\/a>, <\/strong>IHOBE, Bilbao.<\/em><\/p>\n\n\n\n<p><strong>04\/07-04-2017: <\/strong><em><strong><a href=\"http:\/\/euromab2017.org\/en\/home\/\" target=\"_blank\" rel=\"noreferrer noopener\">Euromab 2017: Building a sustainable future together<\/a>, <\/strong>Sarlat, Francia.<\/em><\/p>\n\n\n\n<p><strong>23-03-2017<\/strong><em><strong>: <a href=\"http:\/\/www.ehu.eus\/cdsea\/web\/index.php\/presentacion-del-master-en-medio-ambiente-y-sostenibilidad\/\" target=\"_blank\" rel=\"noreferrer noopener\">Presentaci\u00f3n del M\u00e1ster en Medio Ambiente y Sostenibilidad.<\/a><\/strong><\/em><\/p>\n\n\n\n<p><strong>10-03-2017:<\/strong><em> <a href=\"http:\/\/fnyh.org\/workshop-anillo-verde-de-la-bahia-de-santander-conectando-la-naturaleza-la-ciudad-10-de-marzo\/\"><strong>Workshop \u201cAnillo Verde de la Bah\u00eda de Santander: conectando la naturaleza y la ciudad\u201d<\/strong>&nbsp; <\/a>que se celebrar\u00e1 en Santander.<\/em><\/p>\n\n\n\n<p><strong>6\/10-03-2017: <\/strong><em><strong><a href=\"http:\/\/www.ehu.eus\/cdsea\/web\/index.php\/ipbes-5\/http:\/\/www.ehu.eus\/cdsea\/web\/index.php\/ipbes-5\/http:\/\/www.ehu.eus\/cdsea\/web\/index.php\/ipbes-5\/http:\/\/www.ehu.eus\/cdsea\/web\/index.php\/ipbes-5\/http:\/\/www.ehu.eus\/cdsea\/web\/index.php\/ipbes-5\/\" target=\"_blank\" rel=\"noreferrer noopener\">IPBES-5: Plenary of the Intergovernmental Science-Policy Platform on Biodiversity an Ecosystem Services,<\/a>&nbsp;<\/strong>en Bonn (Alemania).<\/em><\/p>\n\n\n\n<p><strong>22\/23-02-2017:<\/strong> <em><strong><a href=\"http:\/\/www.interregeurope.eu\/bid-rex\/\">Workshop \u201cInformation needs for decision makers\u201d dentro del proyecto europero Interreg BID-REX<\/a><\/strong> que se celebrar\u00e1 en Valonia (B\u00e9lgica).<\/em><\/p>\n\n\n\n<p><strong>16-02-2017: <a href=\"http:\/\/www.ehu.eus\/cdsea\/web\/index.php\/aulas-de-la-experiencia-educacion-universitaria-para-mayores-de-55-anos\/\" target=\"_blank\" rel=\"noreferrer noopener\">Aulas de la experiencia: educaci\u00f3n universitaria para mayores de 55 a\u00f1os.<\/a><\/strong><\/p>\n\n\n\n<p><strong>6-02-2017: <\/strong><em><strong><a href=\"https:\/\/www.eventbrite.es\/e\/entradas-de-los-datos-sobre-biodiversidad-a-las-decisiones-31150715629\">Taller participativo sobre necesidades de informaci\u00f3n en el \u00e1mbito de la Biodiversidad <\/a><\/strong>dentro del proyecto europero Interreg BID-REX que se celebrar\u00e1 en Innobasque (Zamudio).<\/em><\/p>\n<\/div>\n<\/div>\n","protected":false},"excerpt":{"rendered":"<p>ACTIVIDADES ORGANIZADAS POR LA C\u00c1TEDRA 26\/12\/2017: Nueva publicaci\u00f3n (n\u00ba8) de la revista FORUM de Sostenibilidad (2017-2018). 5-7\/09\/2017:&nbsp;Jornadas \u201cLa educaci\u00f3n, base para los Objetivos de Desarrollo Sostenible (ODS)\u201d 2017:&nbsp;PROYECTO LIFE:&nbsp; Anillo Verde de la Bah\u00eda de Santander. 24\/26-04-2017: Elikadura 21, Vitoria-Gasteiz. 06\/02-04\/04-2017: Curso Prest Gara 2016-2017&nbsp;para profesorado sobre Servicios de los Ecosistemas y Bienestar Humano. 8-02-2017: [&hellip;]<\/p>\n","protected":false},"author":1,"featured_media":0,"parent":0,"menu_order":0,"comment_status":"closed","ping_status":"closed","template":"","meta":{"footnotes":""},"class_list":["post-2378","page","type-page","status-publish","hentry"],"_links":{"self":[{"href":"https:\/\/www.ehu.eus\/cdsea\/web\/index.php\/wp-json\/wp\/v2\/pages\/2378"}],"collection":[{"href":"https:\/\/www.ehu.eus\/cdsea\/web\/index.php\/wp-json\/wp\/v2\/pages"}],"about":[{"href":"https:\/\/www.ehu.eus\/cdsea\/web\/index.php\/wp-json\/wp\/v2\/types\/page"}],"author":[{"embeddable":true,"href":"https:\/\/www.ehu.eus\/cdsea\/web\/index.php\/wp-json\/wp\/v2\/users\/1"}],"replies":[{"embeddable":true,"href":"https:\/\/www.ehu.eus\/cdsea\/web\/index.php\/wp-json\/wp\/v2\/comments?post=2378"}],"version-history":[{"count":41,"href":"https:\/\/www.ehu.eus\/cdsea\/web\/index.php\/wp-json\/wp\/v2\/pages\/2378\/revisions"}],"predecessor-version":[{"id":18180,"href":"https:\/\/www.ehu.eus\/cdsea\/web\/index.php\/wp-json\/wp\/v2\/pages\/2378\/revisions\/18180"}],"wp:attachment":[{"href":"https:\/\/www.ehu.eus\/cdsea\/web\/index.php\/wp-json\/wp\/v2\/media?parent=2378"}],"curies":[{"name":"wp","href":"https:\/\/api.w.org\/{rel}","templated":true}]}}