{"id":3725,"date":"2017-05-02T14:14:21","date_gmt":"2017-05-02T14:14:21","guid":{"rendered":"http:\/\/www.ehu.eus\/cdsea\/web\/?page_id=3725"},"modified":"2017-05-17T16:56:44","modified_gmt":"2017-05-17T16:56:44","slug":"elikadura-21","status":"publish","type":"page","link":"https:\/\/www.ehu.eus\/cdsea\/web\/index.php\/elikadura-21\/","title":{"rendered":"Elikadura 21"},"content":{"rendered":"<p>[vc_row][vc_column][vc_custom_heading text=\u00bbElikadura 21<br \/>\n\u00bb font_container=\u00bbtag:h3|text_align:left|color:%23198c49&#8243; google_fonts=\u00bbfont_family:Droid%20Sans%3Aregular%2C700|font_style:400%20regular%3A400%3Anormal\u00bb][vc_column_text]<\/p>\n<p style=\"text-align: justify;\"><img loading=\"lazy\" decoding=\"async\" class=\"size-medium wp-image-3729 alignleft\" src=\"http:\/\/www.ehu.eus\/cdsea\/web\/wp-content\/uploads\/2017\/05\/Foto-congreso-225x300.jpg\" alt=\"\" width=\"225\" height=\"300\" srcset=\"https:\/\/www.ehu.eus\/cdsea\/web\/wp-content\/uploads\/2017\/05\/Foto-congreso-225x300.jpg 225w, https:\/\/www.ehu.eus\/cdsea\/web\/wp-content\/uploads\/2017\/05\/Foto-congreso.jpg 768w, https:\/\/www.ehu.eus\/cdsea\/web\/wp-content\/uploads\/2017\/05\/Foto-congreso-600x800.jpg 600w\" sizes=\"(max-width: 225px) 100vw, 225px\" \/><span style=\"font-size: 12pt;\">La C\u00e1tedra UNESCO ha participado en las jornadas <em>Elikadura 21: El futuro de la alimentaci\u00f3n y retos de la agricultura para el siglo XXI<\/em> (Palacio Europa, Vitoria-Gasteiz) donde se ha debatido sobre qui\u00e9n, c\u00f3mo y con qu\u00e9 implicaciones sociales, econ\u00f3micas y ecol\u00f3gicas se alimentar\u00e1 el mundo. <\/span><\/p>\n<p style=\"text-align: justify;\"><span style=\"font-size: 12pt;\">En este encuentro, la C\u00e1tedra ha presentado el p\u00f3ster titulado: \u00a0<strong><a href=\"http:\/\/www.ehu.eus\/cdsea\/web\/wp-content\/uploads\/2017\/03\/poster-elikadura.pdf\" target=\"_blank\" rel=\"noopener noreferrer\"><u>Estudio de evoluci\u00f3n de la agroganader\u00eda en Euskadi: la agroganader\u00eda ecol\u00f3gica como alternativa a las tendencias actuales<\/u><\/a><\/strong> con los resultados preliminares de la investigaci\u00f3n sobre la evoluci\u00f3n de la agroganader\u00eda en Euskadi que actualmente est\u00e1 en curso.<\/span><\/p>\n<p style=\"text-align: justify;\"><span style=\"font-size: 12pt;\">M\u00e1s informaci\u00f3n: <a href=\"http:\/\/elikadura21.eus\">http:\/\/elikadura21.eus<\/a><\/span><\/p>\n<p>[\/vc_column_text][\/vc_column][\/vc_row]<\/p>\n","protected":false},"excerpt":{"rendered":"<p>[vc_row][vc_column][vc_custom_heading text=\u00bbElikadura 21 \u00bb font_container=\u00bbtag:h3|text_align:left|color:%23198c49&#8243; google_fonts=\u00bbfont_family:Droid%20Sans%3Aregular%2C700|font_style:400%20regular%3A400%3Anormal\u00bb][vc_column_text] La C\u00e1tedra UNESCO ha participado en las jornadas Elikadura 21: El futuro de la alimentaci\u00f3n y retos de la agricultura para el siglo XXI (Palacio Europa, Vitoria-Gasteiz) donde se ha debatido sobre qui\u00e9n, c\u00f3mo y con qu\u00e9 implicaciones sociales, econ\u00f3micas y ecol\u00f3gicas se alimentar\u00e1 el mundo. En este encuentro, [&hellip;]<\/p>\n","protected":false},"author":4,"featured_media":0,"parent":0,"menu_order":0,"comment_status":"closed","ping_status":"closed","template":"","meta":{"footnotes":""},"class_list":["post-3725","page","type-page","status-publish","hentry"],"_links":{"self":[{"href":"https:\/\/www.ehu.eus\/cdsea\/web\/index.php\/wp-json\/wp\/v2\/pages\/3725"}],"collection":[{"href":"https:\/\/www.ehu.eus\/cdsea\/web\/index.php\/wp-json\/wp\/v2\/pages"}],"about":[{"href":"https:\/\/www.ehu.eus\/cdsea\/web\/index.php\/wp-json\/wp\/v2\/types\/page"}],"author":[{"embeddable":true,"href":"https:\/\/www.ehu.eus\/cdsea\/web\/index.php\/wp-json\/wp\/v2\/users\/4"}],"replies":[{"embeddable":true,"href":"https:\/\/www.ehu.eus\/cdsea\/web\/index.php\/wp-json\/wp\/v2\/comments?post=3725"}],"version-history":[{"count":5,"href":"https:\/\/www.ehu.eus\/cdsea\/web\/index.php\/wp-json\/wp\/v2\/pages\/3725\/revisions"}],"predecessor-version":[{"id":3900,"href":"https:\/\/www.ehu.eus\/cdsea\/web\/index.php\/wp-json\/wp\/v2\/pages\/3725\/revisions\/3900"}],"wp:attachment":[{"href":"https:\/\/www.ehu.eus\/cdsea\/web\/index.php\/wp-json\/wp\/v2\/media?parent=3725"}],"curies":[{"name":"wp","href":"https:\/\/api.w.org\/{rel}","templated":true}]}}

<p>[vc_row][vc_column][vc_custom_heading text=»Elikadura 21<br />
» font_container=»tag:h3|text_align:left|color:%23198c49&#8243; google_fonts=»font_family:Droid%20Sans%3Aregular%2C700|font_style:400%20regular%3A400%3Anormal»][vc_column_text]</p>
<p style="text-align: justify;"><img loading="lazy" decoding="async" class="size-medium wp-image-3729 alignleft" src="http://www.ehu.eus/cdsea/web/wp-content/uploads/2017/05/Foto-congreso-225x300.jpg" alt="" width="225" height="300" srcset="https://www.ehu.eus/cdsea/web/wp-content/uploads/2017/05/Foto-congreso-225x300.jpg 225w, https://www.ehu.eus/cdsea/web/wp-content/uploads/2017/05/Foto-congreso.jpg 768w, https://www.ehu.eus/cdsea/web/wp-content/uploads/2017/05/Foto-congreso-600x800.jpg 600w" sizes="(max-width: 225px) 100vw, 225px" /><span style="font-size: 12pt;">La Cátedra UNESCO ha participado en las jornadas <em>Elikadura 21: El futuro de la alimentación y retos de la agricultura para el siglo XXI</em> (Palacio Europa, Vitoria-Gasteiz) donde se ha debatido sobre quién, cómo y con qué implicaciones sociales, económicas y ecológicas se alimentará el mundo. </span></p>
<p style="text-align: justify;"><span style="font-size: 12pt;">En este encuentro, la Cátedra ha presentado el póster titulado:  <strong><a href="http://www.ehu.eus/cdsea/web/wp-content/uploads/2017/03/poster-elikadura.pdf" target="_blank" rel="noopener noreferrer"><u>Estudio de evolución de la agroganadería en Euskadi: la agroganadería ecológica como alternativa a las tendencias actuales</u></a></strong> con los resultados preliminares de la investigación sobre la evolución de la agroganadería en Euskadi que actualmente está en curso.</span></p>
<p style="text-align: justify;"><span style="font-size: 12pt;">Más información: <a href="http://elikadura21.eus">http://elikadura21.eus</a></span></p>
<p>[/vc_column_text][/vc_column][/vc_row]</p>

<p>[vc_row][vc_column][vc_custom_heading text=»Elikadura 21 » font_container=»tag:h3|text_align:left|color:%23198c49&#8243; google_fonts=»font_family:Droid%20Sans%3Aregular%2C700|font_style:400%20regular%3A400%3Anormal»][vc_column_text] La Cátedra UNESCO ha participado en las jornadas Elikadura 21: El futuro de la alimentación y retos de la agricultura para el siglo XXI (Palacio Europa, Vitoria-Gasteiz) donde se ha debatido sobre quién, cómo y con qué implicaciones sociales, económicas y ecológicas se alimentará el mundo. En este encuentro, [&hellip;]</p>
