{"id":4418,"date":"2017-07-27T18:49:55","date_gmt":"2017-07-27T18:49:55","guid":{"rendered":"http:\/\/www.ehu.eus\/cdsea\/web\/?page_id=4418"},"modified":"2017-07-27T18:49:55","modified_gmt":"2017-07-27T18:49:55","slug":"ddg-lab","status":"publish","type":"page","link":"https:\/\/www.ehu.eus\/cdsea\/web\/index.php\/ddg-lab\/","title":{"rendered":"DDG LaB"},"content":{"rendered":"<p>[vc_row][vc_column][vc_custom_heading text=\u00bbDDG LaB\u00bb font_container=\u00bbtag:h3|text_align:left|color:%23198c49&#8243; google_fonts=\u00bbfont_family:Droid%20Sans%3Aregular%2C700|font_style:400%20regular%3A400%3Anormal\u00bb][vc_column_text]<\/p>\n<p style=\"text-align: justify;\"><span style=\"font-size: 12pt;\">Los d\u00edas 20 y 21 de junio la C\u00e1tedra UNESCO particip\u00f3 en un Laboratorio sobre los Objetivos de Desarrollo Sostenible (SDG Lab) organizado por la cooperativa Altekio y el Laboratorio de Socio-ecosistemas de la Universidad Aut\u00f3noma de Madrid denominado <em>Collaborative Thinking for Greener Cities<\/em>. Presentamos el trabajo de <strong>Naturalizaci\u00f3n del Estanque del Parque Europa<\/strong>, proyecto de colaboraci\u00f3n entre Ingurugela, Agenda 21 Bilbao y la C\u00e1tedra UNESCO, como ejemplo de Collaborative Thinking con el objetivo de mejorar e incrementar la biodiversidad y los servicios de los ecosistemas en el \u00e1mbito urbano. Dicho trabajo se inici\u00f3 en 2016.<\/span><\/p>\n<p style=\"text-align: justify;\"><span style=\"font-size: 12pt;\">Link del SDGLab: <strong><a href=\"http:\/\/sdglabmadrid.es\/\" target=\"_blank\" rel=\"noopener noreferrer\">http:\/\/sdglabmadrid.es\/<\/a><\/strong><\/span><\/p>\n<p>[\/vc_column_text][\/vc_column][\/vc_row]<\/p>\n","protected":false},"excerpt":{"rendered":"<p>[vc_row][vc_column][vc_custom_heading text=\u00bbDDG LaB\u00bb font_container=\u00bbtag:h3|text_align:left|color:%23198c49&#8243; google_fonts=\u00bbfont_family:Droid%20Sans%3Aregular%2C700|font_style:400%20regular%3A400%3Anormal\u00bb][vc_column_text] Los d\u00edas 20 y 21 de junio la C\u00e1tedra UNESCO particip\u00f3 en un Laboratorio sobre los Objetivos de Desarrollo Sostenible (SDG Lab) organizado por la cooperativa Altekio y el Laboratorio de Socio-ecosistemas de la Universidad Aut\u00f3noma de Madrid denominado Collaborative Thinking for Greener Cities. Presentamos el trabajo de Naturalizaci\u00f3n del [&hellip;]<\/p>\n","protected":false},"author":1,"featured_media":0,"parent":0,"menu_order":0,"comment_status":"closed","ping_status":"closed","template":"","meta":{"footnotes":""},"class_list":["post-4418","page","type-page","status-publish","hentry"],"_links":{"self":[{"href":"https:\/\/www.ehu.eus\/cdsea\/web\/index.php\/wp-json\/wp\/v2\/pages\/4418"}],"collection":[{"href":"https:\/\/www.ehu.eus\/cdsea\/web\/index.php\/wp-json\/wp\/v2\/pages"}],"about":[{"href":"https:\/\/www.ehu.eus\/cdsea\/web\/index.php\/wp-json\/wp\/v2\/types\/page"}],"author":[{"embeddable":true,"href":"https:\/\/www.ehu.eus\/cdsea\/web\/index.php\/wp-json\/wp\/v2\/users\/1"}],"replies":[{"embeddable":true,"href":"https:\/\/www.ehu.eus\/cdsea\/web\/index.php\/wp-json\/wp\/v2\/comments?post=4418"}],"version-history":[{"count":1,"href":"https:\/\/www.ehu.eus\/cdsea\/web\/index.php\/wp-json\/wp\/v2\/pages\/4418\/revisions"}],"predecessor-version":[{"id":4419,"href":"https:\/\/www.ehu.eus\/cdsea\/web\/index.php\/wp-json\/wp\/v2\/pages\/4418\/revisions\/4419"}],"wp:attachment":[{"href":"https:\/\/www.ehu.eus\/cdsea\/web\/index.php\/wp-json\/wp\/v2\/media?parent=4418"}],"curies":[{"name":"wp","href":"https:\/\/api.w.org\/{rel}","templated":true}]}}