{"id":4685,"date":"2017-10-13T15:58:53","date_gmt":"2017-10-13T15:58:53","guid":{"rendered":"http:\/\/www.ehu.eus\/cdsea\/web\/?page_id=4685"},"modified":"2017-10-13T16:16:20","modified_gmt":"2017-10-13T16:16:20","slug":"congreso-de-educacion-edulearn-2017","status":"publish","type":"page","link":"https:\/\/www.ehu.eus\/cdsea\/web\/index.php\/congreso-de-educacion-edulearn-2017\/","title":{"rendered":"Congreso de Educaci\u00f3n EDULEARN 2017"},"content":{"rendered":"<p>[vc_row][vc_column][vc_custom_heading text=\u00bbCONGRESO DE EDUCACI\u00d3N EDULEARN 2017&#8243; font_container=\u00bbtag:h3|text_align:left|color:%23198c49&#8243; google_fonts=\u00bbfont_family:Droid%20Sans%3Aregular%2C700|font_style:400%20regular%3A400%3Anormal\u00bb][vc_column_text]<\/p>\n<p style=\"text-align: justify;\"><span style=\"font-size: 12pt;\">Los pasados 3,4, 5 de Julio la C\u00e1tedra UNESCO expuso en el Congreso Internacional de Educaci\u00f3n y nuevas metodolog\u00edas de ense\u00f1anza, EDULEARN 2107, la experiencia de siete a\u00f1os del Posgrado en Medio Ambiente y Sostenibilidad en una sesi\u00f3n espec\u00edfica dedicada a la educaci\u00f3n en sostenibilidad.<\/span><\/p>\n<p style=\"text-align: justify;\"><span style=\"font-size: 12pt;\">Con la comunicaci\u00f3n oral \u201cLIFELONG LEARNING ON SUSTAINABILITY FOR PERSONAL, PROFESSIONAL AND SOCIAL TRANSFORMATION: ANALYZING A SEVEN YEAR EXPERIENCE FROM THE UNIVERSITY OF THE BASQUE COUNTRY\u201d, se mostraron los resultados de un estudio que muestra que el posgrado que se imparte desde el 2009 en la UPVEHU, y que ahora es un M\u00e1ster de 60 ETCS, provoca reflexiones y cambios de h\u00e1bitos a largo plazo en el alumnado que favorecen la sostenibilidad, adem\u00e1s de proporcionar oportunidades reales de trabajo.<\/span><\/p>\n<p><span style=\"font-size: 12pt;\">Link del congreso: <a href=\"https:\/\/iated.org\/edulearn\/\">https:\/\/iated.org\/edulearn\/<\/a><\/span>[\/vc_column_text][\/vc_column][\/vc_row]<\/p>\n","protected":false},"excerpt":{"rendered":"<p>[vc_row][vc_column][vc_custom_heading text=\u00bbCONGRESO DE EDUCACI\u00d3N EDULEARN 2017&#8243; font_container=\u00bbtag:h3|text_align:left|color:%23198c49&#8243; google_fonts=\u00bbfont_family:Droid%20Sans%3Aregular%2C700|font_style:400%20regular%3A400%3Anormal\u00bb][vc_column_text] Los pasados 3,4, 5 de Julio la C\u00e1tedra UNESCO expuso en el Congreso Internacional de Educaci\u00f3n y nuevas metodolog\u00edas de ense\u00f1anza, EDULEARN 2107, la experiencia de siete a\u00f1os del Posgrado en Medio Ambiente y Sostenibilidad en una sesi\u00f3n espec\u00edfica dedicada a la educaci\u00f3n en sostenibilidad. Con la [&hellip;]<\/p>\n","protected":false},"author":1,"featured_media":0,"parent":0,"menu_order":0,"comment_status":"closed","ping_status":"closed","template":"","meta":{"footnotes":""},"class_list":["post-4685","page","type-page","status-publish","hentry"],"_links":{"self":[{"href":"https:\/\/www.ehu.eus\/cdsea\/web\/index.php\/wp-json\/wp\/v2\/pages\/4685"}],"collection":[{"href":"https:\/\/www.ehu.eus\/cdsea\/web\/index.php\/wp-json\/wp\/v2\/pages"}],"about":[{"href":"https:\/\/www.ehu.eus\/cdsea\/web\/index.php\/wp-json\/wp\/v2\/types\/page"}],"author":[{"embeddable":true,"href":"https:\/\/www.ehu.eus\/cdsea\/web\/index.php\/wp-json\/wp\/v2\/users\/1"}],"replies":[{"embeddable":true,"href":"https:\/\/www.ehu.eus\/cdsea\/web\/index.php\/wp-json\/wp\/v2\/comments?post=4685"}],"version-history":[{"count":1,"href":"https:\/\/www.ehu.eus\/cdsea\/web\/index.php\/wp-json\/wp\/v2\/pages\/4685\/revisions"}],"predecessor-version":[{"id":4702,"href":"https:\/\/www.ehu.eus\/cdsea\/web\/index.php\/wp-json\/wp\/v2\/pages\/4685\/revisions\/4702"}],"wp:attachment":[{"href":"https:\/\/www.ehu.eus\/cdsea\/web\/index.php\/wp-json\/wp\/v2\/media?parent=4685"}],"curies":[{"name":"wp","href":"https:\/\/api.w.org\/{rel}","templated":true}]}}

Congreso de Educación EDULEARN 2017

<p>[vc_row][vc_column][vc_custom_heading text=»CONGRESO DE EDUCACIÓN EDULEARN 2017&#8243; font_container=»tag:h3|text_align:left|color:%23198c49&#8243; google_fonts=»font_family:Droid%20Sans%3Aregular%2C700|font_style:400%20regular%3A400%3Anormal»][vc_column_text]</p>
<p style="text-align: justify;"><span style="font-size: 12pt;">Los pasados 3,4, 5 de Julio la Cátedra UNESCO expuso en el Congreso Internacional de Educación y nuevas metodologías de enseñanza, EDULEARN 2107, la experiencia de siete años del Posgrado en Medio Ambiente y Sostenibilidad en una sesión específica dedicada a la educación en sostenibilidad.</span></p>
<p style="text-align: justify;"><span style="font-size: 12pt;">Con la comunicación oral “LIFELONG LEARNING ON SUSTAINABILITY FOR PERSONAL, PROFESSIONAL AND SOCIAL TRANSFORMATION: ANALYZING A SEVEN YEAR EXPERIENCE FROM THE UNIVERSITY OF THE BASQUE COUNTRY”, se mostraron los resultados de un estudio que muestra que el posgrado que se imparte desde el 2009 en la UPVEHU, y que ahora es un Máster de 60 ETCS, provoca reflexiones y cambios de hábitos a largo plazo en el alumnado que favorecen la sostenibilidad, además de proporcionar oportunidades reales de trabajo.</span></p>
<p><span style="font-size: 12pt;">Link del congreso: <a href="https://iated.org/edulearn/">https://iated.org/edulearn/</a></span>[/vc_column_text][/vc_column][/vc_row]</p>

<p>[vc_row][vc_column][vc_custom_heading text=»CONGRESO DE EDUCACIÓN EDULEARN 2017&#8243; font_container=»tag:h3|text_align:left|color:%23198c49&#8243; google_fonts=»font_family:Droid%20Sans%3Aregular%2C700|font_style:400%20regular%3A400%3Anormal»][vc_column_text] Los pasados 3,4, 5 de Julio la Cátedra UNESCO expuso en el Congreso Internacional de Educación y nuevas metodologías de enseñanza, EDULEARN 2107, la experiencia de siete años del Posgrado en Medio Ambiente y Sostenibilidad en una sesión específica dedicada a la educación en sostenibilidad. Con la [&hellip;]</p>
