{"id":4993,"date":"2017-11-05T16:10:48","date_gmt":"2017-11-05T16:10:48","guid":{"rendered":"http:\/\/www.ehu.eus\/cdsea\/web\/?page_id=4993"},"modified":"2017-11-16T16:54:57","modified_gmt":"2017-11-16T16:54:57","slug":"presentacion-pice","status":"publish","type":"page","link":"https:\/\/www.ehu.eus\/cdsea\/web\/index.php\/presentacion-pice\/","title":{"rendered":"Presentaci\u00f3n"},"content":{"rendered":"<p>[vc_row css=\u00bb.vc_custom_1492713898867{margin-right: 60px !important;margin-left: 60px !important;}\u00bb][vc_column width=\u00bb1\/4&#8243;][\/vc_column][vc_column width=\u00bb1\/2&#8243;][us_single_image image=\u00bb5354&#8243; size=\u00bbfull\u00bb align=\u00bbcenter\u00bb onclick=\u00bbcustom_link\u00bb link=\u00bburl:http%3A%2F%2Fwww.ehu.eus%2Fcdsea%2Fweb%2Findex.php%2Fpresentacion-pice%2F|||\u00bb][\/vc_column][vc_column width=\u00bb1\/12&#8243;][\/vc_column][vc_column width=\u00bb1\/6&#8243;][ult_createlink title=\u00bbEUS\u00bb btn_link=\u00bburl:http%3A%2F%2Fwww.ehu.eus%2Fcdsea%2Fweb%2Findex.php%2Fpresentacion-pice%2F%3Flang%3Deu|||\u00bb link_hover_style=\u00bbStyle_1&#8243; text_color=\u00bb#565656&#8243; text_hovercolor=\u00bb#35ad69&#8243; text_style=\u00bbright\u00bb title_font_size=\u00bbdesktop:10px;\u00bb][ult_createlink title=\u00bbES\u00bb btn_link=\u00bburl:http%3A%2F%2Fwww.ehu.eus%2Fcdsea%2Fweb%2Findex.php%2Fpresentacion-pice%2F|||\u00bb link_hover_style=\u00bbStyle_1&#8243; text_hovercolor=\u00bb#35ad69&#8243; text_style=\u00bbright\u00bb title_font_size=\u00bbdesktop:10px;\u00bb][\/vc_column][vc_column offset=\u00bbvc_hidden-sm vc_hidden-xs\u00bb][vc_empty_space height=\u00bb10px\u00bb][vc_column_text 0=\u00bb\u00bb]<\/p>\n<p style=\"text-align: center;\"><strong>PROGRAMA DE INVESTIGACI\u00d3N CIENT\u00cdFICA DEL PICE<\/strong><br \/>\n<strong> Puentes entre investigaci\u00f3n y gesti\u00f3n<\/strong><\/p>\n<p>[\/vc_column_text][vc_empty_space height=\u00bb10px\u00bb][vc_wp_custommenu layout=\u00bbhor\u00bb align=\u00bbcenter\u00bb font_size=\u00bb108%\u00bb nav_menu=\u00bb101&#8243;][\/vc_column][vc_column 0=\u00bb\u00bb][us_separator size=\u00bbsmall\u00bb color=\u00bbcustom\u00bb bdcolor=\u00bbrgba(55,178,129,0.49)\u00bb text=\u00bbPRESENTACI\u00d3N\u00bb][vc_empty_space height=\u00bb18px\u00bb][vc_column_text 0=\u00bb\u00bb]<\/p>\n<p style=\"text-align: justify;\"><span style=\"font-size: 12pt;\">El Departamento de Medio Ambiente, Planificaci\u00f3n Territorial y Vivienda, en colaboraci\u00f3n con la C\u00e1tedra UNESCO sobre Desarrollo Sostenible y Educaci\u00f3n Ambiental de la Universidad del Pa\u00eds Vasco\/Euskal Herriko Unibertsitatea (UPV\/EHU) organiza las\u00a0<em>Jornadas:<\/em><strong> Presentaci\u00f3n del Programa de Investigaci\u00f3n Cient\u00edfica del PICE-IGHP <\/strong>los d\u00edas 14 y 15 de diciembre en Torre Madariaga (Busturia, Gernika).<\/span><\/p>\n<p style=\"text-align: justify;\"><span style=\"text-decoration: underline; font-size: 14pt;\"><strong>Antecedentes PICE<\/strong><\/span><\/p>\n<p style=\"text-align: justify;\"><span style=\"font-size: 12pt;\">La <strong><a href=\"http:\/\/www.ingurumena.ejgv.euskadi.eus\/r49-12892\/en\">Reserva de la Biosfera de Urdaibai<\/a><\/strong> (RBU), declarada en 1984 por la UNESCO y amparada en la <strong><a href=\"http:\/\/www.urdaibai.org\/eu\/legedia\/leymodif.pdf\">Ley 5\/1989, de 6 de julio, de protecci\u00f3n y ordenaci\u00f3n de la Reserva de la Biosfera<\/a><\/strong>,\u00a0 tiene la vocaci\u00f3n de ser una porci\u00f3n del territorio de la geograf\u00eda mundial en el que, a modo de laboratorio, se analizan las m\u00faltiples relaciones existentes entre el ser humano y su entorno y se llevan a la pr\u00e1ctica actuaciones para avanzar hacia el desarrollo sostenible, tanto del ser humano como del territorio.<\/span><\/p>\n<p style=\"text-align: justify;\"><span style=\"font-size: 12pt;\">Con el empoderamiento de las personas como base de acci\u00f3n y el di\u00e1logo como principal herramienta, mediante la aprobaci\u00f3n del Plan para la Interpretaci\u00f3n Investigaci\u00f3n, Capacitaci\u00f3n y Educaci\u00f3n para la sostenibilidad <strong><a href=\"https:\/\/issuu.com\/ingurumena\/docs\/pice\">(PICE-IGHP) 2015-2025<\/a><\/strong>, la RBU pretende establecer un modelo de gobernanza colaborativo entre los agentes en torno a ella. Este modelo pretende, entre otros objetivos, acercar las personas generadoras de conocimiento y a las personas gestoras del \u00e1mbito, para as\u00ed estar en disposici\u00f3n de tomar las mejores decisiones para el desarrollo sostenible del \u00e1mbito.<\/span><\/p>\n<p style=\"text-align: justify;\"><span style=\"font-size: 12pt;\"><strong><a href=\"https:\/\/issuu.com\/ingurumena\/docs\/pice\">El PICE-IGHP 2015-2025<\/a><\/strong> tiene por lo tanto, como herramienta fundamental, la participaci\u00f3n y la comunicaci\u00f3n entre los agentes entorno a la RB, para poder de esta manera conseguir el correcto desarrollo de la funci\u00f3n de la RBU de servir de apoyo log\u00edstico a la poblaci\u00f3n y as\u00ed poder conocer el estado de la cuesti\u00f3n, para posteriormente poder concretar y consensuar, en este caso, las l\u00edneas de trabajo en investigaci\u00f3n mediante un proceso reflexivo y participado.<\/span><\/p>\n<p style=\"text-align: justify;\"><span style=\"font-size: 12pt;\">Este modelo requiere de la colaboraci\u00f3n entre la comunidad cient\u00edfico-t\u00e9cnica y los gestores del \u00e1mbito de la RBU para poder potenciar l\u00edneas de investigaci\u00f3n ya iniciadas o, en su caso, abrir nuevas l\u00edneas que se consideren prioritarias. Todo ello siempre con absoluto respeto al \u00e1mbito competencial de las administraciones y a las iniciativas investigadoras.<\/span><\/p>\n<p style=\"text-align: justify;\"><span style=\"text-decoration: underline; font-size: 14pt;\"><strong>PICE<\/strong><\/span><\/p>\n<p style=\"text-align: justify;\"><span style=\"font-size: 12pt;\">El objetivo general 6 del PICE-IGHP pretende conseguir la coordinaci\u00f3n de la actividad investigadora (O.6.1) y su adecuaci\u00f3n a las necesidades de gesti\u00f3n y desarrollo sostenible de la RBU, consensuar las l\u00edneas estrat\u00e9gicas prioritarias en el \u00e1mbito de la investigaci\u00f3n cient\u00edfica para el desarrollo sostenible de la RBU (O.6.2), incentivar la realizaci\u00f3n de trabajos de investigaci\u00f3n cient\u00edfica que aborden las necesidades identificadas para la RBU (O.6.3), y establecer instrumentos estables para el intercambio y la transmisi\u00f3n del conocimiento cient\u00edfico (O.6.4).\u00a0 Estos objetivos deben aunar a investigadores cuyo trabajo se centre en los \u00e1mbitos de la RBU, t\u00e9cnicos de administraciones con competencias en la RBU y t\u00e9cnicos del \u00e1mbito privado que tengan como \u00e1mbito de actuaci\u00f3n la RBU.<\/span><\/p>\n<p style=\"text-align: justify;\"><span style=\"font-size: 12pt;\">Los objetivos generales de las Jornadas son compartir una serie de reflexiones sobre:<\/span><\/p>\n<ul>\n<li style=\"text-align: justify;\"><span style=\"font-size: 12pt;\">el grado de conocimiento existente en relaci\u00f3n a la RBU,<\/span><\/li>\n<li style=\"text-align: justify;\"><span style=\"font-size: 12pt;\">la identificaci\u00f3n de nuevas l\u00edneas de investigaci\u00f3n a desarrollar para la gesti\u00f3n sostenible de la RBU,<\/span><\/li>\n<li style=\"text-align: justify;\"><span style=\"font-size: 12pt;\">trasladar el conocimiento cient\u00edfico-t\u00e9cnico a los gestores de la RBU y las necesidades de gesti\u00f3n a la comunidad cient\u00edfico-t\u00e9cnica de la RBU,<\/span><\/li>\n<li style=\"text-align: justify;\"><span style=\"font-size: 12pt;\">el establecimiento de grupos de investigaci\u00f3n-gesti\u00f3n multidisciplinares entorno a la RBU que respondan a las necesidades de gesti\u00f3n.<\/span><\/li>\n<\/ul>\n<p>&nbsp;<\/p>\n<p><span style=\"font-size: 12pt;\"><strong>ORGANIZA:<\/strong><\/span><\/p>\n<p><img loading=\"lazy\" decoding=\"async\" class=\"wp-image-5104 alignleft\" src=\"http:\/\/www.ehu.eus\/cdsea\/web\/wp-content\/uploads\/2017\/11\/urdaibai.png\" alt=\"\" width=\"137\" height=\"145\" \/><\/p>\n<p><img loading=\"lazy\" decoding=\"async\" class=\"wp-image-2984 alignleft\" src=\"http:\/\/www.ehu.eus\/cdsea\/web\/wp-content\/uploads\/2017\/03\/ala_dcha-300x145.png\" alt=\"\" width=\"203\" height=\"98\" srcset=\"https:\/\/www.ehu.eus\/cdsea\/web\/wp-content\/uploads\/2017\/03\/ala_dcha-300x145.png 300w, https:\/\/www.ehu.eus\/cdsea\/web\/wp-content\/uploads\/2017\/03\/ala_dcha.png 524w\" sizes=\"(max-width: 203px) 100vw, 203px\" \/><\/p>\n<p><img loading=\"lazy\" decoding=\"async\" class=\"wp-image-5106 alignnone\" src=\"http:\/\/www.ehu.eus\/cdsea\/web\/wp-content\/uploads\/2017\/11\/sin-m\u00edrgenes-blancos-300x74.jpg\" alt=\"\" width=\"284\" height=\"70\" srcset=\"https:\/\/www.ehu.eus\/cdsea\/web\/wp-content\/uploads\/2017\/11\/sin-m\u00edrgenes-blancos-300x74.jpg 300w, https:\/\/www.ehu.eus\/cdsea\/web\/wp-content\/uploads\/2017\/11\/sin-m\u00edrgenes-blancos-768x189.jpg 768w, https:\/\/www.ehu.eus\/cdsea\/web\/wp-content\/uploads\/2017\/11\/sin-m\u00edrgenes-blancos-1024x252.jpg 1024w, https:\/\/www.ehu.eus\/cdsea\/web\/wp-content\/uploads\/2017\/11\/sin-m\u00edrgenes-blancos-600x147.jpg 600w, https:\/\/www.ehu.eus\/cdsea\/web\/wp-content\/uploads\/2017\/11\/sin-m\u00edrgenes-blancos.jpg 2048w\" sizes=\"(max-width: 284px) 100vw, 284px\" \/>[\/vc_column_text][\/vc_column][vc_column 0=\u00bb\u00bb][\/vc_column][\/vc_row]<\/p>\n","protected":false},"excerpt":{"rendered":"<p>[vc_row css=\u00bb.vc_custom_1492713898867{margin-right: 60px !important;margin-left: 60px !important;}\u00bb][vc_column width=\u00bb1\/4&#8243;][\/vc_column][vc_column width=\u00bb1\/2&#8243;][us_single_image image=\u00bb5354&#8243; size=\u00bbfull\u00bb align=\u00bbcenter\u00bb onclick=\u00bbcustom_link\u00bb link=\u00bburl:http%3A%2F%2Fwww.ehu.eus%2Fcdsea%2Fweb%2Findex.php%2Fpresentacion-pice%2F|||\u00bb][\/vc_column][vc_column width=\u00bb1\/12&#8243;][\/vc_column][vc_column width=\u00bb1\/6&#8243;][ult_createlink title=\u00bbEUS\u00bb btn_link=\u00bburl:http%3A%2F%2Fwww.ehu.eus%2Fcdsea%2Fweb%2Findex.php%2Fpresentacion-pice%2F%3Flang%3Deu|||\u00bb link_hover_style=\u00bbStyle_1&#8243; text_color=\u00bb#565656&#8243; text_hovercolor=\u00bb#35ad69&#8243; text_style=\u00bbright\u00bb title_font_size=\u00bbdesktop:10px;\u00bb][ult_createlink title=\u00bbES\u00bb btn_link=\u00bburl:http%3A%2F%2Fwww.ehu.eus%2Fcdsea%2Fweb%2Findex.php%2Fpresentacion-pice%2F|||\u00bb link_hover_style=\u00bbStyle_1&#8243; text_hovercolor=\u00bb#35ad69&#8243; text_style=\u00bbright\u00bb title_font_size=\u00bbdesktop:10px;\u00bb][\/vc_column][vc_column offset=\u00bbvc_hidden-sm vc_hidden-xs\u00bb][vc_empty_space height=\u00bb10px\u00bb][vc_column_text 0=\u00bb\u00bb] PROGRAMA DE INVESTIGACI\u00d3N CIENT\u00cdFICA DEL PICE Puentes entre investigaci\u00f3n y gesti\u00f3n [\/vc_column_text][vc_empty_space height=\u00bb10px\u00bb][vc_wp_custommenu layout=\u00bbhor\u00bb align=\u00bbcenter\u00bb font_size=\u00bb108%\u00bb nav_menu=\u00bb101&#8243;][\/vc_column][vc_column 0=\u00bb\u00bb][us_separator size=\u00bbsmall\u00bb color=\u00bbcustom\u00bb bdcolor=\u00bbrgba(55,178,129,0.49)\u00bb text=\u00bbPRESENTACI\u00d3N\u00bb][vc_empty_space height=\u00bb18px\u00bb][vc_column_text [&hellip;]<\/p>\n","protected":false},"author":1,"featured_media":0,"parent":0,"menu_order":0,"comment_status":"closed","ping_status":"closed","template":"","meta":{"footnotes":""},"class_list":["post-4993","page","type-page","status-publish","hentry"],"_links":{"self":[{"href":"https:\/\/www.ehu.eus\/cdsea\/web\/index.php\/wp-json\/wp\/v2\/pages\/4993"}],"collection":[{"href":"https:\/\/www.ehu.eus\/cdsea\/web\/index.php\/wp-json\/wp\/v2\/pages"}],"about":[{"href":"https:\/\/www.ehu.eus\/cdsea\/web\/index.php\/wp-json\/wp\/v2\/types\/page"}],"author":[{"embeddable":true,"href":"https:\/\/www.ehu.eus\/cdsea\/web\/index.php\/wp-json\/wp\/v2\/users\/1"}],"replies":[{"embeddable":true,"href":"https:\/\/www.ehu.eus\/cdsea\/web\/index.php\/wp-json\/wp\/v2\/comments?post=4993"}],"version-history":[{"count":42,"href":"https:\/\/www.ehu.eus\/cdsea\/web\/index.php\/wp-json\/wp\/v2\/pages\/4993\/revisions"}],"predecessor-version":[{"id":5480,"href":"https:\/\/www.ehu.eus\/cdsea\/web\/index.php\/wp-json\/wp\/v2\/pages\/4993\/revisions\/5480"}],"wp:attachment":[{"href":"https:\/\/www.ehu.eus\/cdsea\/web\/index.php\/wp-json\/wp\/v2\/media?parent=4993"}],"curies":[{"name":"wp","href":"https:\/\/api.w.org\/{rel}","templated":true}]}}