{"id":6541,"date":"2018-03-28T08:33:45","date_gmt":"2018-03-28T08:33:45","guid":{"rendered":"http:\/\/www.ehu.eus\/cdsea\/web\/?page_id=6541"},"modified":"2018-05-30T13:16:27","modified_gmt":"2018-05-30T13:16:27","slug":"2018-natural-capital-symposium","status":"publish","type":"page","link":"https:\/\/www.ehu.eus\/cdsea\/web\/index.php\/2018-natural-capital-symposium\/","title":{"rendered":"2018 NATURAL CAPITAL SYMPOSIUM"},"content":{"rendered":"<p><span style=\"font-size: 14pt;\"><strong>2018 NATURAL CAPITAL SYMPOSIUM<\/strong><\/span><\/p>\n<p style=\"text-align: justify;\"><span style=\"font-size: 12pt;\">Del 19 al 22 de marzo tuvo lugar en Stanford (EE.UU) el <a href=\"https:\/\/www.naturalcapitalproject.org\/2018-natural-capital-symposium\/2018-symposium-snapshot\/\"><strong>Simposio sobre Capital Natural<\/strong> <\/a>organizado por Natural Capital Projet, una asociaci\u00f3n integrada por profesionales de diferentes \u00e1reas de la Universidad de Stanford, la Academia de Ciencias china, la Universidad de Minnesota, y las fundaciones Nature Conservancy y World Wildlife.<\/span><\/p>\n<p style=\"text-align: justify;\"><span style=\"font-size: 12pt;\">Este simposio tuvo como objetivo la reuni\u00f3n de l\u00edderes que promueven la ciencia y la pr\u00e1ctica de incorporar los diversos valores de la naturaleza en las decisiones. El evento cont\u00f3 con completo programa de sesiones de lunes a mi\u00e9rcoles. El jueves (con un horario m\u00e1s flexible) incorpor\u00f3 grupos de trabajo y sesiones de capacitaci\u00f3n adicionales.<\/span><\/p>\n<p style=\"text-align: justify;\"><span style=\"font-size: 12pt;\">La C\u00e1tedra UNESCO, a trav\u00e9s del proyecto \u00abServicios de los Ecosistemas de Euskadi\u00bb, particip\u00f3 en el simposio con la presentaci\u00f3n del p\u00f3ster: <a href=\"http:\/\/www.ehu.eus\/cdsea\/web\/wp-content\/uploads\/2017\/03\/onaindia-NATCAP-2.jpg\">\u00abThe ecosystem service approach contributes to develop sound land-use policies and planning\u00bb.<\/a><\/span><\/p>\n<p>\u00a0\u00a0 <img loading=\"lazy\" decoding=\"async\" class=\"alignnone size-medium wp-image-6544\" src=\"http:\/\/www.ehu.eus\/cdsea\/web\/wp-content\/uploads\/2017\/03\/stanford2-300x169.jpg\" alt=\"\" width=\"300\" height=\"169\" srcset=\"https:\/\/www.ehu.eus\/cdsea\/web\/wp-content\/uploads\/2017\/03\/stanford2-300x169.jpg 300w, https:\/\/www.ehu.eus\/cdsea\/web\/wp-content\/uploads\/2017\/03\/stanford2-768x432.jpg 768w, https:\/\/www.ehu.eus\/cdsea\/web\/wp-content\/uploads\/2017\/03\/stanford2-1024x576.jpg 1024w, https:\/\/www.ehu.eus\/cdsea\/web\/wp-content\/uploads\/2017\/03\/stanford2-600x338.jpg 600w, https:\/\/www.ehu.eus\/cdsea\/web\/wp-content\/uploads\/2017\/03\/stanford2.jpg 1600w\" sizes=\"(max-width: 300px) 100vw, 300px\" \/><img loading=\"lazy\" decoding=\"async\" class=\"size-medium wp-image-6543 alignleft\" src=\"http:\/\/www.ehu.eus\/cdsea\/web\/wp-content\/uploads\/2017\/03\/stanford1-300x225.jpg\" alt=\"\" width=\"300\" height=\"225\" srcset=\"https:\/\/www.ehu.eus\/cdsea\/web\/wp-content\/uploads\/2017\/03\/stanford1-300x225.jpg 300w, https:\/\/www.ehu.eus\/cdsea\/web\/wp-content\/uploads\/2017\/03\/stanford1-768x576.jpg 768w, https:\/\/www.ehu.eus\/cdsea\/web\/wp-content\/uploads\/2017\/03\/stanford1.jpg 1024w, https:\/\/www.ehu.eus\/cdsea\/web\/wp-content\/uploads\/2017\/03\/stanford1-600x450.jpg 600w\" sizes=\"(max-width: 300px) 100vw, 300px\" \/><\/p>\n","protected":false},"excerpt":{"rendered":"<p>2018 NATURAL CAPITAL SYMPOSIUM Del 19 al 22 de marzo tuvo lugar en Stanford (EE.UU) el Simposio sobre Capital Natural organizado por Natural Capital Projet, una asociaci\u00f3n integrada por profesionales de diferentes \u00e1reas de la Universidad de Stanford, la Academia de Ciencias china, la Universidad de Minnesota, y las fundaciones Nature Conservancy y World Wildlife. [&hellip;]<\/p>\n","protected":false},"author":4,"featured_media":0,"parent":0,"menu_order":0,"comment_status":"closed","ping_status":"closed","template":"","meta":{"footnotes":""},"class_list":["post-6541","page","type-page","status-publish","hentry"],"_links":{"self":[{"href":"https:\/\/www.ehu.eus\/cdsea\/web\/index.php\/wp-json\/wp\/v2\/pages\/6541"}],"collection":[{"href":"https:\/\/www.ehu.eus\/cdsea\/web\/index.php\/wp-json\/wp\/v2\/pages"}],"about":[{"href":"https:\/\/www.ehu.eus\/cdsea\/web\/index.php\/wp-json\/wp\/v2\/types\/page"}],"author":[{"embeddable":true,"href":"https:\/\/www.ehu.eus\/cdsea\/web\/index.php\/wp-json\/wp\/v2\/users\/4"}],"replies":[{"embeddable":true,"href":"https:\/\/www.ehu.eus\/cdsea\/web\/index.php\/wp-json\/wp\/v2\/comments?post=6541"}],"version-history":[{"count":10,"href":"https:\/\/www.ehu.eus\/cdsea\/web\/index.php\/wp-json\/wp\/v2\/pages\/6541\/revisions"}],"predecessor-version":[{"id":6938,"href":"https:\/\/www.ehu.eus\/cdsea\/web\/index.php\/wp-json\/wp\/v2\/pages\/6541\/revisions\/6938"}],"wp:attachment":[{"href":"https:\/\/www.ehu.eus\/cdsea\/web\/index.php\/wp-json\/wp\/v2\/media?parent=6541"}],"curies":[{"name":"wp","href":"https:\/\/api.w.org\/{rel}","templated":true}]}}