{"id":96,"date":"2016-11-15T14:44:48","date_gmt":"2016-11-15T14:44:48","guid":{"rendered":"http:\/\/www.ehu.eus\/cdsea\/cdseawp\/?page_id=96"},"modified":"2019-08-01T12:11:18","modified_gmt":"2019-08-01T12:11:18","slug":"redes-internacionales","status":"publish","type":"page","link":"https:\/\/www.ehu.eus\/cdsea\/web\/index.php\/investigacion\/servicios-ecosistema-euskadi\/difusion\/redes-internacionales\/","title":{"rendered":"Redes internacionales"},"content":{"rendered":"<p>[vc_row][vc_column width=\u00bb1\/4&#8243;][vc_wp_custommenu nav_menu=\u00bb11&#8243;][us_social_links facebook=\u00bbhttps:\/\/www.facebook.com\/milenioeuskadi?fref=ts\u00bb twitter=\u00bbhttps:\/\/twitter.com\/ecosistemas_eus\u00bb style=\u00bboutlined_square\u00bb size=\u00bb17px\u00bb][\/vc_column][vc_column width=\u00bb3\/4&#8243;][vc_custom_heading text=\u00bbREDES INTERNACIONALES\u00bb font_container=\u00bbtag:h3|text_align:left|color:%23198c49&#8243; google_fonts=\u00bbfont_family:Droid%20Sans%3Aregular%2C700|font_style:400%20regular%3A400%3Anormal\u00bb][vc_column_text]<\/p>\n<p style=\"text-align: justify;\"><span style=\"font-size: 12pt;\">El proyecto <strong>\u00abEvaluaci\u00f3n de los Servicios de los Ecosistemas de Euskadi\u00bb<\/strong> forma parte de las siguientes redes internacionales:<\/span><\/p>\n<table style=\"height: 92px; width: 782px; border-color: #ffffff; background-color: #ffffff;\">\n<tbody>\n<tr>\n<td style=\"width: 215px;\"><img loading=\"lazy\" decoding=\"async\" class=\"wp-image-423 size-full alignleft\" src=\"http:\/\/www.ehu.eus\/cdsea\/web\/wp-content\/uploads\/2016\/11\/logo_SGA-e1479462648872.png\" alt=\"logo_sga\" width=\"200\" height=\"135\" \/><\/td>\n<td style=\"width: 553px;\">\n<p style=\"text-align: justify;\"><span style=\"font-size: 12pt;\"><strong><a href=\"http:\/\/www.ecosystemassessments.net\/\" target=\"_blank\" rel=\"noopener\">Red de Evaluaciones Sub-Globales o Sub-Global Assessment Network (SGA)<\/a><\/strong><\/span><\/p>\n<p style=\"text-align: justify;\"><span style=\"font-size: 12pt;\">La SGA trabaja por consolidar una plataforma com\u00fan para los profesionales (personas y organizaciones) que participan en la Evaluaci\u00f3n de los Ecosistemas del Milenio a nivel regional, subregional, nacional y sub-nacional. La intenci\u00f3n es promover y facilitar la mejora de la capacidad en la realizaci\u00f3n y el uso de las evaluaciones.<\/span><\/p>\n<\/td>\n<\/tr>\n<tr>\n<td style=\"width: 215px;\"><img loading=\"lazy\" decoding=\"async\" class=\"size-full wp-image-421 alignleft\" src=\"http:\/\/www.ehu.eus\/cdsea\/web\/wp-content\/uploads\/2016\/11\/Logo-ESP-e1479462668402.jpg\" alt=\"logo-esp\" width=\"150\" height=\"150\" \/><\/td>\n<td style=\"width: 553px; text-align: justify;\">&nbsp;<\/p>\n<p><span style=\"font-size: 12pt;\"><strong><a href=\"http:\/\/www.fsd.nl\/esp\/\" target=\"_blank\" rel=\"noopener\">The Ecoystem Services Partnership (ESP)<br \/>\n<\/a><\/strong><\/span><\/p>\n<p><span style=\"font-size: 12pt;\">El ESP es una organizaci\u00f3n en red que une a investigadores que est\u00e1n trabajando por un mejor entendimiento y aplicaci\u00f3n del concepto \u201cservicios de los ecosistemas\u201d con las ONG, agencias medioambientales, educadores, formuladores de pol\u00edticas, pol\u00edticos y el p\u00fablico general, con el objetivo de implementar mejores pr\u00e1cticas para gestionar los servicios de los ecosistemas y conservar y mejorar nuestro capital natural. Actualmente, m\u00e1s de 50 organizaciones y 200 personas son miembros del ESP.<\/span><\/td>\n<\/tr>\n<tr>\n<td style=\"width: 215px;\"><img loading=\"lazy\" decoding=\"async\" class=\"wp-image-425 size-full alignleft\" src=\"http:\/\/www.ehu.eus\/cdsea\/web\/wp-content\/uploads\/2016\/11\/LogoIPBES-e1479462626415.jpg\" alt=\"logoipbes\" width=\"200\" height=\"140\" \/><\/td>\n<td style=\"width: 553px; text-align: justify;\">&nbsp;<\/p>\n<p><span style=\"font-size: 12pt;\"><a href=\"http:\/\/www.ipbes.net\/\" target=\"_blank\" rel=\"noopener\"><strong>Plataforma Intergubernamental sobre Biodiversidad y Servicios de los Ecosistemas (IPBES)<\/strong><\/a><\/span><\/p>\n<p><span style=\"font-size: 12pt;\">La IPBES act\u00faa de plataforma entre la comunidad cient\u00edfica y los encargados de formular pol\u00edticas y tiene por objetivo la creaci\u00f3n de capacidad y un mayor uso de la ciencia en la elaboraci\u00f3n de pol\u00edticas. Numerosas organizaciones e iniciativas contribuyen con sus aportaciones a esta interfaz cient\u00edfico-normativa sobre diversidad biol\u00f3gica y servicios de los ecosistemas.<\/span><\/td>\n<\/tr>\n<\/tbody>\n<\/table>\n<p>[\/vc_column_text][\/vc_column][\/vc_row]<\/p>\n","protected":false},"excerpt":{"rendered":"<p>[vc_row][vc_column width=\u00bb1\/4&#8243;][vc_wp_custommenu nav_menu=\u00bb11&#8243;][us_social_links facebook=\u00bbhttps:\/\/www.facebook.com\/milenioeuskadi?fref=ts\u00bb twitter=\u00bbhttps:\/\/twitter.com\/ecosistemas_eus\u00bb style=\u00bboutlined_square\u00bb size=\u00bb17px\u00bb][\/vc_column][vc_column width=\u00bb3\/4&#8243;][vc_custom_heading text=\u00bbREDES INTERNACIONALES\u00bb font_container=\u00bbtag:h3|text_align:left|color:%23198c49&#8243; google_fonts=\u00bbfont_family:Droid%20Sans%3Aregular%2C700|font_style:400%20regular%3A400%3Anormal\u00bb][vc_column_text] El proyecto \u00abEvaluaci\u00f3n de los Servicios de los Ecosistemas de Euskadi\u00bb forma parte de las siguientes redes internacionales: Red de Evaluaciones Sub-Globales o Sub-Global Assessment Network (SGA) La SGA trabaja por consolidar una plataforma com\u00fan para los profesionales (personas y organizaciones) que participan [&hellip;]<\/p>\n","protected":false},"author":1,"featured_media":0,"parent":77,"menu_order":5,"comment_status":"closed","ping_status":"closed","template":"","meta":{"footnotes":""},"class_list":["post-96","page","type-page","status-publish","hentry"],"_links":{"self":[{"href":"https:\/\/www.ehu.eus\/cdsea\/web\/index.php\/wp-json\/wp\/v2\/pages\/96"}],"collection":[{"href":"https:\/\/www.ehu.eus\/cdsea\/web\/index.php\/wp-json\/wp\/v2\/pages"}],"about":[{"href":"https:\/\/www.ehu.eus\/cdsea\/web\/index.php\/wp-json\/wp\/v2\/types\/page"}],"author":[{"embeddable":true,"href":"https:\/\/www.ehu.eus\/cdsea\/web\/index.php\/wp-json\/wp\/v2\/users\/1"}],"replies":[{"embeddable":true,"href":"https:\/\/www.ehu.eus\/cdsea\/web\/index.php\/wp-json\/wp\/v2\/comments?post=96"}],"version-history":[{"count":4,"href":"https:\/\/www.ehu.eus\/cdsea\/web\/index.php\/wp-json\/wp\/v2\/pages\/96\/revisions"}],"predecessor-version":[{"id":9959,"href":"https:\/\/www.ehu.eus\/cdsea\/web\/index.php\/wp-json\/wp\/v2\/pages\/96\/revisions\/9959"}],"up":[{"embeddable":true,"href":"https:\/\/www.ehu.eus\/cdsea\/web\/index.php\/wp-json\/wp\/v2\/pages\/77"}],"wp:attachment":[{"href":"https:\/\/www.ehu.eus\/cdsea\/web\/index.php\/wp-json\/wp\/v2\/media?parent=96"}],"curies":[{"name":"wp","href":"https:\/\/api.w.org\/{rel}","templated":true}]}}