{"id":825,"date":"2010-08-31T14:06:02","date_gmt":"2010-08-31T12:06:02","guid":{"rendered":"http:\/\/localhost\/Arina\/?page_id=825"},"modified":"2011-03-30T09:43:52","modified_gmt":"2011-03-30T07:43:52","slug":"software-2","status":"publish","type":"page","link":"https:\/\/www.ehu.eus\/sgi\/software-2","title":{"rendered":"Software"},"content":{"rendered":"<h2>Software de c\u00e1lculo<\/h2>\n<p>El software de c\u00e1lculo agrupa los programas cient\u00edficos usados para calcular o analizar los resultados. Todo el software se muestra en una tabla desde donde se accede a la informaci\u00f3n concreta de cada programa, la tabla adem\u00e1s indica en que m\u00e1quinas est\u00e1 instalado.<\/p>\n<p>Si deseas instalar, compilar o actualizar alg\u00fan software consulta con los <a href=\"http:\/\/www.ehu.es\/sgi\">t\u00e9cnicos<\/a>.<\/p>\n<p style=\"text-align: center;\">[intlink id=\u00bb827&#8243; type=\u00bbpage\u00bb]<span style=\"background-color: #ffff00;\"><strong>Ir al listado de software de c\u00e1lculo<\/strong><\/span>[\/intlink].<\/p>\n<h2>Software de desarrollo<\/h2>\n<p>El  software de desarrollo es aquel utilizado para crear o compilar  programas y abarca compiladores y librer\u00edas, especialmente matem\u00e1ticas,  instaladas. No todo el software de desarrollo est\u00e1 listado pues en  ocasiones se instalan librer\u00edas auxiliares para otros programas pero no  se ha documentado en la web. Por favor, consulta con los <a href=\"..\/..\/..\/sgi\">t\u00e9cnicos<\/a> si  necesitas alguna librer\u00eda. Adem\u00e1s, si vas a hacer uso de alguna librer\u00eda  o compilador los t\u00e9cnicos podemos orientarte en como usarla o enlazarla,  pues estamos habituados y hemos hecho la instalaci\u00f3n de las mismas, por  lo que te animamos a consultarnos al m\u00ednimo problema.<\/p>\n<p>Si deseas instalar, compilar o actualizar alg\u00fan software consulta con los <a href=\"..\/..\/..\/sgi\">t\u00e9cnicos<\/a>.<\/p>\n<p style=\"text-align: center;\"><strong>[intlink id=\u00bb829&#8243; type=\u00bbpage\u00bb]<span style=\"background-color: #ffff00;\">Ir al listado de software de desarrollo<\/span>[\/intlink]<\/strong><\/p>\n","protected":false},"excerpt":{"rendered":"<p>Software de c\u00e1lculo El software de c\u00e1lculo agrupa los programas cient\u00edficos usados para calcular o analizar los resultados. Todo el software se muestra en una tabla desde donde se accede a la informaci\u00f3n concreta de cada programa, la tabla adem\u00e1s indica en que m\u00e1quinas est\u00e1 instalado. Si deseas instalar, compilar o actualizar alg\u00fan software consulta &hellip; <a href=\"https:\/\/www.ehu.eus\/sgi\/software-2\" class=\"more-link\">Seguir leyendo <span class=\"screen-reader-text\">Software<\/span> <span class=\"meta-nav\">&rarr;<\/span><\/a><\/p>\n","protected":false},"author":1,"featured_media":0,"parent":0,"menu_order":7,"comment_status":"closed","ping_status":"closed","template":"","meta":{"_links_to":"","_links_to_target":""},"_links":{"self":[{"href":"https:\/\/www.ehu.eus\/sgi\/wp-json\/wp\/v2\/pages\/825"}],"collection":[{"href":"https:\/\/www.ehu.eus\/sgi\/wp-json\/wp\/v2\/pages"}],"about":[{"href":"https:\/\/www.ehu.eus\/sgi\/wp-json\/wp\/v2\/types\/page"}],"author":[{"embeddable":true,"href":"https:\/\/www.ehu.eus\/sgi\/wp-json\/wp\/v2\/users\/1"}],"replies":[{"embeddable":true,"href":"https:\/\/www.ehu.eus\/sgi\/wp-json\/wp\/v2\/comments?post=825"}],"version-history":[{"count":10,"href":"https:\/\/www.ehu.eus\/sgi\/wp-json\/wp\/v2\/pages\/825\/revisions"}],"predecessor-version":[{"id":4116,"href":"https:\/\/www.ehu.eus\/sgi\/wp-json\/wp\/v2\/pages\/825\/revisions\/4116"}],"wp:attachment":[{"href":"https:\/\/www.ehu.eus\/sgi\/wp-json\/wp\/v2\/media?parent=825"}],"curies":[{"name":"wp","href":"https:\/\/api.w.org\/{rel}","templated":true}]}}